{"text_format":"3","workbook":"xlsx","n_sheets":8,"sheets":["Overview","Code Articles","Code Interfaces","Cases","English Candidates","Statutes","Coverage","Draft Crosswalk"],"read":"whole","date_system":"1900"}

{"sheet":"Overview","index":0,"n_rows":33,"n_cols":5,"rows_kept":33,"merged":[[0,0,1,7],[2,0,3,7],[5,4,5,7],[6,4,8,7],[9,4,11,7],[12,4,15,7],[18,0,18,2],[18,4,18,7],[19,4,25,7],[28,0,30,7],[32,0,34,7]]}
["REPLACING ARTICLE 917A | SOURCE INVENTORY"]
[]
["Kevin L. Michel • Research coverage: 5 September 2026\nA current-law audit and code-to-draft map. These records distinguish verified text, legal authority, unresolved application and proposed policy."]
[]
[]
["Dataset or coverage measure","Rows / count","What the number means",null,"HOW TO READ THE WORKBOOK"]
["Code article records",{"$f":"COUNTA('Code Articles'!$A$6:$A$254)","v":249},"All individually summarised core and adjacent identifiers.",null,"Text verified means the published provision was checked. It is not a finding that later statutes or judgments leave every word operative."]
["Core block identifiers",{"$f":"SUM('Code Articles'!$M$6:$M$254)","v":241},"917–1132, including lettered additions."]
["Named by 917A interpretive list",{"$f":"SUM('Code Articles'!$N$6:$N$254)","v":214},"Base-number articles 918–989 and 991–1132."]
["Selected adjacent identifiers",{"$f":"B7-B8","v":8},"Selected definitions, trust, evidence and savings provisions.",null,"Use Final package action and exact model references. Initial triage is preserved only as an audit trail; it does not describe the final bill’s full effect."]
["Code interfaces",{"$f":"COUNTA('Code Interfaces'!$A$6:$A$23)","v":18},"Grouped connections, not a full audit of every destination."]
["Case records",{"$f":"COUNTA('Cases'!$A$6:$A$30)","v":25},"Selected judicial decisions with authority and scope fields."]
["English source candidates",{"$f":"COUNTA('English Candidates'!$A$6:$A$21)","v":16},"Candidates are not a count of statutes automatically received.",null,"Filters and frozen headers support review. Expand any long row or use the formula bar for full text. The accompanying CSV/JSON preserves every original field and all statute-source URLs."]
["Statutory interfaces",{"$f":"COUNTA('Statutes'!$A$6:$A$27)","v":22},"Domestic priorities, commencement and other connections."]
["Crosswalk records",{"$f":"COUNTA('Draft Crosswalk'!$A$6:$A$254)","v":249},"Every Code row receives an actual-package disposition."]
["Crosswalk minus Code rows",{"$f":"B15-B7","v":0},"Quality check: expected 0."]
[]
[]
["DIRECT CODE DISPOSITIONS IN THE ACTUAL MODEL PACKAGE",{"$nulls":3},"TWO COMMENCEMENT CLOCKS"]
["Action label","Count","Interpretation",null,"Reception changes operate at the companion Bill’s cut-off. The contract module has its own commencement and ordinarily applies to new Saint Lucian-law contracts. Earlier contracts are not automatically rewritten; valid adoption for identified future performance is separately addressed. Code applications to torts, quasi-contracts and other non-contractual obligations are not repealed by the contract module."]
["source_reference_replaced",{"$f":"COUNTIF('Draft Crosswalk'!$D$6:$D$254,A21)","v":5},"Five selected English-source connections are replaced."]
["conditional_substitution",{"$f":"COUNTIF('Draft Crosswalk'!$D$6:$D$254,A22)","v":20},"Only covered contractual matters receive the substitution."]
["expressly_preserved",{"$f":"COUNTIF('Draft Crosswalk'!$D$6:$D$254,A23)","v":59},"Text survives; a trigger or supplemental rule may still change."]
["unchanged_for_now",{"$f":"COUNTIF('Draft Crosswalk'!$D$6:$D$254,A24)","v":163},"No direct Schedule 1 substitution of this identifier."]
["interface_only",{"$f":"COUNTIF('Draft Crosswalk'!$D$6:$D$254,A25)","v":2},"Referenced boundary; no direct article substitution."]
["Disposition total minus Code rows",{"$f":"SUM(B21:B25)-B7","v":0},"Quality check: expected 0."]
[]
[]
["COUNTING LIMIT: These are article, case, candidate-source and interface records. They are not counts of individual legal rules, measures of legal complexity, percentages of law domesticated, or estimates of drafting cost. The register does not itself make law."]
[]
[]
[]
["SOURCE STATUS: The 2023 Supplement commenced under SI 112/2025, published 22 July 2025, following SI 108/2025. Authentication, website transcription and later amendments are separate questions. Refer to the Statutes sheet and source notes. Research models are proposals and have not been enacted."]

{"sheet":"Code Articles","index":1,"n_rows":254,"n_cols":14,"rows_kept":254,"merged":[[0,0,0,4],[1,0,2,4]]}
["CODE ARTICLES | verified text and proposed treatment"]
["249 article rows. Text verification is distinct from operative-law confirmation. Final package actions supersede initial triage; retained text can interact with new rules."]
[]
[]
["ID","Article","Field","Published rule: short summary","Text status","Operation and authority","Final package action","Policy","Exact draft references","Package reason","Official source URL","Coverage date","Core block (1=yes)","917A named (1=yes)"]
["CC-1","1","definitions interface","Code-wide definitions, including contract, cause-related terms, default, fortuitous event, payment and obligation.","text_verified","Text verified; operative interaction requires article-specific statutory and case-law reconciliation.","interface_only","clarify","Contract Model 3-4; Reception Bill 4,13","No textual amendment of the Code-wide definitions. The model provides definitions for its own operation, which must be read with retained Code definitions.","https://attorneygeneralchambers.com/laws-of-saint-lucia/civil-code-of-saint-lucia/section-i-interpretation","2026-09-05",0,0]
["CC-916A","916A","trusts boundary","Creates express and implied trusts and receives specified English trust law, independently of Article 917A.","text_verified","Interpretive issue: this is a distinct English-law connection; its scope, temporal construction and later statutory displacement require separate analysis.","expressly_preserved","retain","Reception Bill 5(4); Contract Model 4(4)","The independent trust-law connection is expressly neither terminated nor enlarged by the selected reception reform.","https://attorneygeneralchambers.com/laws-of-saint-lucia/civil-code-of-saint-lucia/chapter-fifth-trusts","2026-09-05",0,0]
["CC-917","917","source architecture","Identifies the sources of obligations and the corresponding debtor and creditor positions.","text_verified","Text verified; operative interaction requires article-specific statutory and case-law reconciliation.","unchanged_for_now","retain","Contract Model 4(4)-(6); Reception Bill 10,14,18","No express textual substitution of this article in either model Schedule 1. It remains part of the applicable baseline, subject to matters expressly determined by the module and subsequent domestic law.","https://attorneygeneralchambers.com/laws-of-saint-lucia/civil-code-of-saint-lucia/chapter-fifth-trusts","2026-09-05",1,0]
["CC-917A","917A","source architecture","Receives English contract, quasi-contract and tort law dynamically, subject to civilian reservations and express local-law priority.","text_verified","Judicially established: Hilaire v Chastanet [2023] UKPC 22 confirms dynamic reception includes relevant English statutes, subject to the article and local-law priority.","source_reference_replaced","reform","Reception Bill 32, Schedule 1.1; sections 5-14,16-20","Replaces the dynamic gateway with domestic continuity and development; expressly preserves cause, gratuitous-contract, third-person, proof and special-contract reservations.","https://attorneygeneralchambers.com/laws-of-saint-lucia/civil-code-of-saint-lucia/chapter-fifth-trusts","2026-09-05",1,0]
["CC-918","918","formation and capacity","Contract validity requires a subject, lawful cause, capable parties and legally effective consent.","text_verified","Text verified; operative interaction requires article-specific statutory and case-law reconciliation.","unchanged_for_now","retain","Contract Model 4(4)-(6); Reception Bill 10,14,18","No express textual substitution of this article in either model Schedule 1. It remains part of the applicable baseline, subject to matters expressly determined by the module and subsequent domestic law.","https://attorneygeneralchambers.com/laws-of-saint-lucia/civil-code-of-saint-lucia/section-i-the-requisites-for-the-validity-of-contracts","2026-09-05",1,1]
["CC-919","919","formation and capacity","Contractual capacity is presumed unless legislation provides otherwise.","text_verified","Text verified; operative interaction requires article-specific statutory and case-law reconciliation.","unchanged_for_now","retain","Contract Model 4(4)-(6); Reception Bill 10,14,18","No express textual substitution of this article in either model Schedule 1. It remains part of the applicable baseline, subject to matters expressly determined by the module and subsequent domestic law.","https://attorneygeneralchambers.com/laws-of-saint-lucia/civil-code-of-saint-lucia/section-i-the-requisites-for-the-validity-of-contracts","2026-09-05",1,1]
["CC-920","920","formation and capacity","Identifies incapacity categories; paragraph (2) separately refers specified capacity questions to English law.","text_verified","Interpretive issue: this is a distinct English-law connection; its scope, temporal construction and later statutory displacement require separate analysis.","source_reference_replaced","reform","Reception Bill 32, Schedule 1.2; sections 4,6-9,16-20","Changes only the English-law reference in 920(2) to retained law and subsequent domestic law; the remaining capacity language is not modernised by this substitution.","https://attorneygeneralchambers.com/laws-of-saint-lucia/civil-code-of-saint-lucia/section-i-the-requisites-for-the-validity-of-contracts","2026-09-05",1,1]
["CC-921","921","formation and capacity","Protective incapacity may be pleaded for the protected person, rather than against that person.","text_verified","Text verified; operative interaction requires article-specific statutory and case-law reconciliation.","unchanged_for_now","retain","Contract Model 4(4)-(6); Reception Bill 10,14,18","No express textual substitution of this article in either model Schedule 1. It remains part of the applicable baseline, subject to matters expressly determined by the module and subsequent domestic law.","https://attorneygeneralchambers.com/laws-of-saint-lucia/civil-code-of-saint-lucia/section-i-the-requisites-for-the-validity-of-contracts","2026-09-05",1,1]
["CC-922","922","formation and capacity","Consent may be express or implied, subject to the Code's invalidating factors.","text_verified","Text verified; operative interaction requires article-specific statutory and case-law reconciliation.","unchanged_for_now","retain","Contract Model 4(4)-(6); Reception Bill 10,14,18","No express textual substitution of this article in either model Schedule 1. It remains part of the applicable baseline, subject to matters expressly determined by the module and subsequent domestic law.","https://attorneygeneralchambers.com/laws-of-saint-lucia/civil-code-of-saint-lucia/section-i-the-requisites-for-the-validity-of-contracts","2026-09-05",1,1]
["CC-923","923","formation and capacity","A contract requires lawful cause; the stated explanation of cause may be absent or inaccurate without necessarily invalidating it.","text_verified","Text verified; operative interaction requires article-specific statutory and case-law reconciliation.","unchanged_for_now","retain","Contract Model 4(4)-(6); Reception Bill 10,14,18","No express textual substitution of this article in either model Schedule 1. It remains part of the applicable baseline, subject to matters expressly determined by the module and subsequent domestic law.","https://attorneygeneralchambers.com/laws-of-saint-lucia/civil-code-of-saint-lucia/section-i-the-requisites-for-the-validity-of-contracts","2026-09-05",1,1]
["CC-924","924","formation and capacity","Cause is unlawful if prohibited or contrary to public order or good morals.","text_verified","Text verified; operative interaction requires article-specific statutory and case-law reconciliation.","unchanged_for_now","retain","Contract Model 4(4)-(6); Reception Bill 10,14,18","No express textual substitution of this article in either model Schedule 1. It remains part of the applicable baseline, subject to matters expressly determined by the module and subsequent domestic law.","https://attorneygeneralchambers.com/laws-of-saint-lucia/civil-code-of-saint-lucia/section-i-the-requisites-for-the-validity-of-contracts","2026-09-05",1,1]
["CC-925","925","validity and protective relief","Error, fraud, coercion, fear and specified lesion may support avoidance or modification.","text_verified","Text verified; operative interaction requires article-specific statutory and case-law reconciliation.","unchanged_for_now","retain","Contract Model 4(4)-(6); Reception Bill 10,14,18","No express textual substitution of this article in either model Schedule 1. It remains part of the applicable baseline, subject to matters expressly determined by the module and subsequent domestic law.","https://attorneygeneralchambers.com/laws-of-saint-lucia/civil-code-of-saint-lucia/section-ii-causes-of-nullity-in-contracts","2026-09-05",1,1]
["CC-926","926","validity and protective relief","Material error concerns the contract's nature, subject or principal cause.","text_verified","Text verified; operative interaction requires article-specific statutory and case-law reconciliation.","unchanged_for_now","retain","Contract Model 4(4)-(6); Reception Bill 10,14,18","No express textual substitution of this article in either model Schedule 1. It remains part of the applicable baseline, subject to matters expressly determined by the module and subsequent domestic law.","https://attorneygeneralchambers.com/laws-of-saint-lucia/civil-code-of-saint-lucia/section-ii-causes-of-nullity-in-contracts","2026-09-05",1,1]
["CC-927","927","validity and protective relief","Inducing fraud can invalidate consent and must be proved.","text_verified","Text verified; operative interaction requires article-specific statutory and case-law reconciliation.","unchanged_for_now","retain","Contract Model 4(4)-(6); Reception Bill 10,14,18","No express textual substitution of this article in either model Schedule 1. It remains part of the applicable baseline, subject to matters expressly determined by the module and subsequent domestic law.","https://attorneygeneralchambers.com/laws-of-saint-lucia/civil-code-of-saint-lucia/section-ii-causes-of-nullity-in-contracts","2026-09-05",1,1]
["CC-928","928","validity and protective relief","Coercion or fear may invalidate consent even when caused by someone other than the beneficiary.","text_verified","Text verified; operative interaction requires article-specific statutory and case-law reconciliation.","unchanged_for_now","retain","Contract Model 4(4)-(6); Reception Bill 10,14,18","No express textual substitution of this article in either model Schedule 1. It remains part of the applicable baseline, subject to matters expressly determined by the module and subsequent domestic law.","https://attorneygeneralchambers.com/laws-of-saint-lucia/civil-code-of-saint-lucia/section-ii-causes-of-nullity-in-contracts","2026-09-05",1,1]
["CC-929","929","validity and protective relief","Qualifying fear must concern serious present injury, assessed with reference to the person's circumstances.","text_verified","Text verified; operative interaction requires article-specific statutory and case-law reconciliation.","unchanged_for_now","retain","Contract Model 4(4)-(6); Reception Bill 10,14,18","No express textual substitution of this article in either model Schedule 1. It remains part of the applicable baseline, subject to matters expressly determined by the module and subsequent domestic law.","https://attorneygeneralchambers.com/laws-of-saint-lucia/civil-code-of-saint-lucia/section-ii-causes-of-nullity-in-contracts","2026-09-05",1,1]
["CC-930","930","validity and protective relief","Qualifying threats may concern the contracting person, relatives or, sometimes, others.","text_verified","Text verified; operative interaction requires article-specific statutory and case-law reconciliation.","unchanged_for_now","retain","Contract Model 4(4)-(6); Reception Bill 10,14,18","No express textual substitution of this article in either model Schedule 1. It remains part of the applicable baseline, subject to matters expressly determined by the module and subsequent domestic law.","https://attorneygeneralchambers.com/laws-of-saint-lucia/civil-code-of-saint-lucia/section-ii-causes-of-nullity-in-contracts","2026-09-05",1,1]
["CC-931","931","validity and protective relief","Reverential fear of an ancestor alone does not invalidate a contract.","text_verified","Text verified; operative interaction requires article-specific statutory and case-law reconciliation.","unchanged_for_now","retain","Contract Model 4(4)-(6); Reception Bill 10,14,18","No express textual substitution of this article in either model Schedule 1. It remains part of the applicable baseline, subject to matters expressly determined by the module and subsequent domestic law.","https://attorneygeneralchambers.com/laws-of-saint-lucia/civil-code-of-saint-lucia/section-ii-causes-of-nullity-in-contracts","2026-09-05",1,1]
["CC-932","932","validity and protective relief","Ordinary lawful compulsion differs from abusive use of legal process to extort consent.","text_verified","Text verified; operative interaction requires article-specific statutory and case-law reconciliation.","unchanged_for_now","retain","Contract Model 4(4)-(6); Reception Bill 10,14,18","No express textual substitution of this article in either model Schedule 1. It remains part of the applicable baseline, subject to matters expressly determined by the module and subsequent domestic law.","https://attorneygeneralchambers.com/laws-of-saint-lucia/civil-code-of-saint-lucia/section-ii-causes-of-nullity-in-contracts","2026-09-05",1,1]
["CC-933","933","validity and protective relief","A good-faith rescue agreement with an unconnected beneficiary is not invalidated merely by the underlying threats.","text_verified","Text verified; operative interaction requires article-specific statutory and case-law reconciliation.","unchanged_for_now","retain","Contract Model 4(4)-(6); Reception Bill 10,14,18","No express textual substitution of this article in either model Schedule 1. It remains part of the applicable baseline, subject to matters expressly determined by the module and subsequent domestic law.","https://attorneygeneralchambers.com/laws-of-saint-lucia/civil-code-of-saint-lucia/section-ii-causes-of-nullity-in-contracts","2026-09-05",1,1]
["CC-934","934","validity and protective relief","Lesion supplies relief only in specified cases and for specified persons.","text_verified","Text verified; operative interaction requires article-specific statutory and case-law reconciliation.","unchanged_for_now","retain","Contract Model 4(4)-(6); Reception Bill 10,14,18","No express textual substitution of this article in either model Schedule 1. It remains part of the applicable baseline, subject to matters expressly determined by the module and subsequent domestic law.","https://attorneygeneralchambers.com/laws-of-saint-lucia/civil-code-of-saint-lucia/section-ii-causes-of-nullity-in-contracts","2026-09-05",1,1]
["CC-935","935","validity and protective relief","Specifies when minors may obtain relief for lesion, with distinctions based on marriage and assistance.","text_verified","Text verified; operative interaction requires article-specific statutory and case-law reconciliation.","unchanged_for_now","retain","Contract Model 4(4)-(6); Reception Bill 10,14,18","No express textual substitution of this article in either model Schedule 1. It remains part of the applicable baseline, subject to matters expressly determined by the module and subsequent domestic law.","https://attorneygeneralchambers.com/laws-of-saint-lucia/civil-code-of-saint-lucia/section-ii-causes-of-nullity-in-contracts","2026-09-05",1,1]
["CC-936","936","validity and protective relief","A minor's false assertion of majority does not itself defeat relief for lesion.","text_verified","Text verified; operative interaction requires article-specific statutory and case-law reconciliation.","unchanged_for_now","retain","Contract Model 4(4)-(6); Reception Bill 10,14,18","No express textual substitution of this article in either model Schedule 1. It remains part of the applicable baseline, subject to matters expressly determined by the module and subsequent domestic law.","https://attorneygeneralchambers.com/laws-of-saint-lucia/civil-code-of-saint-lucia/section-ii-causes-of-nullity-in-contracts","2026-09-05",1,1]
["CC-937","937","validity and protective relief","Unforeseen subsequent events alone do not establish a minor's lesion claim.","text_verified","Text verified; operative interaction requires article-specific statutory and case-law reconciliation.","unchanged_for_now","retain","Contract Model 4(4)-(6); Reception Bill 10,14,18","No express textual substitution of this article in either model Schedule 1. It remains part of the applicable baseline, subject to matters expressly determined by the module and subsequent domestic law.","https://attorneygeneralchambers.com/laws-of-saint-lucia/civil-code-of-saint-lucia/section-ii-causes-of-nullity-in-contracts","2026-09-05",1,1]
["CC-938","938","validity and protective relief","A minor engaged in specified trades cannot obtain lesion relief from business contracts on that basis alone.","text_verified","Text verified; operative interaction requires article-specific statutory and case-law reconciliation.","unchanged_for_now","retain","Contract Model 4(4)-(6); Reception Bill 10,14,18","No express textual substitution of this article in either model Schedule 1. It remains part of the applicable baseline, subject to matters expressly determined by the module and subsequent domestic law.","https://attorneygeneralchambers.com/laws-of-saint-lucia/civil-code-of-saint-lucia/section-ii-causes-of-nullity-in-contracts","2026-09-05",1,1]
["CC-939","939","validity and protective relief","Restricts a minor's lesion relief concerning properly assisted marriage-contract terms.","text_verified","Text verified; operative interaction requires article-specific statutory and case-law reconciliation.","unchanged_for_now","retain","Contract Model 4(4)-(6); Reception Bill 10,14,18","No express textual substitution of this article in either model Schedule 1. It remains part of the applicable baseline, subject to matters expressly determined by the module and subsequent domestic law.","https://attorneygeneralchambers.com/laws-of-saint-lucia/civil-code-of-saint-lucia/section-ii-causes-of-nullity-in-contracts","2026-09-05",1,1]
["CC-940","940","validity and protective relief","Ratification after majority prevents avoidance merely because the contract was made during minority.","text_verified","Text verified; operative interaction requires article-specific statutory and case-law reconciliation.","unchanged_for_now","retain","Contract Model 4(4)-(6); Reception Bill 10,14,18","No express textual substitution of this article in either model Schedule 1. It remains part of the applicable baseline, subject to matters expressly determined by the module and subsequent domestic law.","https://attorneygeneralchambers.com/laws-of-saint-lucia/civil-code-of-saint-lucia/section-ii-causes-of-nullity-in-contracts","2026-09-05",1,1]
["CC-941","941","validity and protective relief","A minor's immovable-property dealings require the specified tutor involvement.","text_verified","Text verified; operative interaction requires article-specific statutory and case-law reconciliation.","unchanged_for_now","retain","Contract Model 4(4)-(6); Reception Bill 10,14,18","No express textual substitution of this article in either model Schedule 1. It remains part of the applicable baseline, subject to matters expressly determined by the module and subsequent domestic law.","https://attorneygeneralchambers.com/laws-of-saint-lucia/civil-code-of-saint-lucia/section-ii-causes-of-nullity-in-contracts","2026-09-05",1,1]
["CC-942","942","validity and protective relief","Compliance with protective formalities validates specified property and succession transactions.","text_verified","Text verified; operative interaction requires article-specific statutory and case-law reconciliation.","unchanged_for_now","retain","Contract Model 4(4)-(6); Reception Bill 10,14,18","No express textual substitution of this article in either model Schedule 1. It remains part of the applicable baseline, subject to matters expressly determined by the module and subsequent domestic law.","https://attorneygeneralchambers.com/laws-of-saint-lucia/civil-code-of-saint-lucia/section-ii-causes-of-nullity-in-contracts","2026-09-05",1,1]
["CC-943","943","validity and protective relief","Restitution following avoidance for protected incapacity depends on demonstrated benefit to the protected person.","text_verified","Text verified; operative interaction requires article-specific statutory and case-law reconciliation.","unchanged_for_now","retain","Contract Model 4(4)-(6); Reception Bill 10,14,18","No express textual substitution of this article in either model Schedule 1. It remains part of the applicable baseline, subject to matters expressly determined by the module and subsequent domestic law.","https://attorneygeneralchambers.com/laws-of-saint-lucia/civil-code-of-saint-lucia/section-ii-causes-of-nullity-in-contracts","2026-09-05",1,1]
["CC-944","944","validity and protective relief","Adults receive lesion relief only where English law would grant relief, creating a separate English-law connection.","text_verified","Interpretive issue: this is a distinct English-law connection; its scope, temporal construction and later statutory displacement require separate analysis.","source_reference_replaced","reform","Reception Bill 32, Schedule 1.3; sections 4,6-9,16-20","Replaces the adult-lesion exception’s foreign source with retained law and subsequent domestic law; this is a reform of updating authority even where existing relief survives.","https://attorneygeneralchambers.com/laws-of-saint-lucia/civil-code-of-saint-lucia/section-ii-causes-of-nullity-in-contracts","2026-09-05",1,1]
["CC-945","945","contract interpretation","Ambiguous contracts are interpreted by reference to the parties' common intention.","text_verified","Text verified; operative interaction requires article-specific statutory and case-law reconciliation.","unchanged_for_now","retain","Contract Model 4(4)-(6); Reception Bill 10,14,18","No express textual substitution of this article in either model Schedule 1. It remains part of the applicable baseline, subject to matters expressly determined by the module and subsequent domestic law.","https://attorneygeneralchambers.com/laws-of-saint-lucia/civil-code-of-saint-lucia/section-iii-the-interpretation-of-contracts","2026-09-05",1,1]
["CC-946","946","contract interpretation","Prefer an interpretation that gives a clause effect over one that makes it ineffective.","text_verified","Text verified; operative interaction requires article-specific statutory and case-law reconciliation.","unchanged_for_now","retain","Contract Model 4(4)-(6); Reception Bill 10,14,18","No express textual substitution of this article in either model Schedule 1. It remains part of the applicable baseline, subject to matters expressly determined by the module and subsequent domestic law.","https://attorneygeneralchambers.com/laws-of-saint-lucia/civil-code-of-saint-lucia/section-iii-the-interpretation-of-contracts","2026-09-05",1,1]
["CC-947","947","contract interpretation","Resolve ambiguous expressions consistently with contractual context.","text_verified","Text verified; operative interaction requires article-specific statutory and case-law reconciliation.","unchanged_for_now","retain","Contract Model 4(4)-(6); Reception Bill 10,14,18","No express textual substitution of this article in either model Schedule 1. It remains part of the applicable baseline, subject to matters expressly determined by the module and subsequent domestic law.","https://attorneygeneralchambers.com/laws-of-saint-lucia/civil-code-of-saint-lucia/section-iii-the-interpretation-of-contracts","2026-09-05",1,1]
["CC-948","948","contract interpretation","Use the practice of the country of contracting to resolve remaining doubt.","text_verified","Text verified; operative interaction requires article-specific statutory and case-law reconciliation.","unchanged_for_now","retain","Contract Model 4(4)-(6); Reception Bill 10,14,18","No express textual substitution of this article in either model Schedule 1. It remains part of the applicable baseline, subject to matters expressly determined by the module and subsequent domestic law.","https://attorneygeneralchambers.com/laws-of-saint-lucia/civil-code-of-saint-lucia/section-iii-the-interpretation-of-contracts","2026-09-05",1,1]
["CC-949","949","contract interpretation","Supply customary contractual clauses where appropriate despite their omission from the text.","text_verified","Text verified; operative interaction requires article-specific statutory and case-law reconciliation.","unchanged_for_now","retain","Contract Model 4(4)-(6); Reception Bill 10,14,18","No express textual substitution of this article in either model Schedule 1. It remains part of the applicable baseline, subject to matters expressly determined by the module and subsequent domestic law.","https://attorneygeneralchambers.com/laws-of-saint-lucia/civil-code-of-saint-lucia/section-iii-the-interpretation-of-contracts","2026-09-05",1,1]
["CC-950","950","contract interpretation","Read each contractual clause in light of the whole agreement.","text_verified","Text verified; operative interaction requires article-specific statutory and case-law reconciliation.","unchanged_for_now","retain","Contract Model 4(4)-(6); Reception Bill 10,14,18","No express textual substitution of this article in either model Schedule 1. It remains part of the applicable baseline, subject to matters expressly determined by the module and subsequent domestic law.","https://attorneygeneralchambers.com/laws-of-saint-lucia/civil-code-of-saint-lucia/section-iii-the-interpretation-of-contracts","2026-09-05",1,1]
["CC-951","951","contract interpretation","Residual doubt favours the obligor against the party stipulating the obligation.","text_verified","Text verified; operative interaction requires article-specific statutory and case-law reconciliation.","unchanged_for_now","retain","Contract Model 4(4)-(6); Reception Bill 10,14,18","No express textual substitution of this article in either model Schedule 1. It remains part of the applicable baseline, subject to matters expressly determined by the module and subsequent domestic law.","https://attorneygeneralchambers.com/laws-of-saint-lucia/civil-code-of-saint-lucia/section-iii-the-interpretation-of-contracts","2026-09-05",1,1]
["CC-952","952","contract interpretation","General wording remains confined by the agreement's intended subject.","text_verified","Text verified; operative interaction requires article-specific statutory and case-law reconciliation.","unchanged_for_now","retain","Contract Model 4(4)-(6); Reception Bill 10,14,18","No express textual substitution of this article in either model Schedule 1. It remains part of the applicable baseline, subject to matters expressly determined by the module and subsequent domestic law.","https://attorneygeneralchambers.com/laws-of-saint-lucia/civil-code-of-saint-lucia/section-iii-the-interpretation-of-contracts","2026-09-05",1,1]
["CC-953","953","contract interpretation","Express inclusion of a particular case does not necessarily narrow general contractual wording.","text_verified","Text verified; operative interaction requires article-specific statutory and case-law reconciliation.","unchanged_for_now","retain","Contract Model 4(4)-(6); Reception Bill 10,14,18","No express textual substitution of this article in either model Schedule 1. It remains part of the applicable baseline, subject to matters expressly determined by the module and subsequent domestic law.","https://attorneygeneralchambers.com/laws-of-saint-lucia/civil-code-of-saint-lucia/section-iii-the-interpretation-of-contracts","2026-09-05",1,1]
["CC-954","954","contract effects and property transfer","Contracts can create, alter or discharge obligations and sometimes transfer property; agreed or legally authorised grounds permit setting aside.","text_verified","Text verified; operative interaction requires article-specific statutory and case-law reconciliation.","expressly_preserved","retain","Contract Model Schedule 1B.3;4,39","Expressly preserved except to the extent the Contract Model determines a particular covered matter otherwise; preserved text is not repealed merely because the module adds general rules.","https://attorneygeneralchambers.com/laws-of-saint-lucia/civil-code-of-saint-lucia/section-iv-the-effect-of-contracts","2026-09-05",1,1]
["CC-955","955","contract effects and property transfer","Contractual effects are generally confined to the parties, subject to stated third-person exceptions.","text_verified","Text verified; operative interaction requires article-specific statutory and case-law reconciliation.","expressly_preserved","retain","Contract Model Schedule 1B.3;4,39","Expressly preserved except to the extent the Contract Model determines a particular covered matter otherwise; preserved text is not repealed merely because the module adds general rules.","https://attorneygeneralchambers.com/laws-of-saint-lucia/civil-code-of-saint-lucia/section-iv-the-effect-of-contracts","2026-09-05",1,1]
["CC-956","956","contract effects and property transfer","Obligations include consequences supplied by equity, usage or law appropriate to the contract's nature.","text_verified","Text verified; operative interaction requires article-specific statutory and case-law reconciliation.","expressly_preserved","mixed","Contract Model 6, Schedule 1B.3;4","Article 956 survives and is expressly supplemented by the model’s honesty and cooperation duties; preservation of the text does not imply no policy addition.","https://attorneygeneralchambers.com/laws-of-saint-lucia/civil-code-of-saint-lucia/section-iv-the-effect-of-contracts","2026-09-05",1,1]
["CC-957","957","contract effects and property transfer","Consent may transfer ownership of an identified thing, subject to delivery and writing requirements affecting specified property.","text_verified","Text verified; operative interaction requires article-specific statutory and case-law reconciliation.","expressly_preserved","retain","Contract Model Schedule 1B.3;4,39","Expressly preserved except to the extent the Contract Model determines a particular covered matter otherwise; preserved text is not repealed merely because the module adds general rules.","https://attorneygeneralchambers.com/laws-of-saint-lucia/civil-code-of-saint-lucia/section-iv-the-effect-of-contracts","2026-09-05",1,1]
["CC-958","958","contract effects and property transfer","Ownership of an unspecified thing requires identification and notification.","text_verified","Text verified; operative interaction requires article-specific statutory and case-law reconciliation.","expressly_preserved","retain","Contract Model Schedule 1B.3;4,39","Expressly preserved except to the extent the Contract Model determines a particular covered matter otherwise; preserved text is not repealed merely because the module adds general rules.","https://attorneygeneralchambers.com/laws-of-saint-lucia/civil-code-of-saint-lucia/section-iv-the-effect-of-contracts","2026-09-05",1,1]
["CC-959","959","contract effects and property transfer","Between competing buyers of movables, qualifying good-faith possession can determine priority.","text_verified","Text verified; operative interaction requires article-specific statutory and case-law reconciliation.","expressly_preserved","retain","Contract Model Schedule 1B.3;4,39","Expressly preserved except to the extent the Contract Model determines a particular covered matter otherwise; preserved text is not repealed merely because the module adds general rules.","https://attorneygeneralchambers.com/laws-of-saint-lucia/civil-code-of-saint-lucia/section-iv-the-effect-of-contracts","2026-09-05",1,1]
["CC-960","960","contract effects and property transfer","Immovable-property effects against third persons remain subject to registration rules.","text_verified","Text verified; operative interaction requires article-specific statutory and case-law reconciliation.","expressly_preserved","retain","Contract Model Schedule 1B.3;4,39","Expressly preserved except to the extent the Contract Model determines a particular covered matter otherwise; preserved text is not repealed merely because the module adds general rules.","https://attorneygeneralchambers.com/laws-of-saint-lucia/civil-code-of-saint-lucia/section-iv-the-effect-of-contracts","2026-09-05",1,1]
["CC-961","961","third-party rights and creditor action","A person promising another's performance may owe damages if that promised performance fails.","text_verified","Text verified; operative interaction requires article-specific statutory and case-law reconciliation.","expressly_preserved","retain","Contract Model Schedule 1B.3;4,39","Expressly preserved except to the extent the Contract Model determines a particular covered matter otherwise; preserved text is not repealed merely because the module adds general rules.","https://attorneygeneralchambers.com/laws-of-saint-lucia/civil-code-of-saint-lucia/section-v-the-effect-of-contracts-with-regard-to-third-persons","2026-09-05",1,1]
["CC-962","962","third-party rights and creditor action","Permits specified stipulations benefiting third persons and restricts revocation following assent.","text_verified","Text verified; operative interaction requires article-specific statutory and case-law reconciliation.","expressly_preserved","retain","Reception Bill 13 and Schedule 1.1(new 917A(3)); Contract Model 3,4(4),Schedule 1B.3","Third-person rights remain expressly preserved; the module recognises an entitled third person without replacing the underlying entitlement rules.","https://attorneygeneralchambers.com/laws-of-saint-lucia/civil-code-of-saint-lucia/section-v-the-effect-of-contracts-with-regard-to-third-persons","2026-09-05",1,1]
["CC-963","963","third-party rights and creditor action","Contractual commitments ordinarily extend to heirs and legal representatives unless excluded.","text_verified","Text verified; operative interaction requires article-specific statutory and case-law reconciliation.","expressly_preserved","retain","Contract Model Schedule 1B.3;4,39","Expressly preserved except to the extent the Contract Model determines a particular covered matter otherwise; preserved text is not repealed merely because the module adds general rules.","https://attorneygeneralchambers.com/laws-of-saint-lucia/civil-code-of-saint-lucia/section-v-the-effect-of-contracts-with-regard-to-third-persons","2026-09-05",1,1]
["CC-964","964","third-party rights and creditor action","Creditors may exercise certain neglected debtor rights to protect their own position.","text_verified","Text verified; operative interaction requires article-specific statutory and case-law reconciliation.","expressly_preserved","retain","Contract Model Schedule 1B.3;4,39","Expressly preserved except to the extent the Contract Model determines a particular covered matter otherwise; preserved text is not repealed merely because the module adds general rules.","https://attorneygeneralchambers.com/laws-of-saint-lucia/civil-code-of-saint-lucia/section-v-the-effect-of-contracts-with-regard-to-third-persons","2026-09-05",1,1]
["CC-965","965","creditor protection and insolvency","Creditors may challenge fraudulent debtor transactions under the following rules.","text_verified","Text verified; operative interaction requires article-specific statutory and case-law reconciliation.","unchanged_for_now","retain","Contract Model 4(4)-(6); Reception Bill 10,14,18","No express textual substitution of this article in either model Schedule 1. It remains part of the applicable baseline, subject to matters expressly determined by the module and subsequent domestic law.","https://attorneygeneralchambers.com/laws-of-saint-lucia/civil-code-of-saint-lucia/section-vi-avoidance-of-contracts-and-payments-made-in-fraud-of-creditors","2026-09-05",1,1]
["CC-966","966","creditor protection and insolvency","Avoidance for creditor fraud requires fraudulent intent and resulting creditor injury.","text_verified","Text verified; operative interaction requires article-specific statutory and case-law reconciliation.","unchanged_for_now","retain","Contract Model 4(4)-(6); Reception Bill 10,14,18","No express textual substitution of this article in either model Schedule 1. It remains part of the applicable baseline, subject to matters expressly determined by the module and subsequent domestic law.","https://attorneygeneralchambers.com/laws-of-saint-lucia/civil-code-of-saint-lucia/section-vi-avoidance-of-contracts-and-payments-made-in-fraud-of-creditors","2026-09-05",1,1]
["CC-967","967","creditor protection and insolvency","An insolvent debtor's gratuitous transaction is deemed fraudulent for this purpose.","text_verified","Text verified; operative interaction requires article-specific statutory and case-law reconciliation.","unchanged_for_now","retain","Contract Model 4(4)-(6); Reception Bill 10,14,18","No express textual substitution of this article in either model Schedule 1. It remains part of the applicable baseline, subject to matters expressly determined by the module and subsequent domestic law.","https://attorneygeneralchambers.com/laws-of-saint-lucia/civil-code-of-saint-lucia/section-vi-avoidance-of-contracts-and-payments-made-in-fraud-of-creditors","2026-09-05",1,1]
["CC-968","968","creditor protection and insolvency","An onerous transaction with a person knowing the debtor's insolvency is deemed fraudulent.","text_verified","Text verified; operative interaction requires article-specific statutory and case-law reconciliation.","unchanged_for_now","retain","Contract Model 4(4)-(6); Reception Bill 10,14,18","No express textual substitution of this article in either model Schedule 1. It remains part of the applicable baseline, subject to matters expressly determined by the module and subsequent domestic law.","https://attorneygeneralchambers.com/laws-of-saint-lucia/civil-code-of-saint-lucia/section-vi-avoidance-of-contracts-and-payments-made-in-fraud-of-creditors","2026-09-05",1,1]
["CC-969","969","creditor protection and insolvency","A knowing creditor may have to restore a payment received from an insolvent debtor.","text_verified","Text verified; operative interaction requires article-specific statutory and case-law reconciliation.","unchanged_for_now","retain","Contract Model 4(4)-(6); Reception Bill 10,14,18","No express textual substitution of this article in either model Schedule 1. It remains part of the applicable baseline, subject to matters expressly determined by the module and subsequent domestic law.","https://attorneygeneralchambers.com/laws-of-saint-lucia/civil-code-of-saint-lucia/section-vi-avoidance-of-contracts-and-payments-made-in-fraud-of-creditors","2026-09-05",1,1]
["CC-970","970","creditor protection and insolvency","A good-faith counterparty receives specified protection, subject to bankruptcy provisions.","text_verified","Text verified; operative interaction requires article-specific statutory and case-law reconciliation.","unchanged_for_now","retain","Contract Model 4(4)-(6); Reception Bill 10,14,18","No express textual substitution of this article in either model Schedule 1. It remains part of the applicable baseline, subject to matters expressly determined by the module and subsequent domestic law.","https://attorneygeneralchambers.com/laws-of-saint-lucia/civil-code-of-saint-lucia/section-vi-avoidance-of-contracts-and-payments-made-in-fraud-of-creditors","2026-09-05",1,1]
["CC-971","971","creditor protection and insolvency","Limits challenges by later creditors, subject to subrogation and Commercial Code exceptions.","text_verified","Text verified; operative interaction requires article-specific statutory and case-law reconciliation.","unchanged_for_now","retain","Contract Model 4(4)-(6); Reception Bill 10,14,18","No express textual substitution of this article in either model Schedule 1. It remains part of the applicable baseline, subject to matters expressly determined by the module and subsequent domestic law.","https://attorneygeneralchambers.com/laws-of-saint-lucia/civil-code-of-saint-lucia/section-vi-avoidance-of-contracts-and-payments-made-in-fraud-of-creditors","2026-09-05",1,1]
["CC-972","972","creditor protection and insolvency","Refers further creditor-fraud presumptions and avoidance rules to the Commercial Code.","text_verified","Text verified; operative interaction requires article-specific statutory and case-law reconciliation.","unchanged_for_now","retain","Contract Model 4(4)-(6); Reception Bill 10,14,18","No express textual substitution of this article in either model Schedule 1. It remains part of the applicable baseline, subject to matters expressly determined by the module and subsequent domestic law.","https://attorneygeneralchambers.com/laws-of-saint-lucia/civil-code-of-saint-lucia/section-vi-avoidance-of-contracts-and-payments-made-in-fraud-of-creditors","2026-09-05",1,1]
["CC-973","973","quasi-contract and restitution","Lack of contractual capacity does not necessarily prevent a person's act from constituting a quasi-contract.","text_verified","Text verified; operative interaction requires article-specific statutory and case-law reconciliation.","unchanged_for_now","retain","Contract Model 4(4)-(6); Reception Bill 10,14,18","No express textual substitution of this article in either model Schedule 1. It remains part of the applicable baseline, subject to matters expressly determined by the module and subsequent domestic law.","https://attorneygeneralchambers.com/laws-of-saint-lucia/civil-code-of-saint-lucia/chapter-second-quasi-contracts","2026-09-05",1,1]
["CC-974","974","quasi-contract and restitution","Another's act may create a quasi-contractual obligation for a person lacking contractual capacity.","text_verified","Text verified; operative interaction requires article-specific statutory and case-law reconciliation.","unchanged_for_now","retain","Contract Model 4(4)-(6); Reception Bill 10,14,18","No express textual substitution of this article in either model Schedule 1. It remains part of the applicable baseline, subject to matters expressly determined by the module and subsequent domestic law.","https://attorneygeneralchambers.com/laws-of-saint-lucia/civil-code-of-saint-lucia/chapter-second-quasi-contracts","2026-09-05",1,1]
["CC-974A","974A","quasi-contract and restitution","Separately permits quasi-contract actions wherever English law would permit them.","text_verified","Interpretive issue: this is a distinct English-law connection; its scope, temporal construction and later statutory displacement require separate analysis.","source_reference_replaced","reform","Reception Bill 32, Schedule 1.4; sections 4,6-9,16-20","Preserves maintainable quasi-contract actions but replaces the separate English source rule with retained and subsequent domestic law.","https://attorneygeneralchambers.com/laws-of-saint-lucia/civil-code-of-saint-lucia/chapter-second-quasi-contracts","2026-09-05",1,0]
["CC-975","975","quasi-contract and restitution","A voluntary manager of another's affairs incurs continuation, expenditure and mandate-related duties.","text_verified","Text verified; operative interaction requires article-specific statutory and case-law reconciliation.","unchanged_for_now","retain","Contract Model 4(4)-(6); Reception Bill 10,14,18","No express textual substitution of this article in either model Schedule 1. It remains part of the applicable baseline, subject to matters expressly determined by the module and subsequent domestic law.","https://attorneygeneralchambers.com/laws-of-saint-lucia/civil-code-of-saint-lucia/section-i-the-quasi-contract-negotiorum-gestio","2026-09-05",1,1]
["CC-976","976","quasi-contract and restitution","The manager may have to continue after the beneficiary's death until a representative can take over.","text_verified","Text verified; operative interaction requires article-specific statutory and case-law reconciliation.","unchanged_for_now","retain","Contract Model 4(4)-(6); Reception Bill 10,14,18","No express textual substitution of this article in either model Schedule 1. It remains part of the applicable baseline, subject to matters expressly determined by the module and subsequent domestic law.","https://attorneygeneralchambers.com/laws-of-saint-lucia/civil-code-of-saint-lucia/section-i-the-quasi-contract-negotiorum-gestio","2026-09-05",1,1]
["CC-977","977","quasi-contract and restitution","The manager owes prudent care, with judicial moderation of damages according to the undertaking's circumstances.","text_verified","Text verified; operative interaction requires article-specific statutory and case-law reconciliation.","unchanged_for_now","retain","Contract Model 4(4)-(6); Reception Bill 10,14,18","No express textual substitution of this article in either model Schedule 1. It remains part of the applicable baseline, subject to matters expressly determined by the module and subsequent domestic law.","https://attorneygeneralchambers.com/laws-of-saint-lucia/civil-code-of-saint-lucia/section-i-the-quasi-contract-negotiorum-gestio","2026-09-05",1,1]
["CC-978","978","quasi-contract and restitution","Proper management may oblige the beneficiary to honour commitments and reimburse useful expenditure.","text_verified","Text verified; operative interaction requires article-specific statutory and case-law reconciliation.","unchanged_for_now","retain","Contract Model 4(4)-(6); Reception Bill 10,14,18","No express textual substitution of this article in either model Schedule 1. It remains part of the applicable baseline, subject to matters expressly determined by the module and subsequent domestic law.","https://attorneygeneralchambers.com/laws-of-saint-lucia/civil-code-of-saint-lucia/section-i-the-quasi-contract-negotiorum-gestio","2026-09-05",1,1]
["CC-979","979","quasi-contract and restitution","A recipient must restore an undue payment made through legal or factual error, with protection for good-faith profits.","text_verified","Text verified; operative interaction requires article-specific statutory and case-law reconciliation.","unchanged_for_now","retain","Contract Model 4(4)-(6); Reception Bill 10,14,18","No express textual substitution of this article in either model Schedule 1. It remains part of the applicable baseline, subject to matters expressly determined by the module and subsequent domestic law.","https://attorneygeneralchambers.com/laws-of-saint-lucia/civil-code-of-saint-lucia/section-ii-the-reception-of-a-thing-not-due","2026-09-05",1,1]
["CC-980","980","quasi-contract and restitution","A person mistakenly paying another's debt can recover, subject to protection when the creditor has cancelled the obligation in good faith.","text_verified","Text verified; operative interaction requires article-specific statutory and case-law reconciliation.","unchanged_for_now","retain","Contract Model 4(4)-(6); Reception Bill 10,14,18","No express textual substitution of this article in either model Schedule 1. It remains part of the applicable baseline, subject to matters expressly determined by the module and subsequent domestic law.","https://attorneygeneralchambers.com/laws-of-saint-lucia/civil-code-of-saint-lucia/section-ii-the-reception-of-a-thing-not-due","2026-09-05",1,1]
["CC-981","981","quasi-contract and restitution","A bad-faith recipient must account for interest or profits from the relevant time.","text_verified","Text verified; operative interaction requires article-specific statutory and case-law reconciliation.","unchanged_for_now","retain","Contract Model 4(4)-(6); Reception Bill 10,14,18","No express textual substitution of this article in either model Schedule 1. It remains part of the applicable baseline, subject to matters expressly determined by the module and subsequent domestic law.","https://attorneygeneralchambers.com/laws-of-saint-lucia/civil-code-of-saint-lucia/section-ii-the-reception-of-a-thing-not-due","2026-09-05",1,1]
["CC-982","982","quasi-contract and restitution","Allocates loss or deterioration of an unduly received thing according to fault, bad faith and counterfactual loss.","text_verified","Text verified; operative interaction requires article-specific statutory and case-law reconciliation.","unchanged_for_now","retain","Contract Model 4(4)-(6); Reception Bill 10,14,18","No express textual substitution of this article in either model Schedule 1. It remains part of the applicable baseline, subject to matters expressly determined by the module and subsequent domestic law.","https://attorneygeneralchambers.com/laws-of-saint-lucia/civil-code-of-saint-lucia/section-ii-the-reception-of-a-thing-not-due","2026-09-05",1,1]
["CC-983","983","quasi-contract and restitution","A good-faith recipient who sells the thing generally restores the sale proceeds.","text_verified","Text verified; operative interaction requires article-specific statutory and case-law reconciliation.","unchanged_for_now","retain","Contract Model 4(4)-(6); Reception Bill 10,14,18","No express textual substitution of this article in either model Schedule 1. It remains part of the applicable baseline, subject to matters expressly determined by the module and subsequent domestic law.","https://attorneygeneralchambers.com/laws-of-saint-lucia/civil-code-of-saint-lucia/section-ii-the-reception-of-a-thing-not-due","2026-09-05",1,1]
["CC-984","984","quasi-contract and restitution","The owner recovering a thing reimburses preservation expenditure even to a bad-faith possessor.","text_verified","Text verified; operative interaction requires article-specific statutory and case-law reconciliation.","unchanged_for_now","retain","Contract Model 4(4)-(6); Reception Bill 10,14,18","No express textual substitution of this article in either model Schedule 1. It remains part of the applicable baseline, subject to matters expressly determined by the module and subsequent domestic law.","https://attorneygeneralchambers.com/laws-of-saint-lucia/civil-code-of-saint-lucia/section-ii-the-reception-of-a-thing-not-due","2026-09-05",1,1]
["CC-985","985","tort and defamation","Establishes personal fault responsibility for damage, using a capacity-to-discern criterion.","text_verified","Text verified; operative interaction requires article-specific statutory and case-law reconciliation.","unchanged_for_now","retain","Contract Model 4(4)-(6); Reception Bill 10,14,18","No express textual substitution of this article in either model Schedule 1. It remains part of the applicable baseline, subject to matters expressly determined by the module and subsequent domestic law.","https://attorneygeneralchambers.com/laws-of-saint-lucia/civil-code-of-saint-lucia/chapter-third-delicts-and-quasi-delicts","2026-09-05",1,1]
["CC-986","986","tort and defamation","Allocates responsibility for persons and things under another's control, with distinct parental, custodial and employer rules.","text_verified","Text verified; operative interaction requires article-specific statutory and case-law reconciliation.","unchanged_for_now","retain","Contract Model 4(4)-(6); Reception Bill 10,14,18","No express textual substitution of this article in either model Schedule 1. It remains part of the applicable baseline, subject to matters expressly determined by the module and subsequent domestic law.","https://attorneygeneralchambers.com/laws-of-saint-lucia/civil-code-of-saint-lucia/chapter-third-delicts-and-quasi-delicts","2026-09-05",1,1]
["CC-987","987","tort and defamation","Addresses animal damage and damage caused by a building's ruin from disrepair or defective construction.","text_verified","Text verified; operative interaction requires article-specific statutory and case-law reconciliation.","unchanged_for_now","retain","Contract Model 4(4)-(6); Reception Bill 10,14,18","No express textual substitution of this article in either model Schedule 1. It remains part of the applicable baseline, subject to matters expressly determined by the module and subsequent domestic law.","https://attorneygeneralchambers.com/laws-of-saint-lucia/civil-code-of-saint-lucia/chapter-third-delicts-and-quasi-delicts","2026-09-05",1,1]
["CC-988","988","tort and defamation","Creates specified dependants' wrongful-death claims, representation rules, damages provisions and a three-year period.","text_verified","Text verified; operative interaction requires article-specific statutory and case-law reconciliation.","unchanged_for_now","retain","Contract Model 4(4)-(6); Reception Bill 10,14,18","No express textual substitution of this article in either model Schedule 1. It remains part of the applicable baseline, subject to matters expressly determined by the module and subsequent domestic law.","https://attorneygeneralchambers.com/laws-of-saint-lucia/civil-code-of-saint-lucia/chapter-third-delicts-and-quasi-delicts","2026-09-05",1,1]
["CC-989","989","tort and defamation","Civil delict proceedings and criminal proceedings do not automatically prejudice each other.","text_verified","Text verified; operative interaction requires article-specific statutory and case-law reconciliation.","unchanged_for_now","retain","Contract Model 4(4)-(6); Reception Bill 10,14,18","No express textual substitution of this article in either model Schedule 1. It remains part of the applicable baseline, subject to matters expressly determined by the module and subsequent domestic law.","https://attorneygeneralchambers.com/laws-of-saint-lucia/civil-code-of-saint-lucia/chapter-third-delicts-and-quasi-delicts","2026-09-05",1,1]
["CC-989A","989A","tort and defamation","Creates special dog-owner liability for injury to livestock and poultry, with ownership presumptions.","text_verified","Text verified; operative interaction requires article-specific statutory and case-law reconciliation.","unchanged_for_now","retain","Contract Model 4(4)-(6); Reception Bill 10,14,18","No express textual substitution of this article in either model Schedule 1. It remains part of the applicable baseline, subject to matters expressly determined by the module and subsequent domestic law.","https://attorneygeneralchambers.com/laws-of-saint-lucia/civil-code-of-saint-lucia/chapter-third-delicts-and-quasi-delicts","2026-09-05",1,0]
["CC-989B","989B","tort and defamation","Removes the common-employment defence and invalidates specified exclusions of employer injury liability.","text_verified","Text verified; operative interaction requires article-specific statutory and case-law reconciliation.","unchanged_for_now","retain","Contract Model 4(4)-(6); Reception Bill 10,14,18","No express textual substitution of this article in either model Schedule 1. It remains part of the applicable baseline, subject to matters expressly determined by the module and subsequent domestic law.","https://attorneygeneralchambers.com/laws-of-saint-lucia/civil-code-of-saint-lucia/chapter-third-delicts-and-quasi-delicts","2026-09-05",1,0]
["CC-989C","989C","tort and defamation","Regulates claims against multiple tortfeasors and contribution between them.","text_verified","Text verified; operative interaction requires article-specific statutory and case-law reconciliation.","unchanged_for_now","retain","Contract Model 4(4)-(6); Reception Bill 10,14,18","No express textual substitution of this article in either model Schedule 1. It remains part of the applicable baseline, subject to matters expressly determined by the module and subsequent domestic law.","https://attorneygeneralchambers.com/laws-of-saint-lucia/civil-code-of-saint-lucia/chapter-third-delicts-and-quasi-delicts","2026-09-05",1,0]
["CC-989D","989D","tort and defamation","Replaces the complete contributory-negligence bar with equitable reduction, subject to express qualifications.","text_verified","Text verified; operative interaction requires article-specific statutory and case-law reconciliation.","unchanged_for_now","retain","Contract Model 4(4)-(6); Reception Bill 10,14,18","No express textual substitution of this article in either model Schedule 1. It remains part of the applicable baseline, subject to matters expressly determined by the module and subsequent domestic law.","https://attorneygeneralchambers.com/laws-of-saint-lucia/civil-code-of-saint-lucia/chapter-third-delicts-and-quasi-delicts","2026-09-05",1,0]
["CC-989E","989E","tort and defamation","Preserves the specified maritime-collision regime from Article 989D.","text_verified","Text verified; operative interaction requires article-specific statutory and case-law reconciliation.","unchanged_for_now","retain","Contract Model 4(4)-(6); Reception Bill 10,14,18","No express textual substitution of this article in either model Schedule 1. It remains part of the applicable baseline, subject to matters expressly determined by the module and subsequent domestic law.","https://attorneygeneralchambers.com/laws-of-saint-lucia/civil-code-of-saint-lucia/chapter-third-delicts-and-quasi-delicts","2026-09-05",1,0]
["CC-989F","989F","tort and defamation","Treats wireless broadcasts as permanent publication for defamation purposes.","text_verified","Text verified; operative interaction requires article-specific statutory and case-law reconciliation.","unchanged_for_now","retain","Contract Model 4(4)-(6); Reception Bill 10,14,18","No express textual substitution of this article in either model Schedule 1. It remains part of the applicable baseline, subject to matters expressly determined by the module and subsequent domestic law.","https://attorneygeneralchambers.com/laws-of-saint-lucia/civil-code-of-saint-lucia/chapter-third-delicts-and-quasi-delicts","2026-09-05",1,0]
["CC-989G","989G","tort and defamation","Creates a gender-specific slander rule concerning allegations of unchastity or adultery, with a costs qualification.","text_verified","Text verified; operative interaction requires article-specific statutory and case-law reconciliation.","unchanged_for_now","retain","Contract Model 4(4)-(6); Reception Bill 10,14,18","No express textual substitution of this article in either model Schedule 1. It remains part of the applicable baseline, subject to matters expressly determined by the module and subsequent domestic law.","https://attorneygeneralchambers.com/laws-of-saint-lucia/civil-code-of-saint-lucia/chapter-third-delicts-and-quasi-delicts","2026-09-05",1,0]
["CC-989H","989H","tort and defamation","Allows specified professional or business slander claims without proof of special damage.","text_verified","Text verified; operative interaction requires article-specific statutory and case-law reconciliation.","unchanged_for_now","retain","Contract Model 4(4)-(6); Reception Bill 10,14,18","No express textual substitution of this article in either model Schedule 1. It remains part of the applicable baseline, subject to matters expressly determined by the module and subsequent domestic law.","https://attorneygeneralchambers.com/laws-of-saint-lucia/civil-code-of-saint-lucia/chapter-third-delicts-and-quasi-delicts","2026-09-05",1,0]
["CC-989I","989I","tort and defamation","Relaxes special-damage requirements for specified malicious falsehood claims.","text_verified","Text verified; operative interaction requires article-specific statutory and case-law reconciliation.","unchanged_for_now","retain","Contract Model 4(4)-(6); Reception Bill 10,14,18","No express textual substitution of this article in either model Schedule 1. It remains part of the applicable baseline, subject to matters expressly determined by the module and subsequent domestic law.","https://attorneygeneralchambers.com/laws-of-saint-lucia/civil-code-of-saint-lucia/chapter-third-delicts-and-quasi-delicts","2026-09-05",1,0]
["CC-989J","989J","tort and defamation","Provides an innocent-publication offer-of-amends procedure, defence and associated costs powers.","text_verified","Text verified; operative interaction requires article-specific statutory and case-law reconciliation.","unchanged_for_now","retain","Contract Model 4(4)-(6); Reception Bill 10,14,18","No express textual substitution of this article in either model Schedule 1. It remains part of the applicable baseline, subject to matters expressly determined by the module and subsequent domestic law.","https://attorneygeneralchambers.com/laws-of-saint-lucia/civil-code-of-saint-lucia/chapter-third-delicts-and-quasi-delicts","2026-09-05",1,0]
["CC-989K","989K","tort and defamation","Permits a justification defence despite some unproved charges where remaining reputational harm is immaterial.","text_verified","Text verified; operative interaction requires article-specific statutory and case-law reconciliation.","unchanged_for_now","retain","Contract Model 4(4)-(6); Reception Bill 10,14,18","No express textual substitution of this article in either model Schedule 1. It remains part of the applicable baseline, subject to matters expressly determined by the module and subsequent domestic law.","https://attorneygeneralchambers.com/laws-of-saint-lucia/civil-code-of-saint-lucia/chapter-third-delicts-and-quasi-delicts","2026-09-05",1,0]
["CC-989L","989L","tort and defamation","Provides a fair-comment rule for mixed factual allegations and opinion.","text_verified","Text verified; operative interaction requires article-specific statutory and case-law reconciliation.","unchanged_for_now","retain","Contract Model 4(4)-(6); Reception Bill 10,14,18","No express textual substitution of this article in either model Schedule 1. It remains part of the applicable baseline, subject to matters expressly determined by the module and subsequent domestic law.","https://attorneygeneralchambers.com/laws-of-saint-lucia/civil-code-of-saint-lucia/chapter-third-delicts-and-quasi-delicts","2026-09-05",1,0]
["CC-989M","989M","tort and defamation","Protects qualifying contemporaneous newspaper reports of public court proceedings, with stated exclusions.","text_verified","Text verified; operative interaction requires article-specific statutory and case-law reconciliation.","unchanged_for_now","retain","Contract Model 4(4)-(6); Reception Bill 10,14,18","No express textual substitution of this article in either model Schedule 1. It remains part of the applicable baseline, subject to matters expressly determined by the module and subsequent domestic law.","https://attorneygeneralchambers.com/laws-of-saint-lucia/civil-code-of-saint-lucia/chapter-third-delicts-and-quasi-delicts","2026-09-05",1,0]
["CC-989N","989N","tort and defamation","Provides qualified privilege for scheduled newspaper reports and imposes explanation or contradiction requirements in specified cases.","text_verified","Text verified; operative interaction requires article-specific statutory and case-law reconciliation.","unchanged_for_now","retain","Contract Model 4(4)-(6); Reception Bill 10,14,18","No express textual substitution of this article in either model Schedule 1. It remains part of the applicable baseline, subject to matters expressly determined by the module and subsequent domestic law.","https://attorneygeneralchambers.com/laws-of-saint-lucia/civil-code-of-saint-lucia/chapter-third-delicts-and-quasi-delicts","2026-09-05",1,0]
["CC-989O","989O","tort and defamation","Election relevance alone does not make a candidate's defamatory publication privileged.","text_verified","Text verified; operative interaction requires article-specific statutory and case-law reconciliation.","unchanged_for_now","retain","Contract Model 4(4)-(6); Reception Bill 10,14,18","No express textual substitution of this article in either model Schedule 1. It remains part of the applicable baseline, subject to matters expressly determined by the module and subsequent domestic law.","https://attorneygeneralchambers.com/laws-of-saint-lucia/civil-code-of-saint-lucia/chapter-third-delicts-and-quasi-delicts","2026-09-05",1,0]
["CC-989P","989P","tort and defamation","Permits certain indemnities against civil libel liability, subject to knowledge and reasonable-belief restrictions.","text_verified","Text verified; operative interaction requires article-specific statutory and case-law reconciliation.","unchanged_for_now","retain","Contract Model 4(4)-(6); Reception Bill 10,14,18","No express textual substitution of this article in either model Schedule 1. It remains part of the applicable baseline, subject to matters expressly determined by the module and subsequent domestic law.","https://attorneygeneralchambers.com/laws-of-saint-lucia/civil-code-of-saint-lucia/chapter-third-delicts-and-quasi-delicts","2026-09-05",1,0]
["CC-989Q","989Q","tort and defamation","Authorises consolidation of specified related libel actions and apportionment of damages and costs.","text_verified","Text verified; operative interaction requires article-specific statutory and case-law reconciliation.","unchanged_for_now","retain","Contract Model 4(4)-(6); Reception Bill 10,14,18","No express textual substitution of this article in either model Schedule 1. It remains part of the applicable baseline, subject to matters expressly determined by the module and subsequent domestic law.","https://attorneygeneralchambers.com/laws-of-saint-lucia/civil-code-of-saint-lucia/chapter-third-delicts-and-quasi-delicts","2026-09-05",1,0]
["CC-989R","989R","tort and defamation","Allows specified other compensation or proceedings to be considered in mitigation of defamation damages.","text_verified","Text verified; operative interaction requires article-specific statutory and case-law reconciliation.","unchanged_for_now","retain","Contract Model 4(4)-(6); Reception Bill 10,14,18","No express textual substitution of this article in either model Schedule 1. It remains part of the applicable baseline, subject to matters expressly determined by the module and subsequent domestic law.","https://attorneygeneralchambers.com/laws-of-saint-lucia/civil-code-of-saint-lucia/chapter-third-delicts-and-quasi-delicts","2026-09-05",1,0]
["CC-989S","989S","tort and defamation","Extends the consolidation mechanism to slander and malicious falsehood claims.","text_verified","Text verified; operative interaction requires article-specific statutory and case-law reconciliation.","unchanged_for_now","retain","Contract Model 4(4)-(6); Reception Bill 10,14,18","No express textual substitution of this article in either model Schedule 1. It remains part of the applicable baseline, subject to matters expressly determined by the module and subsequent domestic law.","https://attorneygeneralchambers.com/laws-of-saint-lucia/civil-code-of-saint-lucia/chapter-third-delicts-and-quasi-delicts","2026-09-05",1,0]
["CC-990","990","non-contractual status obligations","Recognises obligations arising from legislation, status, relationships and other specified sources; omitted from 917A's interpretive list.","text_verified","Text verified; operative interaction requires article-specific statutory and case-law reconciliation.","unchanged_for_now","retain","Contract Model 4(4)-(6); Reception Bill 10,14,18","No express textual substitution of this article in either model Schedule 1. It remains part of the applicable baseline, subject to matters expressly determined by the module and subsequent domestic law.","https://attorneygeneralchambers.com/laws-of-saint-lucia/civil-code-of-saint-lucia/chapter-fourth-obligations-which-arise-from-other-causes-than-those-hitherto-specified","2026-09-05",1,0]
["CC-991","991","subject of obligations","An obligation may require giving, doing or refraining from an act.","text_verified","Text verified; operative interaction requires article-specific statutory and case-law reconciliation.","unchanged_for_now","retain","Contract Model 4(4)-(6); Reception Bill 10,14,18","No express textual substitution of this article in either model Schedule 1. It remains part of the applicable baseline, subject to matters expressly determined by the module and subsequent domestic law.","https://attorneygeneralchambers.com/laws-of-saint-lucia/civil-code-of-saint-lucia/chapter-fifth-subject-of-obligations","2026-09-05",1,1]
["CC-992","992","subject of obligations","The obligation's subject must be sufficiently determinable.","text_verified","Text verified; operative interaction requires article-specific statutory and case-law reconciliation.","unchanged_for_now","retain","Contract Model 4(4)-(6); Reception Bill 10,14,18","No express textual substitution of this article in either model Schedule 1. It remains part of the applicable baseline, subject to matters expressly determined by the module and subsequent domestic law.","https://attorneygeneralchambers.com/laws-of-saint-lucia/civil-code-of-saint-lucia/chapter-fifth-subject-of-obligations","2026-09-05",1,1]
["CC-993","993","subject of obligations","Allows future things as contractual subjects while restricting agreements about an undevolved succession.","text_verified","Text verified; operative interaction requires article-specific statutory and case-law reconciliation.","unchanged_for_now","retain","Contract Model 4(4)-(6); Reception Bill 10,14,18","No express textual substitution of this article in either model Schedule 1. It remains part of the applicable baseline, subject to matters expressly determined by the module and subsequent domestic law.","https://attorneygeneralchambers.com/laws-of-saint-lucia/civil-code-of-saint-lucia/chapter-fifth-subject-of-obligations","2026-09-05",1,1]
["CC-994","994","subject of obligations","The promised subject must be possible and lawful.","text_verified","Text verified; operative interaction requires article-specific statutory and case-law reconciliation.","unchanged_for_now","retain","Contract Model 4(4)-(6); Reception Bill 10,14,18","No express textual substitution of this article in either model Schedule 1. It remains part of the applicable baseline, subject to matters expressly determined by the module and subsequent domestic law.","https://attorneygeneralchambers.com/laws-of-saint-lucia/civil-code-of-saint-lucia/chapter-fifth-subject-of-obligations","2026-09-05",1,1]
["CC-995","995","performance and damages","A delivery obligation includes prudent custody pending delivery.","text_verified","Text verified; operative interaction requires article-specific statutory and case-law reconciliation.","conditional_substitution","mixed","Contract Model Schedule 1A.1; sections 7(3)-(4),18-20,25","Retains custody pending delivery but restates the care standard and explicitly separates care from accidental-loss allocation within the new remedial structure.","https://attorneygeneralchambers.com/laws-of-saint-lucia/civil-code-of-saint-lucia/section-i-general-provisions-09","2026-09-05",1,1]
["CC-996","996","performance and damages","Non-performance can give rise to damages.","text_verified","Text verified; operative interaction requires article-specific statutory and case-law reconciliation.","conditional_substitution","mixed","Contract Model Schedule 1A.1; sections 7,18,25;33-37","Replaces the short general damages proposition with a conditioned remedy system, including excuses, proof and retained special limitations.","https://attorneygeneralchambers.com/laws-of-saint-lucia/civil-code-of-saint-lucia/section-i-general-provisions-09","2026-09-05",1,1]
["CC-997","997","performance and damages","Recognises specific performance, authorised substitute performance and setting aside, alongside damages where appropriate.","text_verified","Text verified; operative interaction requires article-specific statutory and case-law reconciliation.","conditional_substitution","mixed","Contract Model Schedule 1A.1; sections 18-20,25;21-24,32","Preserves performance and substitute-relief concepts but supplies conditions, defined prospective termination, restitution and remedy coordination.","https://attorneygeneralchambers.com/laws-of-saint-lucia/civil-code-of-saint-lucia/section-i-general-provisions-09","2026-09-05",1,1]
["CC-998","998","performance and damages","Allows undoing prohibited performance at the debtor's expense where the case permits.","text_verified","Text verified; operative interaction requires article-specific statutory and case-law reconciliation.","conditional_substitution","mixed","Contract Model Schedule 1A.1; sections 18-20,25,32","Preserves undoing at the obligor’s expense and adds the model’s defined judicial and urgent protective routes, subject to proportionality and no double recovery.","https://attorneygeneralchambers.com/laws-of-saint-lucia/civil-code-of-saint-lucia/section-i-general-provisions-09","2026-09-05",1,1]
["CC-999","999","performance and damages","Specifies routes to putting the debtor in default, including terms, law, proceedings and demand.","text_verified","Text verified; operative interaction requires article-specific statutory and case-law reconciliation.","conditional_substitution","reform","Contract Model Schedule 1A.2; sections 12-13;4","Changes default for covered obligations, including fixed-date default and a reasonable-period demand rule with specified notice treatment.","https://attorneygeneralchambers.com/laws-of-saint-lucia/civil-code-of-saint-lucia/section-ii-defaults","2026-09-05",1,1]
["CC-1000","1000","performance and damages","Missing the only possible performance period can place the debtor in default.","text_verified","Text verified; operative interaction requires article-specific statutory and case-law reconciliation.","conditional_substitution","reform","Contract Model Schedule 1A.2; sections 12-13, especially 13(1)(a)-(e)","Retains the expired useful-period case but replaces the article through a deliberately redesigned and expanded default system.","https://attorneygeneralchambers.com/laws-of-saint-lucia/civil-code-of-saint-lucia/section-ii-defaults","2026-09-05",1,1]
["CC-1001","1001","performance and damages","Connects damages to default, with an immediate rule for doing a prohibited act.","text_verified","Text verified; operative interaction requires article-specific statutory and case-law reconciliation.","conditional_substitution","mixed","Contract Model Schedule 1A.3; sections 13,18,25-30,33-37","Connects liability to the model’s changed default rules while preserving the relevance of prohibited acts and qualifying excuses.","https://attorneygeneralchambers.com/laws-of-saint-lucia/civil-code-of-saint-lucia/section-iii-damages-for-non-fulfilment-of-obligations","2026-09-05",1,1]
["CC-1002","1002","performance and damages","Requires the debtor to establish a non-imputable cause to avoid the stated damages liability.","text_verified","Text verified; operative interaction requires article-specific statutory and case-law reconciliation.","conditional_substitution","mixed","Contract Model Schedule 1A.3; sections 7(2),18,25-30,33-37","Recasts responsibility through the agreed performance standard and express impediment conditions; the allocation of proof and excuse is made specific.","https://attorneygeneralchambers.com/laws-of-saint-lucia/civil-code-of-saint-lucia/section-iii-damages-for-non-fulfilment-of-obligations","2026-09-05",1,1]
["CC-1003","1003","performance and damages","Excuses damages for qualifying unavoidable events without debtor fault, unless the contract allocates that risk to the debtor.","text_verified","Text verified; operative interaction requires article-specific statutory and case-law reconciliation.","conditional_substitution","mixed","Contract Model Schedule 1A.3; sections 18,25-30,33-37","Preserves assumed-risk and non-responsibility concepts but adds temporary-impediment, notice and avoidable-notification-loss provisions.","https://attorneygeneralchambers.com/laws-of-saint-lucia/civil-code-of-saint-lucia/section-iii-damages-for-non-fulfilment-of-obligations","2026-09-05",1,1]
["CC-1004","1004","performance and damages","Compensatory damages generally include actual loss and lost profit, subject to qualifications.","text_verified","Text verified; operative interaction requires article-specific statutory and case-law reconciliation.","conditional_substitution","mixed","Contract Model Schedule 1A.3; sections 25,27-29,32;33-37","Retains loss and profit compensation while specifying avoided costs, assessment, lost chances, mitigation and replacement evidence.","https://attorneygeneralchambers.com/laws-of-saint-lucia/civil-code-of-saint-lucia/section-iii-damages-for-non-fulfilment-of-obligations","2026-09-05",1,1]
["CC-1005","1005","performance and damages","Limits non-fraudulent contractual damages by foreseeability at contracting.","text_verified","Text verified; operative interaction requires article-specific statutory and case-law reconciliation.","conditional_substitution","clarify","Contract Model Schedule 1A.3; section 26(2)-(4), read with 25-30,33-37","Restates foreseeability at formation and the fraud exception within the new compensation framework; it does not certify every interpretive consequence as unchanged.","https://attorneygeneralchambers.com/laws-of-saint-lucia/civil-code-of-saint-lucia/section-iii-damages-for-non-fulfilment-of-obligations","2026-09-05",1,1]
["CC-1006","1006","performance and damages","Even fraudulent non-performance attracts only immediate and direct consequential damages under this text.","text_verified","Text verified; operative interaction requires article-specific statutory and case-law reconciliation.","conditional_substitution","clarify","Contract Model Schedule 1A.3; section 26(1),(3), read with 25-30,33-37","Carries forward direct-consequence control and clarifies that deliberate commercial non-performance is not necessarily fraud.","https://attorneygeneralchambers.com/laws-of-saint-lucia/civil-code-of-saint-lucia/section-iii-damages-for-non-fulfilment-of-obligations","2026-09-05",1,1]
["CC-1007","1007","performance and damages","Permits reducing agreed damages for partial performance or wholly disproportionate amounts.","text_verified","Text verified; operative interaction requires article-specific statutory and case-law reconciliation.","conditional_substitution","mixed","Contract Model Schedule 1A.3; section 30;5(2)(c),32","Preserves reduction for partial performance or wholly disproportionate injury but adds express factors, non-exclusion, reasons and recovery coordination.","https://attorneygeneralchambers.com/laws-of-saint-lucia/civil-code-of-saint-lucia/section-iii-damages-for-non-fulfilment-of-obligations","2026-09-05",1,1]
["CC-1008","1008","performance and damages","Regulates damages for late monetary payment through interest, preserving specified special regimes.","text_verified","Text verified; operative interaction requires article-specific statutory and case-law reconciliation.","expressly_preserved","mixed","Contract Model 31,13(5), Schedule 1B.1","Interest substance, rates and exclusions survive; default for a covered obligation is deliberately determined by the new section 13. There is no general enlargement beyond 1008.","https://attorneygeneralchambers.com/laws-of-saint-lucia/civil-code-of-saint-lucia/section-iii-damages-for-non-fulfilment-of-obligations","2026-09-05",1,1]
["CC-1009","1009","performance and damages","Permits compound interest in specified contractual, litigation and tutorship situations.","text_verified","Text verified; operative interaction requires article-specific statutory and case-law reconciliation.","expressly_preserved","mixed","Contract Model 31,13(5), Schedule 1B.1","Interest substance, rates and exclusions survive; default for a covered obligation is deliberately determined by the new section 13. There is no general enlargement beyond 1008.","https://attorneygeneralchambers.com/laws-of-saint-lucia/civil-code-of-saint-lucia/section-iii-damages-for-non-fulfilment-of-obligations","2026-09-05",1,1]
["CC-1009A","1009A","performance and damages","Authorises discretionary pre-judgment interest subject to specified exclusions and anti-duplication limits.","text_verified","Text verified; operative interaction requires article-specific statutory and case-law reconciliation.","expressly_preserved","mixed","Contract Model 31,13(5), Schedule 1B.1","Interest substance, rates and exclusions survive; default for a covered obligation is deliberately determined by the new section 13. There is no general enlargement beyond 1008.","https://attorneygeneralchambers.com/laws-of-saint-lucia/civil-code-of-saint-lucia/section-iii-damages-for-non-fulfilment-of-obligations","2026-09-05",1,0]
["CC-1010","1010","conditional obligations","Defines suspensive and resolutive conditions and distinguishes unknown past events.","text_verified","Text verified; operative interaction requires article-specific statutory and case-law reconciliation.","unchanged_for_now","retain","Contract Model 4(4)-(6); Reception Bill 10,14,18","No express textual substitution of this article in either model Schedule 1. It remains part of the applicable baseline, subject to matters expressly determined by the module and subsequent domestic law.","https://attorneygeneralchambers.com/laws-of-saint-lucia/civil-code-of-saint-lucia/section-i-conditional-obligations","2026-09-05",1,1]
["CC-1011","1011","conditional obligations","Illegal, immoral or impossible conditions can invalidate dependent obligations.","text_verified","Text verified; operative interaction requires article-specific statutory and case-law reconciliation.","unchanged_for_now","retain","Contract Model 4(4)-(6); Reception Bill 10,14,18","No express textual substitution of this article in either model Schedule 1. It remains part of the applicable baseline, subject to matters expressly determined by the module and subsequent domestic law.","https://attorneygeneralchambers.com/laws-of-saint-lucia/civil-code-of-saint-lucia/section-i-conditional-obligations","2026-09-05",1,1]
["CC-1012","1012","conditional obligations","Distinguishes an obligation dependent solely on the debtor's will from one dependent on a specified act.","text_verified","Text verified; operative interaction requires article-specific statutory and case-law reconciliation.","unchanged_for_now","retain","Contract Model 4(4)-(6); Reception Bill 10,14,18","No express textual substitution of this article in either model Schedule 1. It remains part of the applicable baseline, subject to matters expressly determined by the module and subsequent domestic law.","https://attorneygeneralchambers.com/laws-of-saint-lucia/civil-code-of-saint-lucia/section-i-conditional-obligations","2026-09-05",1,1]
["CC-1013","1013","conditional obligations","Determines when an undated positive condition fails.","text_verified","Text verified; operative interaction requires article-specific statutory and case-law reconciliation.","unchanged_for_now","retain","Contract Model 4(4)-(6); Reception Bill 10,14,18","No express textual substitution of this article in either model Schedule 1. It remains part of the applicable baseline, subject to matters expressly determined by the module and subsequent domestic law.","https://attorneygeneralchambers.com/laws-of-saint-lucia/civil-code-of-saint-lucia/section-i-conditional-obligations","2026-09-05",1,1]
["CC-1014","1014","conditional obligations","Determines fulfilment of a negative condition with or without a fixed period.","text_verified","Text verified; operative interaction requires article-specific statutory and case-law reconciliation.","unchanged_for_now","retain","Contract Model 4(4)-(6); Reception Bill 10,14,18","No express textual substitution of this article in either model Schedule 1. It remains part of the applicable baseline, subject to matters expressly determined by the module and subsequent domestic law.","https://attorneygeneralchambers.com/laws-of-saint-lucia/civil-code-of-saint-lucia/section-i-conditional-obligations","2026-09-05",1,1]
["CC-1015","1015","conditional obligations","A party cannot preserve a condition's failure by preventing its fulfilment.","text_verified","Text verified; operative interaction requires article-specific statutory and case-law reconciliation.","unchanged_for_now","retain","Contract Model 4(4)-(6); Reception Bill 10,14,18","No express textual substitution of this article in either model Schedule 1. It remains part of the applicable baseline, subject to matters expressly determined by the module and subsequent domestic law.","https://attorneygeneralchambers.com/laws-of-saint-lucia/civil-code-of-saint-lucia/section-i-conditional-obligations","2026-09-05",1,1]
["CC-1016","1016","conditional obligations","Gives fulfilled conditions retroactive effect and addresses transmission to successors.","text_verified","Text verified; operative interaction requires article-specific statutory and case-law reconciliation.","unchanged_for_now","retain","Contract Model 4(4)-(6); Reception Bill 10,14,18","No express textual substitution of this article in either model Schedule 1. It remains part of the applicable baseline, subject to matters expressly determined by the module and subsequent domestic law.","https://attorneygeneralchambers.com/laws-of-saint-lucia/civil-code-of-saint-lucia/section-i-conditional-obligations","2026-09-05",1,1]
["CC-1017","1017","conditional obligations","Permits protective acts before fulfilment of a condition or discharge.","text_verified","Text verified; operative interaction requires article-specific statutory and case-law reconciliation.","unchanged_for_now","retain","Contract Model 4(4)-(6); Reception Bill 10,14,18","No express textual substitution of this article in either model Schedule 1. It remains part of the applicable baseline, subject to matters expressly determined by the module and subsequent domestic law.","https://attorneygeneralchambers.com/laws-of-saint-lucia/civil-code-of-saint-lucia/section-i-conditional-obligations","2026-09-05",1,1]
["CC-1018","1018","conditional obligations","Allocates loss and deterioration while a delivery obligation is subject to a suspensive condition.","text_verified","Text verified; operative interaction requires article-specific statutory and case-law reconciliation.","unchanged_for_now","retain","Contract Model 4(4)-(6); Reception Bill 10,14,18","No express textual substitution of this article in either model Schedule 1. It remains part of the applicable baseline, subject to matters expressly determined by the module and subsequent domestic law.","https://attorneygeneralchambers.com/laws-of-saint-lucia/civil-code-of-saint-lucia/section-i-conditional-obligations","2026-09-05",1,1]
["CC-1019","1019","conditional obligations","A resolutive condition ordinarily requires reciprocal restoration, subject to the preceding loss rules.","text_verified","Text verified; operative interaction requires article-specific statutory and case-law reconciliation.","unchanged_for_now","retain","Contract Model 4(4)-(6); Reception Bill 10,14,18","No express textual substitution of this article in either model Schedule 1. It remains part of the applicable baseline, subject to matters expressly determined by the module and subsequent domestic law.","https://attorneygeneralchambers.com/laws-of-saint-lucia/civil-code-of-saint-lucia/section-i-conditional-obligations","2026-09-05",1,1]
["CC-1020","1020","time for performance","A term postpones performance rather than the existence of the obligation.","text_verified","Text verified; operative interaction requires article-specific statutory and case-law reconciliation.","expressly_preserved","retain","Contract Model Schedule 1B.3;4,39","Expressly preserved except to the extent the Contract Model determines a particular covered matter otherwise; preserved text is not repealed merely because the module adds general rules.","https://attorneygeneralchambers.com/laws-of-saint-lucia/civil-code-of-saint-lucia/section-ii-obligations-with-a-term","2026-09-05",1,1]
["CC-1021","1021","time for performance","Prevents premature enforcement while restricting recovery of voluntary early performance.","text_verified","Text verified; operative interaction requires article-specific statutory and case-law reconciliation.","expressly_preserved","retain","Contract Model Schedule 1B.3;4,39","Expressly preserved except to the extent the Contract Model determines a particular covered matter otherwise; preserved text is not repealed merely because the module adds general rules.","https://attorneygeneralchambers.com/laws-of-saint-lucia/civil-code-of-saint-lucia/section-ii-obligations-with-a-term","2026-09-05",1,1]
["CC-1022","1022","time for performance","Presumes the agreed term benefits the debtor unless context shows otherwise.","text_verified","Text verified; operative interaction requires article-specific statutory and case-law reconciliation.","expressly_preserved","retain","Contract Model Schedule 1B.3;4,39","Expressly preserved except to the extent the Contract Model determines a particular covered matter otherwise; preserved text is not repealed merely because the module adds general rules.","https://attorneygeneralchambers.com/laws-of-saint-lucia/civil-code-of-saint-lucia/section-ii-obligations-with-a-term","2026-09-05",1,1]
["CC-1023","1023","time for performance","Insolvency or self-caused impairment of security can remove the benefit of time.","text_verified","Text verified; operative interaction requires article-specific statutory and case-law reconciliation.","expressly_preserved","retain","Contract Model Schedule 1B.3;4,39","Expressly preserved except to the extent the Contract Model determines a particular covered matter otherwise; preserved text is not repealed merely because the module adds general rules.","https://attorneygeneralchambers.com/laws-of-saint-lucia/civil-code-of-saint-lucia/section-ii-obligations-with-a-term","2026-09-05",1,1]
["CC-1024","1024","alternative performance","Alternative obligations are discharged by a complete permitted alternative rather than mixed partial performances.","text_verified","Text verified; operative interaction requires article-specific statutory and case-law reconciliation.","unchanged_for_now","retain","Contract Model 4(4)-(6); Reception Bill 10,14,18","No express textual substitution of this article in either model Schedule 1. It remains part of the applicable baseline, subject to matters expressly determined by the module and subsequent domestic law.","https://attorneygeneralchambers.com/laws-of-saint-lucia/civil-code-of-saint-lucia/section-iii-alternative-obligations","2026-09-05",1,1]
["CC-1025","1025","alternative performance","Choice of alternative belongs to the debtor unless granted to the creditor.","text_verified","Text verified; operative interaction requires article-specific statutory and case-law reconciliation.","unchanged_for_now","retain","Contract Model 4(4)-(6); Reception Bill 10,14,18","No express textual substitution of this article in either model Schedule 1. It remains part of the applicable baseline, subject to matters expressly determined by the module and subsequent domestic law.","https://attorneygeneralchambers.com/laws-of-saint-lucia/civil-code-of-saint-lucia/section-iii-alternative-obligations","2026-09-05",1,1]
["CC-1026","1026","alternative performance","An unavailable alternative may leave a single effective obligation.","text_verified","Text verified; operative interaction requires article-specific statutory and case-law reconciliation.","unchanged_for_now","retain","Contract Model 4(4)-(6); Reception Bill 10,14,18","No express textual substitution of this article in either model Schedule 1. It remains part of the applicable baseline, subject to matters expressly determined by the module and subsequent domestic law.","https://attorneygeneralchambers.com/laws-of-saint-lucia/civil-code-of-saint-lucia/section-iii-alternative-obligations","2026-09-05",1,1]
["CC-1027","1027","alternative performance","Regulates loss of alternatives where the debtor has the choice.","text_verified","Text verified; operative interaction requires article-specific statutory and case-law reconciliation.","unchanged_for_now","retain","Contract Model 4(4)-(6); Reception Bill 10,14,18","No express textual substitution of this article in either model Schedule 1. It remains part of the applicable baseline, subject to matters expressly determined by the module and subsequent domestic law.","https://attorneygeneralchambers.com/laws-of-saint-lucia/civil-code-of-saint-lucia/section-iii-alternative-obligations","2026-09-05",1,1]
["CC-1028","1028","alternative performance","Regulates loss of alternatives where the creditor has the choice.","text_verified","Text verified; operative interaction requires article-specific statutory and case-law reconciliation.","unchanged_for_now","retain","Contract Model 4(4)-(6); Reception Bill 10,14,18","No express textual substitution of this article in either model Schedule 1. It remains part of the applicable baseline, subject to matters expressly determined by the module and subsequent domestic law.","https://attorneygeneralchambers.com/laws-of-saint-lucia/civil-code-of-saint-lucia/section-iii-alternative-obligations","2026-09-05",1,1]
["CC-1029","1029","alternative performance","Links destruction of all alternatives to Article 1130's extinction rules.","text_verified","Text verified; operative interaction requires article-specific statutory and case-law reconciliation.","unchanged_for_now","retain","Contract Model 4(4)-(6); Reception Bill 10,14,18","No express textual substitution of this article in either model Schedule 1. It remains part of the applicable baseline, subject to matters expressly determined by the module and subsequent domestic law.","https://attorneygeneralchambers.com/laws-of-saint-lucia/civil-code-of-saint-lucia/section-iii-alternative-obligations","2026-09-05",1,1]
["CC-1030","1030","alternative performance","Extends alternative-performance rules to more than two alternatives and obligations to act or refrain.","text_verified","Text verified; operative interaction requires article-specific statutory and case-law reconciliation.","unchanged_for_now","retain","Contract Model 4(4)-(6); Reception Bill 10,14,18","No express textual substitution of this article in either model Schedule 1. It remains part of the applicable baseline, subject to matters expressly determined by the module and subsequent domestic law.","https://attorneygeneralchambers.com/laws-of-saint-lucia/civil-code-of-saint-lucia/section-iii-alternative-obligations","2026-09-05",1,1]
["CC-1031","1031","multiple creditors and debtors","Each joint-and-several creditor can claim full performance and discharge the debtor by receiving it.","text_verified","Text verified; operative interaction requires article-specific statutory and case-law reconciliation.","unchanged_for_now","retain","Contract Model 4(4)-(6); Reception Bill 10,14,18","No express textual substitution of this article in either model Schedule 1. It remains part of the applicable baseline, subject to matters expressly determined by the module and subsequent domestic law.","https://attorneygeneralchambers.com/laws-of-saint-lucia/civil-code-of-saint-lucia/section-iv-joint-and-several-obligations","2026-09-05",1,1]
["CC-1032","1032","multiple creditors and debtors","Regulates payment to one creditor and the limited effect of one creditor's release.","text_verified","Text verified; operative interaction requires article-specific statutory and case-law reconciliation.","unchanged_for_now","retain","Contract Model 4(4)-(6); Reception Bill 10,14,18","No express textual substitution of this article in either model Schedule 1. It remains part of the applicable baseline, subject to matters expressly determined by the module and subsequent domestic law.","https://attorneygeneralchambers.com/laws-of-saint-lucia/civil-code-of-saint-lucia/section-iv-joint-and-several-obligations","2026-09-05",1,1]
["CC-1033","1033","multiple creditors and debtors","Refers interruption of prescription for multiple creditors to the prescription book.","text_verified","Text verified; operative interaction requires article-specific statutory and case-law reconciliation.","unchanged_for_now","retain","Contract Model 4(4)-(6); Reception Bill 10,14,18","No express textual substitution of this article in either model Schedule 1. It remains part of the applicable baseline, subject to matters expressly determined by the module and subsequent domestic law.","https://attorneygeneralchambers.com/laws-of-saint-lucia/civil-code-of-saint-lucia/section-iv-joint-and-several-obligations","2026-09-05",1,1]
["CC-1034","1034","multiple creditors and debtors","Defines joint-and-several debtor liability and discharge through one debtor's performance.","text_verified","Text verified; operative interaction requires article-specific statutory and case-law reconciliation.","unchanged_for_now","retain","Contract Model 4(4)-(6); Reception Bill 10,14,18","No express textual substitution of this article in either model Schedule 1. It remains part of the applicable baseline, subject to matters expressly determined by the module and subsequent domestic law.","https://attorneygeneralchambers.com/laws-of-saint-lucia/civil-code-of-saint-lucia/section-iv-joint-and-several-obligations","2026-09-05",1,1]
["CC-1035","1035","multiple creditors and debtors","Allows joint-and-several liability despite differences in conditions or terms between debtors.","text_verified","Text verified; operative interaction requires article-specific statutory and case-law reconciliation.","unchanged_for_now","retain","Contract Model 4(4)-(6); Reception Bill 10,14,18","No express textual substitution of this article in either model Schedule 1. It remains part of the applicable baseline, subject to matters expressly determined by the module and subsequent domestic law.","https://attorneygeneralchambers.com/laws-of-saint-lucia/civil-code-of-saint-lucia/section-iv-joint-and-several-obligations","2026-09-05",1,1]
["CC-1036","1036","multiple creditors and debtors","Presumes joint-and-several liability for multiple debtors unless otherwise declared.","text_verified","Text verified; operative interaction requires article-specific statutory and case-law reconciliation.","unchanged_for_now","retain","Contract Model 4(4)-(6); Reception Bill 10,14,18","No express textual substitution of this article in either model Schedule 1. It remains part of the applicable baseline, subject to matters expressly determined by the module and subsequent domestic law.","https://attorneygeneralchambers.com/laws-of-saint-lucia/civil-code-of-saint-lucia/section-iv-joint-and-several-obligations","2026-09-05",1,1]
["CC-1037","1037","multiple creditors and debtors","Makes obligations from a common delict joint and several.","text_verified","Text verified; operative interaction requires article-specific statutory and case-law reconciliation.","unchanged_for_now","retain","Contract Model 4(4)-(6); Reception Bill 10,14,18","No express textual substitution of this article in either model Schedule 1. It remains part of the applicable baseline, subject to matters expressly determined by the module and subsequent domestic law.","https://attorneygeneralchambers.com/laws-of-saint-lucia/civil-code-of-saint-lucia/section-iv-joint-and-several-obligations","2026-09-05",1,1]
["CC-1038","1038","multiple creditors and debtors","Permits the creditor to seek full payment from one joint-and-several debtor.","text_verified","Text verified; operative interaction requires article-specific statutory and case-law reconciliation.","unchanged_for_now","retain","Contract Model 4(4)-(6); Reception Bill 10,14,18","No express textual substitution of this article in either model Schedule 1. It remains part of the applicable baseline, subject to matters expressly determined by the module and subsequent domestic law.","https://attorneygeneralchambers.com/laws-of-saint-lucia/civil-code-of-saint-lucia/section-iv-joint-and-several-obligations","2026-09-05",1,1]
["CC-1039","1039","multiple creditors and debtors","Proceedings against one debtor do not prevent proceedings against others.","text_verified","Text verified; operative interaction requires article-specific statutory and case-law reconciliation.","unchanged_for_now","retain","Contract Model 4(4)-(6); Reception Bill 10,14,18","No express textual substitution of this article in either model Schedule 1. It remains part of the applicable baseline, subject to matters expressly determined by the module and subsequent domestic law.","https://attorneygeneralchambers.com/laws-of-saint-lucia/civil-code-of-saint-lucia/section-iv-joint-and-several-obligations","2026-09-05",1,1]
["CC-1040","1040","multiple creditors and debtors","Distinguishes liability for the thing's value from damages when one co-debtor causes its loss.","text_verified","Text verified; operative interaction requires article-specific statutory and case-law reconciliation.","unchanged_for_now","retain","Contract Model 4(4)-(6); Reception Bill 10,14,18","No express textual substitution of this article in either model Schedule 1. It remains part of the applicable baseline, subject to matters expressly determined by the module and subsequent domestic law.","https://attorneygeneralchambers.com/laws-of-saint-lucia/civil-code-of-saint-lucia/section-iv-joint-and-several-obligations","2026-09-05",1,1]
["CC-1041","1041","multiple creditors and debtors","Refers interruption of prescription for co-debtors to the prescription book.","text_verified","Text verified; operative interaction requires article-specific statutory and case-law reconciliation.","unchanged_for_now","retain","Contract Model 4(4)-(6); Reception Bill 10,14,18","No express textual substitution of this article in either model Schedule 1. It remains part of the applicable baseline, subject to matters expressly determined by the module and subsequent domestic law.","https://attorneygeneralchambers.com/laws-of-saint-lucia/civil-code-of-saint-lucia/section-iv-joint-and-several-obligations","2026-09-05",1,1]
["CC-1042","1042","multiple creditors and debtors","A demand for interest against one co-debtor affects all.","text_verified","Text verified; operative interaction requires article-specific statutory and case-law reconciliation.","unchanged_for_now","retain","Contract Model 4(4)-(6); Reception Bill 10,14,18","No express textual substitution of this article in either model Schedule 1. It remains part of the applicable baseline, subject to matters expressly determined by the module and subsequent domestic law.","https://attorneygeneralchambers.com/laws-of-saint-lucia/civil-code-of-saint-lucia/section-iv-joint-and-several-obligations","2026-09-05",1,1]
["CC-1043","1043","multiple creditors and debtors","Distinguishes personal defences from defences shared by co-debtors.","text_verified","Text verified; operative interaction requires article-specific statutory and case-law reconciliation.","unchanged_for_now","retain","Contract Model 4(4)-(6); Reception Bill 10,14,18","No express textual substitution of this article in either model Schedule 1. It remains part of the applicable baseline, subject to matters expressly determined by the module and subsequent domestic law.","https://attorneygeneralchambers.com/laws-of-saint-lucia/civil-code-of-saint-lucia/section-iv-joint-and-several-obligations","2026-09-05",1,1]
["CC-1044","1044","multiple creditors and debtors","Merger through succession extinguishes only the relevant co-debtor's share.","text_verified","Text verified; operative interaction requires article-specific statutory and case-law reconciliation.","unchanged_for_now","retain","Contract Model 4(4)-(6); Reception Bill 10,14,18","No express textual substitution of this article in either model Schedule 1. It remains part of the applicable baseline, subject to matters expressly determined by the module and subsequent domestic law.","https://attorneygeneralchambers.com/laws-of-saint-lucia/civil-code-of-saint-lucia/section-iv-joint-and-several-obligations","2026-09-05",1,1]
["CC-1045","1045","multiple creditors and debtors","A creditor's agreement to division for one debtor preserves the stated rights against others.","text_verified","Text verified; operative interaction requires article-specific statutory and case-law reconciliation.","unchanged_for_now","retain","Contract Model 4(4)-(6); Reception Bill 10,14,18","No express textual substitution of this article in either model Schedule 1. It remains part of the applicable baseline, subject to matters expressly determined by the module and subsequent domestic law.","https://attorneygeneralchambers.com/laws-of-saint-lucia/civil-code-of-saint-lucia/section-iv-joint-and-several-obligations","2026-09-05",1,1]
["CC-1046","1046","multiple creditors and debtors","Specifies when accepting a debtor's separate share relinquishes joint-and-several recourse against that debtor.","text_verified","Text verified; operative interaction requires article-specific statutory and case-law reconciliation.","unchanged_for_now","retain","Contract Model 4(4)-(6); Reception Bill 10,14,18","No express textual substitution of this article in either model Schedule 1. It remains part of the applicable baseline, subject to matters expressly determined by the module and subsequent domestic law.","https://attorneygeneralchambers.com/laws-of-saint-lucia/civil-code-of-saint-lucia/section-iv-joint-and-several-obligations","2026-09-05",1,1]
["CC-1047","1047","multiple creditors and debtors","Distinguishes separate interest payments from discharge of joint-and-several capital liability.","text_verified","Text verified; operative interaction requires article-specific statutory and case-law reconciliation.","unchanged_for_now","retain","Contract Model 4(4)-(6); Reception Bill 10,14,18","No express textual substitution of this article in either model Schedule 1. It remains part of the applicable baseline, subject to matters expressly determined by the module and subsequent domestic law.","https://attorneygeneralchambers.com/laws-of-saint-lucia/civil-code-of-saint-lucia/section-iv-joint-and-several-obligations","2026-09-05",1,1]
["CC-1048","1048","multiple creditors and debtors","Divides internal responsibility between co-debtors despite external joint-and-several liability.","text_verified","Text verified; operative interaction requires article-specific statutory and case-law reconciliation.","unchanged_for_now","retain","Contract Model 4(4)-(6); Reception Bill 10,14,18","No express textual substitution of this article in either model Schedule 1. It remains part of the applicable baseline, subject to matters expressly determined by the module and subsequent domestic law.","https://attorneygeneralchambers.com/laws-of-saint-lucia/civil-code-of-saint-lucia/section-iv-joint-and-several-obligations","2026-09-05",1,1]
["CC-1049","1049","multiple creditors and debtors","Regulates contribution after one debtor pays and distribution of a co-debtor's insolvency loss.","text_verified","Text verified; operative interaction requires article-specific statutory and case-law reconciliation.","unchanged_for_now","retain","Contract Model 4(4)-(6); Reception Bill 10,14,18","No express textual substitution of this article in either model Schedule 1. It remains part of the applicable baseline, subject to matters expressly determined by the module and subsequent domestic law.","https://attorneygeneralchambers.com/laws-of-saint-lucia/civil-code-of-saint-lucia/section-iv-joint-and-several-obligations","2026-09-05",1,1]
["CC-1050","1050","multiple creditors and debtors","Allocates insolvency loss after the creditor releases one debtor from joint-and-several recourse.","text_verified","Text verified; operative interaction requires article-specific statutory and case-law reconciliation.","unchanged_for_now","retain","Contract Model 4(4)-(6); Reception Bill 10,14,18","No express textual substitution of this article in either model Schedule 1. It remains part of the applicable baseline, subject to matters expressly determined by the module and subsequent domestic law.","https://attorneygeneralchambers.com/laws-of-saint-lucia/civil-code-of-saint-lucia/section-iv-joint-and-several-obligations","2026-09-05",1,1]
["CC-1051","1051","multiple creditors and debtors","Places ultimate internal liability on the co-debtor for whose sole benefit the debt was incurred.","text_verified","Text verified; operative interaction requires article-specific statutory and case-law reconciliation.","unchanged_for_now","retain","Contract Model 4(4)-(6); Reception Bill 10,14,18","No express textual substitution of this article in either model Schedule 1. It remains part of the applicable baseline, subject to matters expressly determined by the module and subsequent domestic law.","https://attorneygeneralchambers.com/laws-of-saint-lucia/civil-code-of-saint-lucia/section-iv-joint-and-several-obligations","2026-09-05",1,1]
["CC-1052","1052","divisibility and succession","Defines divisibility of an obligation's performance.","text_verified","Text verified; operative interaction requires article-specific statutory and case-law reconciliation.","unchanged_for_now","retain","Contract Model 4(4)-(6); Reception Bill 10,14,18","No express textual substitution of this article in either model Schedule 1. It remains part of the applicable baseline, subject to matters expressly determined by the module and subsequent domestic law.","https://attorneygeneralchambers.com/laws-of-saint-lucia/civil-code-of-saint-lucia/section-v-divisible-and-indivisible-obligations","2026-09-05",1,1]
["CC-1053","1053","divisibility and succession","Distinguishes performance between original parties from proportional succession liabilities.","text_verified","Text verified; operative interaction requires article-specific statutory and case-law reconciliation.","unchanged_for_now","retain","Contract Model 4(4)-(6); Reception Bill 10,14,18","No express textual substitution of this article in either model Schedule 1. It remains part of the applicable baseline, subject to matters expressly determined by the module and subsequent domestic law.","https://attorneygeneralchambers.com/laws-of-saint-lucia/civil-code-of-saint-lucia/section-v-divisible-and-indivisible-obligations","2026-09-05",1,1]
["CC-1054","1054","divisibility and succession","Creates exceptions requiring full performance from specified heirs or representatives.","text_verified","Text verified; operative interaction requires article-specific statutory and case-law reconciliation.","unchanged_for_now","retain","Contract Model 4(4)-(6); Reception Bill 10,14,18","No express textual substitution of this article in either model Schedule 1. It remains part of the applicable baseline, subject to matters expressly determined by the module and subsequent domestic law.","https://attorneygeneralchambers.com/laws-of-saint-lucia/civil-code-of-saint-lucia/section-v-divisible-and-indivisible-obligations","2026-09-05",1,1]
["CC-1055","1055","divisibility and succession","Defines indivisibility by nature or contractual character.","text_verified","Text verified; operative interaction requires article-specific statutory and case-law reconciliation.","unchanged_for_now","retain","Contract Model 4(4)-(6); Reception Bill 10,14,18","No express textual substitution of this article in either model Schedule 1. It remains part of the applicable baseline, subject to matters expressly determined by the module and subsequent domestic law.","https://attorneygeneralchambers.com/laws-of-saint-lucia/civil-code-of-saint-lucia/section-v-divisible-and-indivisible-obligations","2026-09-05",1,1]
["CC-1056","1056","divisibility and succession","Distinguishes indivisibility from joint-and-several liability.","text_verified","Text verified; operative interaction requires article-specific statutory and case-law reconciliation.","unchanged_for_now","retain","Contract Model 4(4)-(6); Reception Bill 10,14,18","No express textual substitution of this article in either model Schedule 1. It remains part of the applicable baseline, subject to matters expressly determined by the module and subsequent domestic law.","https://attorneygeneralchambers.com/laws-of-saint-lucia/civil-code-of-saint-lucia/section-v-divisible-and-indivisible-obligations","2026-09-05",1,1]
["CC-1057","1057","divisibility and succession","Each debtor of an indivisible obligation may owe the whole performance, with discharge upon fulfilment.","text_verified","Text verified; operative interaction requires article-specific statutory and case-law reconciliation.","unchanged_for_now","retain","Contract Model 4(4)-(6); Reception Bill 10,14,18","No express textual substitution of this article in either model Schedule 1. It remains part of the applicable baseline, subject to matters expressly determined by the module and subsequent domestic law.","https://attorneygeneralchambers.com/laws-of-saint-lucia/civil-code-of-saint-lucia/section-v-divisible-and-indivisible-obligations","2026-09-05",1,1]
["CC-1058","1058","divisibility and succession","Makes successors jointly and severally responsible for an indivisible obligation.","text_verified","Text verified; operative interaction requires article-specific statutory and case-law reconciliation.","unchanged_for_now","retain","Contract Model 4(4)-(6); Reception Bill 10,14,18","No express textual substitution of this article in either model Schedule 1. It remains part of the applicable baseline, subject to matters expressly determined by the module and subsequent domestic law.","https://attorneygeneralchambers.com/laws-of-saint-lucia/civil-code-of-saint-lucia/section-v-divisible-and-indivisible-obligations","2026-09-05",1,1]
["CC-1059","1059","divisibility and succession","Distinguishes divisible damages from indivisible performance and concentrates liability for individual fault.","text_verified","Text verified; operative interaction requires article-specific statutory and case-law reconciliation.","unchanged_for_now","retain","Contract Model 4(4)-(6); Reception Bill 10,14,18","No express textual substitution of this article in either model Schedule 1. It remains part of the applicable baseline, subject to matters expressly determined by the module and subsequent domestic law.","https://attorneygeneralchambers.com/laws-of-saint-lucia/civil-code-of-saint-lucia/section-v-divisible-and-indivisible-obligations","2026-09-05",1,1]
["CC-1060","1060","divisibility and succession","Regulates enforcement and release of indivisible obligations by multiple creditor successors.","text_verified","Text verified; operative interaction requires article-specific statutory and case-law reconciliation.","unchanged_for_now","retain","Contract Model 4(4)-(6); Reception Bill 10,14,18","No express textual substitution of this article in either model Schedule 1. It remains part of the applicable baseline, subject to matters expressly determined by the module and subsequent domestic law.","https://attorneygeneralchambers.com/laws-of-saint-lucia/civil-code-of-saint-lucia/section-v-divisible-and-indivisible-obligations","2026-09-05",1,1]
["CC-1061","1061","divisibility and succession","Permits joinder-related delay for a successor sued for an entire indivisible obligation, subject to exceptions.","text_verified","Text verified; operative interaction requires article-specific statutory and case-law reconciliation.","unchanged_for_now","retain","Contract Model 4(4)-(6); Reception Bill 10,14,18","No express textual substitution of this article in either model Schedule 1. It remains part of the applicable baseline, subject to matters expressly determined by the module and subsequent domestic law.","https://attorneygeneralchambers.com/laws-of-saint-lucia/civil-code-of-saint-lucia/section-v-divisible-and-indivisible-obligations","2026-09-05",1,1]
["CC-1062","1062","agreed sums and penalties","Defines a penal clause as an obligation secondary to the principal performance duty.","text_verified","Text verified; operative interaction requires article-specific statutory and case-law reconciliation.","conditional_substitution","mixed","Contract Model Schedule 1A.4; sections 13,30(1),(6)","Replaces the penal-clause formulation with the model’s agreed-payment category and reserves separate deposit and forfeiture questions.","https://attorneygeneralchambers.com/laws-of-saint-lucia/civil-code-of-saint-lucia/section-vi-obligations-with-a-penal-clause","2026-09-05",1,1]
["CC-1063","1063","agreed sums and penalties","Invalidity of the principal obligation defeats the penalty, but the reverse does not necessarily follow.","text_verified","Text verified; operative interaction requires article-specific statutory and case-law reconciliation.","conditional_substitution","clarify","Contract Model Schedule 1A.4; section 30(7)","Restates dependence of the payment term on a valid primary obligation and the separability of the primary obligation from an invalid payment term.","https://attorneygeneralchambers.com/laws-of-saint-lucia/civil-code-of-saint-lucia/section-vi-obligations-with-a-penal-clause","2026-09-05",1,1]
["CC-1064","1064","agreed sums and penalties","Regulates election between primary performance and penalty and prevents specified double recovery.","text_verified","Text verified; operative interaction requires article-specific statutory and case-law reconciliation.","conditional_substitution","mixed","Contract Model Schedule 1A.4; section 30(4)-(5),32","Preserves election and anti-duplication protections while expressly coordinating additional losses and delay payments.","https://attorneygeneralchambers.com/laws-of-saint-lucia/civil-code-of-saint-lucia/section-vi-obligations-with-a-penal-clause","2026-09-05",1,1]
["CC-1065","1065","agreed sums and penalties","Links a penalty's accrual to default or prohibited conduct.","text_verified","Text verified; operative interaction requires article-specific statutory and case-law reconciliation.","conditional_substitution","reform","Contract Model Schedule 1A.4; sections 13,30","Replaces the old penalty-accrual rule through the redesigned default and agreed-payment provisions.","https://attorneygeneralchambers.com/laws-of-saint-lucia/civil-code-of-saint-lucia/section-vi-obligations-with-a-penal-clause","2026-09-05",1,1]
["CC-1066","1066","agreed sums and penalties","Permits reducing penalties for partial performance or wholly disproportionate amounts.","text_verified","Text verified; operative interaction requires article-specific statutory and case-law reconciliation.","conditional_substitution","mixed","Contract Model Schedule 1A.4; section 30(2)-(4);5(2)(c)","Preserves judicial reduction while adding specified considerations, reasons and a bar on pre-dispute exclusion of the power.","https://attorneygeneralchambers.com/laws-of-saint-lucia/civil-code-of-saint-lucia/section-vi-obligations-with-a-penal-clause","2026-09-05",1,1]
["CC-1067","1067","agreed sums and penalties","Allocates penalties for breach of indivisible obligations among successors.","text_verified","Text verified; operative interaction requires article-specific statutory and case-law reconciliation.","expressly_preserved","mixed","Contract Model Schedule 1A.4;30","Allocation among heirs or representatives survives, while the enforceable amount for a covered contract is subject to the new agreed-payment rule.","https://attorneygeneralchambers.com/laws-of-saint-lucia/civil-code-of-saint-lucia/section-vi-obligations-with-a-penal-clause","2026-09-05",1,1]
["CC-1068","1068","agreed sums and penalties","Allocates penalties for divisible obligations and deliberate prevention of complete performance.","text_verified","Text verified; operative interaction requires article-specific statutory and case-law reconciliation.","expressly_preserved","mixed","Contract Model Schedule 1A.4;30","Allocation among heirs or representatives survives, while the enforceable amount for a covered contract is subject to the new agreed-payment rule.","https://attorneygeneralchambers.com/laws-of-saint-lucia/civil-code-of-saint-lucia/section-vi-obligations-with-a-penal-clause","2026-09-05",1,1]
["CC-1069","1069","extinction architecture","Lists methods of extinguishing obligations, including payment, release, prescription and special-contract rules.","text_verified","Text verified; operative interaction requires article-specific statutory and case-law reconciliation.","unchanged_for_now","retain","Contract Model 4(4)-(6); Reception Bill 10,14,18","No express textual substitution of this article in either model Schedule 1. It remains part of the applicable baseline, subject to matters expressly determined by the module and subsequent domestic law.","https://attorneygeneralchambers.com/laws-of-saint-lucia/civil-code-of-saint-lucia/section-i-general-provisions-04","2026-09-05",1,1]
["CC-1070","1070","payment and performance mechanics","Defines payment to include fulfilment of non-monetary obligations.","text_verified","Text verified; operative interaction requires article-specific statutory and case-law reconciliation.","expressly_preserved","retain","Contract Model Schedule 1B.3;4,39","Expressly preserved except to the extent the Contract Model determines a particular covered matter otherwise; preserved text is not repealed merely because the module adds general rules.","https://attorneygeneralchambers.com/laws-of-saint-lucia/civil-code-of-saint-lucia/section-ii-payment","2026-09-05",1,1]
["CC-1071","1071","payment and performance mechanics","Allows recovery of payment without a debt but recognises voluntary performance of natural obligations.","text_verified","Text verified; operative interaction requires article-specific statutory and case-law reconciliation.","expressly_preserved","retain","Contract Model Schedule 1B.3;4,39","Expressly preserved except to the extent the Contract Model determines a particular covered matter otherwise; preserved text is not repealed merely because the module adds general rules.","https://attorneygeneralchambers.com/laws-of-saint-lucia/civil-code-of-saint-lucia/section-ii-payment","2026-09-05",1,1]
["CC-1072","1072","payment and performance mechanics","Allows certain beneficial third-person payments and tenders.","text_verified","Text verified; operative interaction requires article-specific statutory and case-law reconciliation.","expressly_preserved","retain","Contract Model Schedule 1B.3;4,39","Expressly preserved except to the extent the Contract Model determines a particular covered matter otherwise; preserved text is not repealed merely because the module adds general rules.","https://attorneygeneralchambers.com/laws-of-saint-lucia/civil-code-of-saint-lucia/section-ii-payment","2026-09-05",1,1]
["CC-1073","1073","payment and performance mechanics","Protects the creditor's interest in personal performance by the identified debtor.","text_verified","Text verified; operative interaction requires article-specific statutory and case-law reconciliation.","expressly_preserved","retain","Contract Model Schedule 1B.3;4,39","Expressly preserved except to the extent the Contract Model determines a particular covered matter otherwise; preserved text is not repealed merely because the module adds general rules.","https://attorneygeneralchambers.com/laws-of-saint-lucia/civil-code-of-saint-lucia/section-ii-payment","2026-09-05",1,1]
["CC-1074","1074","payment and performance mechanics","Requires authority over the property tendered, with good-faith consumption protection.","text_verified","Text verified; operative interaction requires article-specific statutory and case-law reconciliation.","expressly_preserved","retain","Contract Model Schedule 1B.3;4,39","Expressly preserved except to the extent the Contract Model determines a particular covered matter otherwise; preserved text is not repealed merely because the module adds general rules.","https://attorneygeneralchambers.com/laws-of-saint-lucia/civil-code-of-saint-lucia/section-ii-payment","2026-09-05",1,1]
["CC-1075","1075","payment and performance mechanics","Specifies valid recipients of payment and validation through ratification or benefit.","text_verified","Text verified; operative interaction requires article-specific statutory and case-law reconciliation.","expressly_preserved","retain","Contract Model Schedule 1B.3;4,39","Expressly preserved except to the extent the Contract Model determines a particular covered matter otherwise; preserved text is not repealed merely because the module adds general rules.","https://attorneygeneralchambers.com/laws-of-saint-lucia/civil-code-of-saint-lucia/section-ii-payment","2026-09-05",1,1]
["CC-1076","1076","payment and performance mechanics","Protects good-faith payment to an apparent creditor.","text_verified","Text verified; operative interaction requires article-specific statutory and case-law reconciliation.","expressly_preserved","retain","Contract Model Schedule 1B.3;4,39","Expressly preserved except to the extent the Contract Model determines a particular covered matter otherwise; preserved text is not repealed merely because the module adds general rules.","https://attorneygeneralchambers.com/laws-of-saint-lucia/civil-code-of-saint-lucia/section-ii-payment","2026-09-05",1,1]
["CC-1077","1077","payment and performance mechanics","Payment to an incapable creditor requires demonstrated benefit to be effective.","text_verified","Text verified; operative interaction requires article-specific statutory and case-law reconciliation.","expressly_preserved","retain","Contract Model Schedule 1B.3;4,39","Expressly preserved except to the extent the Contract Model determines a particular covered matter otherwise; preserved text is not repealed merely because the module adds general rules.","https://attorneygeneralchambers.com/laws-of-saint-lucia/civil-code-of-saint-lucia/section-ii-payment","2026-09-05",1,1]
["CC-1078","1078","payment and performance mechanics","Payment prejudicing attachment or seizure may expose the debtor to paying again.","text_verified","Text verified; operative interaction requires article-specific statutory and case-law reconciliation.","expressly_preserved","retain","Contract Model Schedule 1B.3;4,39","Expressly preserved except to the extent the Contract Model determines a particular covered matter otherwise; preserved text is not repealed merely because the module adds general rules.","https://attorneygeneralchambers.com/laws-of-saint-lucia/civil-code-of-saint-lucia/section-ii-payment","2026-09-05",1,1]
["CC-1079","1079","payment and performance mechanics","The creditor need not accept a different performance merely because it has greater value.","text_verified","Text verified; operative interaction requires article-specific statutory and case-law reconciliation.","expressly_preserved","retain","Contract Model Schedule 1B.3;4,39","Expressly preserved except to the extent the Contract Model determines a particular covered matter otherwise; preserved text is not repealed merely because the module adds general rules.","https://attorneygeneralchambers.com/laws-of-saint-lucia/civil-code-of-saint-lucia/section-ii-payment","2026-09-05",1,1]
["CC-1080","1080","payment and performance mechanics","The debtor cannot ordinarily compel acceptance of instalments.","text_verified","Text verified; operative interaction requires article-specific statutory and case-law reconciliation.","expressly_preserved","retain","Contract Model Schedule 1B.3;4,39","Expressly preserved except to the extent the Contract Model determines a particular covered matter otherwise; preserved text is not repealed merely because the module adds general rules.","https://attorneygeneralchambers.com/laws-of-saint-lucia/civil-code-of-saint-lucia/section-ii-payment","2026-09-05",1,1]
["CC-1081","1081","payment and performance mechanics","Allocates deterioration of a specific thing before delivery according to fault and default.","text_verified","Text verified; operative interaction requires article-specific statutory and case-law reconciliation.","expressly_preserved","retain","Contract Model Schedule 1B.3;4,39","Expressly preserved except to the extent the Contract Model determines a particular covered matter otherwise; preserved text is not repealed merely because the module adds general rules.","https://attorneygeneralchambers.com/laws-of-saint-lucia/civil-code-of-saint-lucia/section-ii-payment","2026-09-05",1,1]
["CC-1082","1082","payment and performance mechanics","Requires merchantable quality for generic goods where quality was unspecified.","text_verified","Text verified; operative interaction requires article-specific statutory and case-law reconciliation.","expressly_preserved","retain","Contract Model Schedule 1B.3;4,39","Expressly preserved except to the extent the Contract Model determines a particular covered matter otherwise; preserved text is not repealed merely because the module adds general rules.","https://attorneygeneralchambers.com/laws-of-saint-lucia/civil-code-of-saint-lucia/section-ii-payment","2026-09-05",1,1]
["CC-1083","1083","payment and performance mechanics","Determines the place of performance by agreement and fallback rules, preserving special contracts.","text_verified","Text verified; operative interaction requires article-specific statutory and case-law reconciliation.","expressly_preserved","retain","Contract Model Schedule 1B.3;4,39","Expressly preserved except to the extent the Contract Model determines a particular covered matter otherwise; preserved text is not repealed merely because the module adds general rules.","https://attorneygeneralchambers.com/laws-of-saint-lucia/civil-code-of-saint-lucia/section-ii-payment","2026-09-05",1,1]
["CC-1084","1084","payment and performance mechanics","Places ordinary payment expenses on the debtor.","text_verified","Text verified; operative interaction requires article-specific statutory and case-law reconciliation.","expressly_preserved","retain","Contract Model Schedule 1B.3;4,39","Expressly preserved except to the extent the Contract Model determines a particular covered matter otherwise; preserved text is not repealed merely because the module adds general rules.","https://attorneygeneralchambers.com/laws-of-saint-lucia/civil-code-of-saint-lucia/section-ii-payment","2026-09-05",1,1]
["CC-1085","1085","subrogation and security","Distinguishes conventional from legal subrogation after third-person payment.","text_verified","Text verified; operative interaction requires article-specific statutory and case-law reconciliation.","expressly_preserved","retain","Contract Model Schedule 1B.3;4,39","Expressly preserved except to the extent the Contract Model determines a particular covered matter otherwise; preserved text is not repealed merely because the module adds general rules.","https://attorneygeneralchambers.com/laws-of-saint-lucia/civil-code-of-saint-lucia/section-ii-payment","2026-09-05",1,1]
["CC-1086","1086","subrogation and security","Specifies agreement and formality requirements for conventional subrogation.","text_verified","Text verified; operative interaction requires article-specific statutory and case-law reconciliation.","expressly_preserved","retain","Contract Model Schedule 1B.3;4,39","Expressly preserved except to the extent the Contract Model determines a particular covered matter otherwise; preserved text is not repealed merely because the module adds general rules.","https://attorneygeneralchambers.com/laws-of-saint-lucia/civil-code-of-saint-lucia/section-ii-payment","2026-09-05",1,1]
["CC-1087","1087","subrogation and security","Identifies legal subrogation situations, including co-liability and community funds.","text_verified","Text verified; operative interaction requires article-specific statutory and case-law reconciliation.","expressly_preserved","retain","Contract Model Schedule 1B.3;4,39","Expressly preserved except to the extent the Contract Model determines a particular covered matter otherwise; preserved text is not repealed merely because the module adds general rules.","https://attorneygeneralchambers.com/laws-of-saint-lucia/civil-code-of-saint-lucia/section-ii-payment","2026-09-05",1,1]
["CC-1088","1088","subrogation and security","Protects an incompletely paid creditor's priority over the subrogated payer.","text_verified","Text verified; operative interaction requires article-specific statutory and case-law reconciliation.","expressly_preserved","retain","Contract Model Schedule 1B.3;4,39","Expressly preserved except to the extent the Contract Model determines a particular covered matter otherwise; preserved text is not repealed merely because the module adds general rules.","https://attorneygeneralchambers.com/laws-of-saint-lucia/civil-code-of-saint-lucia/section-ii-payment","2026-09-05",1,1]
["CC-1089","1089","allocation of payments","Permits the debtor to identify the debt discharged by a payment.","text_verified","Text verified; operative interaction requires article-specific statutory and case-law reconciliation.","expressly_preserved","retain","Contract Model Schedule 1B.3;4,39","Expressly preserved except to the extent the Contract Model determines a particular covered matter otherwise; preserved text is not repealed merely because the module adds general rules.","https://attorneygeneralchambers.com/laws-of-saint-lucia/civil-code-of-saint-lucia/section-ii-payment","2026-09-05",1,1]
["CC-1090","1090","allocation of payments","Ordinarily applies insufficient payment first to accrued interest or rent.","text_verified","Text verified; operative interaction requires article-specific statutory and case-law reconciliation.","expressly_preserved","retain","Contract Model Schedule 1B.3;4,39","Expressly preserved except to the extent the Contract Model determines a particular covered matter otherwise; preserved text is not repealed merely because the module adds general rules.","https://attorneygeneralchambers.com/laws-of-saint-lucia/civil-code-of-saint-lucia/section-ii-payment","2026-09-05",1,1]
["CC-1091","1091","allocation of payments","Regulates the effect of accepting a creditor's allocation of payment.","text_verified","Text verified; operative interaction requires article-specific statutory and case-law reconciliation.","expressly_preserved","retain","Contract Model Schedule 1B.3;4,39","Expressly preserved except to the extent the Contract Model determines a particular covered matter otherwise; preserved text is not repealed merely because the module adds general rules.","https://attorneygeneralchambers.com/laws-of-saint-lucia/civil-code-of-saint-lucia/section-ii-payment","2026-09-05",1,1]
["CC-1092","1092","allocation of payments","Supplies a hierarchy for allocating an undesignated payment among debts.","text_verified","Text verified; operative interaction requires article-specific statutory and case-law reconciliation.","expressly_preserved","retain","Contract Model Schedule 1B.3;4,39","Expressly preserved except to the extent the Contract Model determines a particular covered matter otherwise; preserved text is not repealed merely because the module adds general rules.","https://attorneygeneralchambers.com/laws-of-saint-lucia/civil-code-of-saint-lucia/section-ii-payment","2026-09-05",1,1]
["CC-1093","1093","tender deposit and procedure","Provides a tender-and-deposit route when the creditor refuses performance.","text_verified","Text verified; operative interaction requires article-specific statutory and case-law reconciliation.","expressly_preserved","retain","Contract Model Schedule 1B.3;4,39","Expressly preserved except to the extent the Contract Model determines a particular covered matter otherwise; preserved text is not repealed merely because the module adds general rules.","https://attorneygeneralchambers.com/laws-of-saint-lucia/civil-code-of-saint-lucia/section-ii-payment","2026-09-05",1,1]
["CC-1094","1094","tender deposit and procedure","Specifies tender validity requirements, including the published text's reference to legal-tender coin.","text_verified","Text verified; operative interaction requires article-specific statutory and case-law reconciliation.","expressly_preserved","retain","Contract Model Schedule 1B.3;4,39","Expressly preserved except to the extent the Contract Model determines a particular covered matter otherwise; preserved text is not repealed merely because the module adds general rules.","https://attorneygeneralchambers.com/laws-of-saint-lucia/civil-code-of-saint-lucia/section-ii-payment","2026-09-05",1,1]
["CC-1095","1095","tender deposit and procedure","Gives specified notices an effect equivalent to tender and permits Gazette notice in a stated absence case.","text_verified","Text verified; operative interaction requires article-specific statutory and case-law reconciliation.","expressly_preserved","retain","Contract Model Schedule 1B.3;4,39","Expressly preserved except to the extent the Contract Model determines a particular covered matter otherwise; preserved text is not repealed merely because the module adds general rules.","https://attorneygeneralchambers.com/laws-of-saint-lucia/civil-code-of-saint-lucia/section-ii-payment","2026-09-05",1,1]
["CC-1096","1096","tender deposit and procedure","Regulates tender and safekeeping of specific things, including difficult-to-transport goods.","text_verified","Text verified; operative interaction requires article-specific statutory and case-law reconciliation.","expressly_preserved","retain","Contract Model Schedule 1B.3;4,39","Expressly preserved except to the extent the Contract Model determines a particular covered matter otherwise; preserved text is not repealed merely because the module adds general rules.","https://attorneygeneralchambers.com/laws-of-saint-lucia/civil-code-of-saint-lucia/section-ii-payment","2026-09-05",1,1]
["CC-1097","1097","tender deposit and procedure","Permits court-approved withdrawal of unaccepted tender or deposit, preserving co-debtor and surety exposure.","text_verified","Text verified; operative interaction requires article-specific statutory and case-law reconciliation.","expressly_preserved","retain","Contract Model Schedule 1B.3;4,39","Expressly preserved except to the extent the Contract Model determines a particular covered matter otherwise; preserved text is not repealed merely because the module adds general rules.","https://attorneygeneralchambers.com/laws-of-saint-lucia/civil-code-of-saint-lucia/section-ii-payment","2026-09-05",1,1]
["CC-1098","1098","tender deposit and procedure","Protects third persons against withdrawal after judicial validation of tender and deposit.","text_verified","Text verified; operative interaction requires article-specific statutory and case-law reconciliation.","expressly_preserved","retain","Contract Model Schedule 1B.3;4,39","Expressly preserved except to the extent the Contract Model determines a particular covered matter otherwise; preserved text is not repealed merely because the module adds general rules.","https://attorneygeneralchambers.com/laws-of-saint-lucia/civil-code-of-saint-lucia/section-ii-payment","2026-09-05",1,1]
["CC-1099","1099","tender deposit and procedure","Refers tender and deposit procedure to the Code of Civil Procedure.","text_verified","Text verified; operative interaction requires article-specific statutory and case-law reconciliation.","expressly_preserved","retain","Contract Model Schedule 1B.3;4,39","Expressly preserved except to the extent the Contract Model determines a particular covered matter otherwise; preserved text is not repealed merely because the module adds general rules.","https://attorneygeneralchambers.com/laws-of-saint-lucia/civil-code-of-saint-lucia/section-ii-payment","2026-09-05",1,1]
["CC-1100","1100","novation and security","Defines novation through replacement of the debt, debtor or creditor.","text_verified","Text verified; operative interaction requires article-specific statutory and case-law reconciliation.","unchanged_for_now","retain","Contract Model 4(4)-(6); Reception Bill 10,14,18","No express textual substitution of this article in either model Schedule 1. It remains part of the applicable baseline, subject to matters expressly determined by the module and subsequent domestic law.","https://attorneygeneralchambers.com/laws-of-saint-lucia/civil-code-of-saint-lucia/section-iii-novation","2026-09-05",1,1]
["CC-1101","1101","novation and security","Requires contractual capacity for novation.","text_verified","Text verified; operative interaction requires article-specific statutory and case-law reconciliation.","unchanged_for_now","retain","Contract Model 4(4)-(6); Reception Bill 10,14,18","No express textual substitution of this article in either model Schedule 1. It remains part of the applicable baseline, subject to matters expressly determined by the module and subsequent domestic law.","https://attorneygeneralchambers.com/laws-of-saint-lucia/civil-code-of-saint-lucia/section-iii-novation","2026-09-05",1,1]
["CC-1102","1102","novation and security","Requires an evident intention to novate rather than presuming replacement.","text_verified","Text verified; operative interaction requires article-specific statutory and case-law reconciliation.","unchanged_for_now","retain","Contract Model 4(4)-(6); Reception Bill 10,14,18","No express textual substitution of this article in either model Schedule 1. It remains part of the applicable baseline, subject to matters expressly determined by the module and subsequent domestic law.","https://attorneygeneralchambers.com/laws-of-saint-lucia/civil-code-of-saint-lucia/section-iii-novation","2026-09-05",1,1]
["CC-1103","1103","novation and security","Allows substitution of a new debtor without the old debtor's concurrence.","text_verified","Text verified; operative interaction requires article-specific statutory and case-law reconciliation.","unchanged_for_now","retain","Contract Model 4(4)-(6); Reception Bill 10,14,18","No express textual substitution of this article in either model Schedule 1. It remains part of the applicable baseline, subject to matters expressly determined by the module and subsequent domestic law.","https://attorneygeneralchambers.com/laws-of-saint-lucia/civil-code-of-saint-lucia/section-iii-novation","2026-09-05",1,1]
["CC-1104","1104","novation and security","Delegating a new debtor does not discharge the old one without evident creditor intention.","text_verified","Text verified; operative interaction requires article-specific statutory and case-law reconciliation.","unchanged_for_now","retain","Contract Model 4(4)-(6); Reception Bill 10,14,18","No express textual substitution of this article in either model Schedule 1. It remains part of the applicable baseline, subject to matters expressly determined by the module and subsequent domestic law.","https://attorneygeneralchambers.com/laws-of-saint-lucia/civil-code-of-saint-lucia/section-iii-novation","2026-09-05",1,1]
["CC-1105","1105","novation and security","Distinguishes payment instructions and assignment from novation.","text_verified","Text verified; operative interaction requires article-specific statutory and case-law reconciliation.","unchanged_for_now","retain","Contract Model 4(4)-(6); Reception Bill 10,14,18","No express textual substitution of this article in either model Schedule 1. It remains part of the applicable baseline, subject to matters expressly determined by the module and subsequent domestic law.","https://attorneygeneralchambers.com/laws-of-saint-lucia/civil-code-of-saint-lucia/section-iii-novation","2026-09-05",1,1]
["CC-1106","1106","novation and security","Limits recourse against a discharged original debtor following the substitute's insolvency.","text_verified","Text verified; operative interaction requires article-specific statutory and case-law reconciliation.","unchanged_for_now","retain","Contract Model 4(4)-(6); Reception Bill 10,14,18","No express textual substitution of this article in either model Schedule 1. It remains part of the applicable baseline, subject to matters expressly determined by the module and subsequent domestic law.","https://attorneygeneralchambers.com/laws-of-saint-lucia/civil-code-of-saint-lucia/section-iii-novation","2026-09-05",1,1]
["CC-1107","1107","novation and security","Requires reservation to carry specified security from the old debt to its replacement.","text_verified","Text verified; operative interaction requires article-specific statutory and case-law reconciliation.","unchanged_for_now","retain","Contract Model 4(4)-(6); Reception Bill 10,14,18","No express textual substitution of this article in either model Schedule 1. It remains part of the applicable baseline, subject to matters expressly determined by the module and subsequent domestic law.","https://attorneygeneralchambers.com/laws-of-saint-lucia/civil-code-of-saint-lucia/section-iii-novation","2026-09-05",1,1]
["CC-1108","1108","novation and security","Protects old and new debtors' property against unconsented transfer of security on novation.","text_verified","Text verified; operative interaction requires article-specific statutory and case-law reconciliation.","unchanged_for_now","retain","Contract Model 4(4)-(6); Reception Bill 10,14,18","No express textual substitution of this article in either model Schedule 1. It remains part of the applicable baseline, subject to matters expressly determined by the module and subsequent domestic law.","https://attorneygeneralchambers.com/laws-of-saint-lucia/civil-code-of-saint-lucia/section-iii-novation","2026-09-05",1,1]
["CC-1109","1109","novation and security","Limits retained security following novation with one co-debtor.","text_verified","Text verified; operative interaction requires article-specific statutory and case-law reconciliation.","unchanged_for_now","retain","Contract Model 4(4)-(6); Reception Bill 10,14,18","No express textual substitution of this article in either model Schedule 1. It remains part of the applicable baseline, subject to matters expressly determined by the module and subsequent domestic law.","https://attorneygeneralchambers.com/laws-of-saint-lucia/civil-code-of-saint-lucia/section-iii-novation","2026-09-05",1,1]
["CC-1110","1110","novation and security","Regulates discharge of co-debtors and sureties on novation, including consent qualifications.","text_verified","Text verified; operative interaction requires article-specific statutory and case-law reconciliation.","unchanged_for_now","retain","Contract Model 4(4)-(6); Reception Bill 10,14,18","No express textual substitution of this article in either model Schedule 1. It remains part of the applicable baseline, subject to matters expressly determined by the module and subsequent domestic law.","https://attorneygeneralchambers.com/laws-of-saint-lucia/civil-code-of-saint-lucia/section-iii-novation","2026-09-05",1,1]
["CC-1111","1111","novation and security","Limits a delegated debtor's defences against the new creditor, subject to specified exceptions.","text_verified","Text verified; operative interaction requires article-specific statutory and case-law reconciliation.","unchanged_for_now","retain","Contract Model 4(4)-(6); Reception Bill 10,14,18","No express textual substitution of this article in either model Schedule 1. It remains part of the applicable baseline, subject to matters expressly determined by the module and subsequent domestic law.","https://attorneygeneralchambers.com/laws-of-saint-lucia/civil-code-of-saint-lucia/section-iii-novation","2026-09-05",1,1]
["CC-1112","1112","release and co-liability","Permits express or implied release and addresses surrender of primary evidence.","text_verified","Text verified; operative interaction requires article-specific statutory and case-law reconciliation.","unchanged_for_now","retain","Contract Model 4(4)-(6); Reception Bill 10,14,18","No express textual substitution of this article in either model Schedule 1. It remains part of the applicable baseline, subject to matters expressly determined by the module and subsequent domestic law.","https://attorneygeneralchambers.com/laws-of-saint-lucia/civil-code-of-saint-lucia/section-iv-release","2026-09-05",1,1]
["CC-1113","1113","release and co-liability","Surrender of a pledge alone does not imply release of the debt.","text_verified","Text verified; operative interaction requires article-specific statutory and case-law reconciliation.","unchanged_for_now","retain","Contract Model 4(4)-(6); Reception Bill 10,14,18","No express textual substitution of this article in either model Schedule 1. It remains part of the applicable baseline, subject to matters expressly determined by the module and subsequent domestic law.","https://attorneygeneralchambers.com/laws-of-saint-lucia/civil-code-of-saint-lucia/section-iv-release","2026-09-05",1,1]
["CC-1114","1114","release and co-liability","Surrender of primary debt evidence to one co-debtor can benefit the others.","text_verified","Text verified; operative interaction requires article-specific statutory and case-law reconciliation.","unchanged_for_now","retain","Contract Model 4(4)-(6); Reception Bill 10,14,18","No express textual substitution of this article in either model Schedule 1. It remains part of the applicable baseline, subject to matters expressly determined by the module and subsequent domestic law.","https://attorneygeneralchambers.com/laws-of-saint-lucia/civil-code-of-saint-lucia/section-iv-release","2026-09-05",1,1]
["CC-1115","1115","release and co-liability","A release of one co-debtor reduces the claim by that debtor's share without necessarily discharging the others.","text_verified","Text verified; operative interaction requires article-specific statutory and case-law reconciliation.","unchanged_for_now","retain","Contract Model 4(4)-(6); Reception Bill 10,14,18","No express textual substitution of this article in either model Schedule 1. It remains part of the applicable baseline, subject to matters expressly determined by the module and subsequent domestic law.","https://attorneygeneralchambers.com/laws-of-saint-lucia/civil-code-of-saint-lucia/section-iv-release","2026-09-05",1,1]
["CC-1116","1116","release and co-liability","Distinguishes release of a principal debtor from release of one or more sureties.","text_verified","Text verified; operative interaction requires article-specific statutory and case-law reconciliation.","unchanged_for_now","retain","Contract Model 4(4)-(6); Reception Bill 10,14,18","No express textual substitution of this article in either model Schedule 1. It remains part of the applicable baseline, subject to matters expressly determined by the module and subsequent domestic law.","https://attorneygeneralchambers.com/laws-of-saint-lucia/civil-code-of-saint-lucia/section-iv-release","2026-09-05",1,1]
["CC-1117","1117","set-off","Defines set-off as extinguishing reciprocal debts in the specified cases.","text_verified","Text verified; operative interaction requires article-specific statutory and case-law reconciliation.","unchanged_for_now","retain","Contract Model 4(4)-(6); Reception Bill 10,14,18","No express textual substitution of this article in either model Schedule 1. It remains part of the applicable baseline, subject to matters expressly determined by the module and subsequent domestic law.","https://attorneygeneralchambers.com/laws-of-saint-lucia/civil-code-of-saint-lucia/section-v-set-off","2026-09-05",1,1]
["CC-1118","1118","set-off","Sets conditions for automatic set-off of due, liquidated and matching kinds of obligation.","text_verified","Text verified; operative interaction requires article-specific statutory and case-law reconciliation.","unchanged_for_now","retain","Contract Model 4(4)-(6); Reception Bill 10,14,18","No express textual substitution of this article in either model Schedule 1. It remains part of the applicable baseline, subject to matters expressly determined by the module and subsequent domestic law.","https://attorneygeneralchambers.com/laws-of-saint-lucia/civil-code-of-saint-lucia/section-v-set-off","2026-09-05",1,1]
["CC-1119","1119","set-off","A period allowed as indulgence does not prevent set-off.","text_verified","Text verified; operative interaction requires article-specific statutory and case-law reconciliation.","unchanged_for_now","retain","Contract Model 4(4)-(6); Reception Bill 10,14,18","No express textual substitution of this article in either model Schedule 1. It remains part of the applicable baseline, subject to matters expressly determined by the module and subsequent domestic law.","https://attorneygeneralchambers.com/laws-of-saint-lucia/civil-code-of-saint-lucia/section-v-set-off","2026-09-05",1,1]
["CC-1120","1120","set-off","Excludes specified restitution, deposit and protected maintenance obligations from set-off.","text_verified","Text verified; operative interaction requires article-specific statutory and case-law reconciliation.","unchanged_for_now","retain","Contract Model 4(4)-(6); Reception Bill 10,14,18","No express textual substitution of this article in either model Schedule 1. It remains part of the applicable baseline, subject to matters expressly determined by the module and subsequent domestic law.","https://attorneygeneralchambers.com/laws-of-saint-lucia/civil-code-of-saint-lucia/section-v-set-off","2026-09-05",1,1]
["CC-1121","1121","set-off","Regulates set-off between creditor, principal debtor, surety and co-debtors.","text_verified","Text verified; operative interaction requires article-specific statutory and case-law reconciliation.","unchanged_for_now","retain","Contract Model 4(4)-(6); Reception Bill 10,14,18","No express textual substitution of this article in either model Schedule 1. It remains part of the applicable baseline, subject to matters expressly determined by the module and subsequent domestic law.","https://attorneygeneralchambers.com/laws-of-saint-lucia/civil-code-of-saint-lucia/section-v-set-off","2026-09-05",1,1]
["CC-1122","1122","set-off","Regulates set-off following acceptance or notification of an assignment.","text_verified","Text verified; operative interaction requires article-specific statutory and case-law reconciliation.","unchanged_for_now","retain","Contract Model 4(4)-(6); Reception Bill 10,14,18","No express textual substitution of this article in either model Schedule 1. It remains part of the applicable baseline, subject to matters expressly determined by the module and subsequent domestic law.","https://attorneygeneralchambers.com/laws-of-saint-lucia/civil-code-of-saint-lucia/section-v-set-off","2026-09-05",1,1]
["CC-1123","1123","set-off","Allows for remittance expense when debts are payable in different places.","text_verified","Text verified; operative interaction requires article-specific statutory and case-law reconciliation.","unchanged_for_now","retain","Contract Model 4(4)-(6); Reception Bill 10,14,18","No express textual substitution of this article in either model Schedule 1. It remains part of the applicable baseline, subject to matters expressly determined by the module and subsequent domestic law.","https://attorneygeneralchambers.com/laws-of-saint-lucia/civil-code-of-saint-lucia/section-v-set-off","2026-09-05",1,1]
["CC-1124","1124","set-off","Provides a pleading-based route when automatic set-off is prevented for specified reasons.","text_verified","Text verified; operative interaction requires article-specific statutory and case-law reconciliation.","unchanged_for_now","retain","Contract Model 4(4)-(6); Reception Bill 10,14,18","No express textual substitution of this article in either model Schedule 1. It remains part of the applicable baseline, subject to matters expressly determined by the module and subsequent domestic law.","https://attorneygeneralchambers.com/laws-of-saint-lucia/civil-code-of-saint-lucia/section-v-set-off","2026-09-05",1,1]
["CC-1125","1125","set-off","Applies payment-allocation rules to multiple debts eligible for set-off.","text_verified","Text verified; operative interaction requires article-specific statutory and case-law reconciliation.","unchanged_for_now","retain","Contract Model 4(4)-(6); Reception Bill 10,14,18","No express textual substitution of this article in either model Schedule 1. It remains part of the applicable baseline, subject to matters expressly determined by the module and subsequent domestic law.","https://attorneygeneralchambers.com/laws-of-saint-lucia/civil-code-of-saint-lucia/section-v-set-off","2026-09-05",1,1]
["CC-1126","1126","set-off","Protects third-person rights against set-off.","text_verified","Text verified; operative interaction requires article-specific statutory and case-law reconciliation.","unchanged_for_now","retain","Contract Model 4(4)-(6); Reception Bill 10,14,18","No express textual substitution of this article in either model Schedule 1. It remains part of the applicable baseline, subject to matters expressly determined by the module and subsequent domestic law.","https://attorneygeneralchambers.com/laws-of-saint-lucia/civil-code-of-saint-lucia/section-v-set-off","2026-09-05",1,1]
["CC-1127","1127","set-off","Limits recovery advantages after payment of a debt already extinguished by set-off.","text_verified","Text verified; operative interaction requires article-specific statutory and case-law reconciliation.","unchanged_for_now","retain","Contract Model 4(4)-(6); Reception Bill 10,14,18","No express textual substitution of this article in either model Schedule 1. It remains part of the applicable baseline, subject to matters expressly determined by the module and subsequent domestic law.","https://attorneygeneralchambers.com/laws-of-saint-lucia/civil-code-of-saint-lucia/section-v-set-off","2026-09-05",1,1]
["CC-1127A","1127A","set-off","Separately extends permissible set-off to cases recognised by English law.","text_verified","Interpretive issue: this is a distinct English-law connection; its scope, temporal construction and later statutory displacement require separate analysis.","source_reference_replaced","reform","Reception Bill 32, Schedule 1.5; sections 4,6-9,16-20","Preserves additional set-off cases but replaces the separate English source rule with retained and subsequent domestic law.","https://attorneygeneralchambers.com/laws-of-saint-lucia/civil-code-of-saint-lucia/section-v-set-off","2026-09-05",1,0]
["CC-1128","1128","merger of positions","Merger of debtor and creditor positions can extinguish an obligation, with qualifications if the merger ceases.","text_verified","Text verified; operative interaction requires article-specific statutory and case-law reconciliation.","unchanged_for_now","retain","Contract Model 4(4)-(6); Reception Bill 10,14,18","No express textual substitution of this article in either model Schedule 1. It remains part of the applicable baseline, subject to matters expressly determined by the module and subsequent domestic law.","https://attorneygeneralchambers.com/laws-of-saint-lucia/civil-code-of-saint-lucia/section-vi-confusion","2026-09-05",1,1]
["CC-1129","1129","merger of positions","Regulates the effect of merger on principal debtors, sureties and co-debtors.","text_verified","Text verified; operative interaction requires article-specific statutory and case-law reconciliation.","unchanged_for_now","retain","Contract Model 4(4)-(6); Reception Bill 10,14,18","No express textual substitution of this article in either model Schedule 1. It remains part of the applicable baseline, subject to matters expressly determined by the module and subsequent domestic law.","https://attorneygeneralchambers.com/laws-of-saint-lucia/civil-code-of-saint-lucia/section-vi-confusion","2026-09-05",1,1]
["CC-1130","1130","impossibility and frustration","Allocates extinction following loss or impossible delivery, with fault, default, assumed-risk and stolen-property qualifications.","text_verified","Text verified; operative interaction requires article-specific statutory and case-law reconciliation.","conditional_substitution","mixed","Contract Model Schedule 1A.5; sections 33-35, especially 34(6);4(2)","Replaces the general contractual loss/impossibility rule with impediment and frustration tests; specific accidental-loss rules and non-contractual applications survive.","https://attorneygeneralchambers.com/laws-of-saint-lucia/civil-code-of-saint-lucia/section-vii-impossibility-of-performance","2026-09-05",1,1]
["CC-1131","1131","impossibility and frustration","Requires transfer of relevant indemnity rights after non-fault impossibility.","text_verified","Text verified; operative interaction requires article-specific statutory and case-law reconciliation.","expressly_preserved","clarify","Contract Model 35(3), Schedule 1A.5","Assignment of indemnity rights is expressly preserved and coordinated with special rules and frustration adjustments to prevent duplicate recovery.","https://attorneygeneralchambers.com/laws-of-saint-lucia/civil-code-of-saint-lucia/section-vii-impossibility-of-performance","2026-09-05",1,1]
["CC-1132","1132","impossibility and frustration","Discharges non-fault impossible performance before default while requiring payment for benefits from partial performance.","text_verified","Text verified; operative interaction requires article-specific statutory and case-law reconciliation.","conditional_substitution","mixed","Contract Model Schedule 1A.5; sections 33-35, especially 35(1)-(3)","Replaces the general contractual discharge and partial-benefit statement while leaving financial adjustment to retained 1132A/B and indemnity assignment to 1131.","https://attorneygeneralchambers.com/laws-of-saint-lucia/civil-code-of-saint-lucia/section-vii-impossibility-of-performance","2026-09-05",1,1]
["CC-1132A","1132A","impossibility and frustration","Provides adjustment of money, expenses and valuable benefits following qualifying frustration or impossibility.","text_verified","Text verified; distinguish governing-law coverage from source-reception machinery.","expressly_preserved","mixed","Contract Model 34-35, Schedule 1A.5,B.2;4(2)","Existing financial-adjustment rules and exclusions survive, but section 34 supplies the general discharge trigger for covered contracts; section 24 is kept separate.","https://attorneygeneralchambers.com/laws-of-saint-lucia/civil-code-of-saint-lucia/section-vii-impossibility-of-performance","2026-09-05",1,0]
["CC-1132B","1132B","impossibility and frustration","Applies frustration adjustment to Crown contracts, preserves risk allocation and severability, and excludes specified contract classes.","text_verified","Text verified; operative interaction requires article-specific statutory and case-law reconciliation.","expressly_preserved","mixed","Contract Model 34-35, Schedule 1A.5,B.2;4(2)","Existing financial-adjustment rules and exclusions survive, but section 34 supplies the general discharge trigger for covered contracts; section 24 is kept separate.","https://attorneygeneralchambers.com/laws-of-saint-lucia/civil-code-of-saint-lucia/section-vii-impossibility-of-performance","2026-09-05",1,0]
["CC-1133","1133","evidence interface","Allocates proof of an obligation and proof of facts avoiding or extinguishing it.","text_verified","Text verified; operative interaction requires article-specific statutory and case-law reconciliation.","expressly_preserved","retain","Contract Model Schedule 1B.3;4,39","Expressly preserved except to the extent the Contract Model determines a particular covered matter otherwise; preserved text is not repealed merely because the module adds general rules.","https://attorneygeneralchambers.com/laws-of-saint-lucia/civil-code-of-saint-lucia/section-i-general-provisions-10","2026-09-05",0,0]
["CC-1134","1134","evidence interface","States a primary-evidence rule and conditions for secondary evidence.","text_verified","Text verified; operative interaction requires article-specific statutory and case-law reconciliation.","expressly_preserved","retain","Contract Model Schedule 1B.3;4,39","Expressly preserved except to the extent the Contract Model determines a particular covered matter otherwise; preserved text is not repealed merely because the module adds general rules.","https://attorneygeneralchambers.com/laws-of-saint-lucia/civil-code-of-saint-lucia/section-i-general-provisions-10","2026-09-05",0,0]
["CC-1135","1135","evidence interface","Identifies evidential methods and cross-refers procedural requirements.","text_verified","Text verified; operative interaction requires article-specific statutory and case-law reconciliation.","expressly_preserved","retain","Contract Model Schedule 1B.3;4,39","Expressly preserved except to the extent the Contract Model determines a particular covered matter otherwise; preserved text is not repealed merely because the module adds general rules.","https://attorneygeneralchambers.com/laws-of-saint-lucia/civil-code-of-saint-lucia/section-i-general-provisions-10","2026-09-05",0,0]
["CC-1136","1136","evidence interface","Extends appropriate proof rules to commercial affairs.","text_verified","Text verified; operative interaction requires article-specific statutory and case-law reconciliation.","expressly_preserved","retain","Contract Model Schedule 1B.3;4,39","Expressly preserved except to the extent the Contract Model determines a particular covered matter otherwise; preserved text is not repealed merely because the module adds general rules.","https://attorneygeneralchambers.com/laws-of-saint-lucia/civil-code-of-saint-lucia/section-i-general-provisions-10","2026-09-05",0,0]
["CC-1137","1137","evidence interface","Separately refers evidential gaps to English evidence law, subject to Code and other statutory provisions.","text_verified","Interpretive issue: this is a distinct English-law connection; its scope, temporal construction and later statutory displacement require separate analysis.","expressly_preserved","retain","Reception Bill 5(4); Contract Model 38(3),Schedule 1B.3","The independent evidence-law connection and protected proof chapter remain, subject to applicable evidence legislation; this package does not freeze all English evidence law.","https://attorneygeneralchambers.com/laws-of-saint-lucia/civil-code-of-saint-lucia/section-i-general-provisions-10","2026-09-05",0,0]
["CC-2203","2203","historical transition","Preserves accrued positions and proceedings against the repeals effected by the 1956 amendment; it is not a general savings rule for every future English change.","text_verified","Text verified; scope is the repeals effected by the 1956 amendment, not a general prospective savings provision.","interface_only","clarify","Reception Bill 16-20; Contract Model 39","Historical 1956 savings text is not amended or used as a universal savings clause; the package enacts its own temporal regime.","https://attorneygeneralchambers.com/laws-of-saint-lucia/civil-code-of-saint-lucia/section-2203","2026-09-05",0,0]

{"sheet":"Code Interfaces","index":2,"n_rows":23,"n_cols":8,"rows_kept":23,"merged":[[0,0,0,4],[1,0,2,4]]}
["CODE INTERFACES | boundaries that a replacement must respect"]
["18 selected connections. An identified cross-reference is not verification of every rule at its destination. See Statutes and the full source data for further checks."]
[]
[]
["ID","Articles","Interface","Why it matters","Evidence status","Drafting treatment","Official source URL","Coverage date"]
["IF-001","1(6)-(18),1(29),1(33),1(35),1(37)","Definitions beyond the new chapter","Contract, default, fortuitous event, lesion, novation, obligation and payment already have Code definitions.","text_verified","Clarify definitions by targeted amendments; do not create conflicting parallel terms.","https://attorneygeneralchambers.com/laws-of-saint-lucia/civil-code-of-saint-lucia/section-i-interpretation","2026-09-05"]
["IF-002","916A","Trust reception outside the selected gateway","Trust creation, incidents and specified English law have their own statutory connection.","text_verified","Retain outside package one; identify the remaining independent reception architecture.","https://attorneygeneralchambers.com/laws-of-saint-lucia/civil-code-of-saint-lucia/chapter-fifth-trusts","2026-09-05"]
["IF-003","1133-1176, especially 1137","Proof of obligations","The proof chapter is expressly protected by 917A(2), and 1137 separately addresses English evidence law for statutory gaps.","text_verified; operative statutory displacement requires companion audit","Preserve subject to the Evidence Act and current procedure; obtain companion evidence-law reconciliation.","https://attorneygeneralchambers.com/laws-of-saint-lucia/civil-code-of-saint-lucia/section-i-general-provisions-10","2026-09-05"]
["IF-004","Part Third, Books Fifth-Sixteenth","Twelve specific-contract books","Sale; exchange; lease and hire; agency; loan; deposit; partnership; life-rents; transaction; gaming contracts and bets; suretyship; pledge.","text_verified book arrangement; not an article-level audit of these books","Preserve specific rules unless explicitly amended; apply the stated general-rules exception rather than assuming either total exclusion or complete displacement.","https://attorneygeneralchambers.com/laws-of-saint-lucia/civil-code-of-saint-lucia/act","2026-09-05"]
["IF-005","1583-1597","Construction and work by estimate","Special loss, acceptance, fixed-price variation, cancellation, warranty and payment-security rules shape the builder examples.","text_verified","Specify relevant construction facts before applying general force-majeure, damages or restitution provisions.","https://attorneygeneralchambers.com/laws-of-saint-lucia/civil-code-of-saint-lucia/section-iv-work-by-estimate-and-contract","2026-09-05"]
["IF-006","1432 and following","Sale and latent defects","Sale-specific warranty and remedial provisions can alter the general contract answer.","text_verified; destination legislation requires companion audit","Preserve the special warranty regime and reconcile with Commercial Code sale-of-goods and consumer legislation.","https://attorneygeneralchambers.com/laws-of-saint-lucia/civil-code-of-saint-lucia/section-iii-warranty","2026-09-05"]
["IF-007","1519-1524","Lease performance and enjoyment","The lessor owes delivery, repair and enjoyment duties, with specific rules concerning defects and third-person interference.","text_verified","Test rent, service and property examples against the lease regime before using general remedies.","https://attorneygeneralchambers.com/laws-of-saint-lucia/civil-code-of-saint-lucia/section-ii-the-obligations-and-rights-of-the-lessor","2026-09-05"]
["IF-008","2119-2120","Avoidance and construction prescription","The published text specifies special periods and commencement conditions for avoidance and construction warranty.","text_verified","Preserve or expressly amend; the 10-year construction rule is not automatically identical to general contract prescription.","https://attorneygeneralchambers.com/laws-of-saint-lucia/civil-code-of-saint-lucia/section-iv-certain-prescriptions-by-10-years","2026-09-05"]
["IF-009","2121-2129","Short prescriptions","Commercial, work, tort and defamation claims have differentiated periods;2129 extinguishes specified debts.","text_verified; application may require judicial classification","State applicable claim character and temporal trigger; do not presume one imported English limitation period.","https://attorneygeneralchambers.com/laws-of-saint-lucia/civil-code-of-saint-lucia/section-v-certain-short-prescriptions","2026-09-05"]
["IF-010","971-972 -> Commercial Code","Creditor-fraud cross-reference","The Civil Code refers additional fraud presumptions and avoidance rules to the Commercial Code.","Code-side edge verified; destination requires separate audit","Audit the destination provisions and later insolvency statutes before changing creditor protection.","https://attorneygeneralchambers.com/laws-of-saint-lucia/civil-code-of-saint-lucia/section-vi-avoidance-of-contracts-and-payments-made-in-fraud-of-creditors","2026-09-05"]
["IF-011","1132B(4)(c) -> Commercial Code 278","Specific goods and frustration","The frustration adjustment regime excludes specified perished-goods contracts and refers to Commercial Code 278.","Code-side edge verified; destination requires separate audit","Retain the exclusion unless a reasoned coordinated goods-law reform expressly changes it.","https://attorneygeneralchambers.com/laws-of-saint-lucia/civil-code-of-saint-lucia/section-vii-impossibility-of-performance","2026-09-05"]
["IF-012","1595;1086-1088;1107-1110","Security and registration","Construction privileges, subrogation and novation connect ordinary remedies to proprietary priority and sureties.","text_verified; linked security-law validity requires companion audit","Avoid changing secured priority or surety discharge through a general recovery or termination clause.","https://attorneygeneralchambers.com/laws-of-saint-lucia/civil-code-of-saint-lucia/section-iv-work-by-estimate-and-contract","2026-09-05"]
["IF-013","988;989D ->609","Death, succession and claims","Wrongful-death and contribution provisions depend on claimant categories, succession rules and prescribed periods.","Code-side edge verified; succession destination outside article-level scope","Separate death-related tort reform from general contract remedies and verify representative standing.","https://attorneygeneralchambers.com/laws-of-saint-lucia/civil-code-of-saint-lucia/chapter-third-delicts-and-quasi-delicts","2026-09-05"]
["IF-014","989D(7);989E","Named aviation and maritime enactments","The Code references specified foreign instruments; the references are distinct from a general reception rule.","text_verified; interpretive and later-legislation issue","Classify incorporation and update status before asserting contemporary English maritime or aviation rules apply.","https://attorneygeneralchambers.com/laws-of-saint-lucia/civil-code-of-saint-lucia/chapter-third-delicts-and-quasi-delicts","2026-09-05"]
["IF-015","989N and Schedule","Defamation privilege schedule","Qualified newspaper privilege depends on a three-part Schedule, including reports of foreign and domestic proceedings.","text_verified; schedule parts cached separately","Preserve the Schedule while conducting a later digital-publication and defamation review.","https://attorneygeneralchambers.com/laws-of-saint-lucia/civil-code-of-saint-lucia/schedule","2026-09-05"]
["IF-016","1093-1099;1135","Tender and procedural routes","Substantive payment rules refer procedural methods to the Code of Civil Procedure.","text_verified; current procedural route requires companion audit","Reconcile with current procedural rules and payments legislation before modernising service, tender or deposit.","https://attorneygeneralchambers.com/laws-of-saint-lucia/civil-code-of-saint-lucia/section-ii-payment","2026-09-05"]
["IF-017","1132A(1);1132B","Governing-law scope versus reception","The adjustment rule covers specified contracts governed by Saint Lucian or English law and preserves risk allocation and exclusions.","text_verified; source-rule classification is analytical","Do not delete the English-law wording merely because it appears foreign; decide governing-law scope separately.","https://attorneygeneralchambers.com/laws-of-saint-lucia/civil-code-of-saint-lucia/section-vii-impossibility-of-performance","2026-09-05"]
["IF-018","2203","Historical transition model","Savings attach specifically to the repeals effected by the 1956 amendment.","text_verified","Draft a fresh present transition scheme; do not treat 2203 as a blanket answer to future source changes.","https://attorneygeneralchambers.com/laws-of-saint-lucia/civil-code-of-saint-lucia/section-2203","2026-09-05"]

{"sheet":"Cases","index":3,"n_rows":30,"n_cols":13,"rows_kept":30,"merged":[[0,0,0,4],[1,0,2,4]]}
["CASES | holdings, applications and limitations"]
["25 selected case records. Authority level and reception operation are separate fields. A judgment supports the stated proposition within its scope, not every possible English-law claim."]
[]
[]
["ID","Case","Citation","Court","Authority status","Reception operation","Proposition","Qualification","Code interface","Pinpoints","Decision date","Primary source URL","Reform implication"]
["C01","Hilaire v Chastanet","[2023] UKPC 22","JCPC","Final appellate holding","applied/adapted","Article 917A constitutionally valid; relevant English common law and Acts in force at trial may enter, subject to scope, adaptation and express local priority. Defamation provisions considered survive local conflict objections.","Does not decide every English Act, delegated instrument, local-precedent conflict or retroactivity issue.","917A;989H/K/L;2123","paras 13–32,34–46,54–69","2023-06-13","https://jcpc.uk/cases/jcpc-2021-0007","Clarify: replace moving source prospectively while preserving operative local law and expressly settling transition."]
["C02","Chastanet v Hilaire","SLUHCVAP2019/0005","ECSC Court of Appeal","Affirmed on appeal in C01","applied/adapted","English statutes included; ambulatory reception; local limitation adapted; preliminary question remitted for remaining applications.","","917A;989H/K/L;2123","paras 17–21,40–66","2020-01-16","https://www.eccourts.org/wp-content/uploads/2020/01/SLU-Chastanet-v-Hilaire-FINAL-and-FORMATTED.pdf","Retain interpretive work as baseline; distinguish trial-level defamation merits from gateway holding."]
["C03","Hilaire v Chastanet","SLUHCV2017/0190","High Court, Saint Lucia","Reversed; historical record only","excluded (reversed)","Held that Article 917A imported common law only; constitutional/ambulatory questions unnecessary on that approach.","Must not be cited as current law excluding English statutes.","917A;989H/K/L;2123","paras 14–47","2018-11-29","https://www.eccourts.org/wp-content/uploads/2018/12/Ernest-Hilaire-v-Allen-Chastanet-29-November-2018.pdf","Clarify superseded decisions in a public source register."]
["C04","Mathurin v Augustin","HCVAP2007/041","ECSC Court of Appeal","Appellate holding","excluded for express conflict","English abolition of estate lost-years recovery conflicted with express Article 609. Local article prevailed; Ismael overruled.","Para 16 expressly did not decide ambulatory interpretation, later settled in Hilaire.","609;917A(3)","paras 7–16","2008-06-02","https://www.eccourts.org/wp-content/files_mf/02.06.08cyrilmathurinvanthonyaugustinfinal.pdf","Retain existing local death-recovery position unless separately debated; never schedule all amendments to an English Act blindly."]
["C05","Veronique Ismael v Justin Albert","SLUHCV0717/2002","High Court, Saint Lucia","Overruled by C04 on this issue","applied (overruled)","Treated Article 609 as silent on lost-years recovery and received the English change.","Underlying decision not re-downloaded; proposition verified through appellate reproduction, not full first-instance re-read.","609;917A","paras 122–123 as reviewed in Mathurin paras 13–15","2006-12-08","https://www.eccourts.org/wp-content/files_mf/08.12.06veroniqueismaelvjustinalbertandstluciamotorinsurancecoltd.pdf","Clarify: an inventory must encode subsequent treatment, not count every application equally."]
["C06","Desir and another v Alcide; Alcide v Desir and another","[2015] UKPC 24","JCPC","Final appellate holding with expressly unneeded issues","applied; some proof issues not decided","Article 917A directs unjust-enrichment issues to English law. Actual wrongdoing findings made contested presumed-fraud/undue-influence proof questions unnecessary.","","917A;927;2066;proof exception","paras 12–16","2015-05-21","https://jcpc.uk/uploads/jcpc_2013_0044_judgment_75e2f0a028.pdf","Retain protection against wrongful wealth transfers; do not turn this case into blanket reception of English evidence presumptions."]
["C07","FirstCaribbean International Bank(Barbados)Ltd v Sunset Village Inc","SLUHCVAP2016/0027","ECSC Court of Appeal","Field boundary remains; general dictum disapproved in C01","outside field; partial later disapproval","Local Code/Companies Act governed creditor ranking. Hilaire preserved insolvency field exclusion while rejecting common-law-only dictum.","","917A;Civil/CommercialCode priorities;Companies Act s 464","paras 24–30,58–82; Hilaire paras 40–41","2018-09-20","https://judgments.eccourts.org/first-caribbean-international-bank-barbados-limited-v-sunset-village-inc/","Retain specific insolvency priority regimes; contract remedies cannot promise priority over insolvency law."]
["C08","Nelson and others v FirstCaribbean International Bank(Barbados)Ltd","[2014] UKPC 30","JCPC","Final appellate holdings; source dictum limited in C01","local Code applied; English limitation not imported","Personal loan obligation remained enforceable independently of security; Code 999/1001 default could occur by suit. Common-law-only dictum in para 20 later limited in Hilaire.","Full primary judgment reviewed. Para 20 thirty-year damages prescription is explicitly arguable and undecided, not a holding.","917A;999;1001;1662;1908;1942;2111;2121(4)","paras 11–21; Hilaire para 39","2014-09-03","https://jcpc.uk/uploads/jcpc_2013_0043_judgment_14c220ba5e.pdf","Retain personal-debt/security distinction; clarify default procedure and preserve prescription until separate reform."]
["C09","Velox and another v Helenair Corporation Ltd and others","(1997)55 WIR179","ECSC Court of Appeal","Appellate authority followed in C11","English doctrine expressly excluded","English bargain consideration excluded; serious sufficient cause may be gratuitous. Gift of shares not invalid merely for want of English consideration.","Original PDF download 403; principle verified through primary later judgment quotation, not original re-read.","917A(1) provisos(a)–(b)","reproduced/applied in Pigeon Island paras 58–60","1997-11-11","https://www.worldcourts.com/ecsc/eng/decisions/1997.11.11_Velox_v_Helenair.pdf","Retain substantive cause exception when deleting gateway; otherwise accidental law change."]
["C10","Esther Augustin(also known as St Marie) v Paul Jason Auguste","SLUHCVAP2013/0033","ECSC Court of Appeal","Appellate holding","applied alongside specific local law","Specific performance protected by Code 997 and 917A. Possession brought Article 1388 into play, excluding simple receding under 1387;954 and 956 supported enforcement.","Website title differs from representative named in judgment; record exact docket and formal party capacity.","954;956;997;1387–1388;917A","paras 26–36","2016-04-18","https://judgments.eccourts.org/magdaliene-augustin-v-jason-auguste/","Retain availability; clarify hierarchy with special sale/deposit rules and equitable discretion."]
["C11","Pigeon Island Development Company Ltd v The Landings Unit Plan NoD2/2007 and another","SLUHCM2020/0028(formerly SLUHCM2018/0068)","High Court Commercial Division, Saint Lucia","First-instance holding; no subsequent appeal audit completed","applied local carve-out","Applied Velox to enforce memorandum despite gratuitous cause; specific performance ordered. Other relief depended on condominium documents/statute.","","917A(1)(a)–(b);Condominium Act","paras 58–60,96–99","2022-03-30","https://judgments.eccourts.org/pigeon-island-development-company-limited-v-the-landings-unit-plan-no-d2-2007-et-al/","Retain existing gratuitous promise protection; preserve specific statutory constraints on performance."]
["C12","Exquisite Homes Ltd v Geest Industries(Estates)Ltd","SLUHCM2020/0006","High Court Commercial Division, Saint Lucia","First-instance holding; no subsequent appeal audit completed","English doctrine applied with local property statute","Increased expense/occupier issues did not establish frustration; compulsory acquisition vesting land before completion did. Contract ended and deposit return entitlement recognised; deposit already repaid.","Paper 2 paras 34–65 insufficient pinpoint for final frustration holding: use 75–85,especially 84.","926;917A;Land Acquisition Act;Land Registration Act","paras 34–61,75–85,97","2022-12-29","https://judgments.eccourts.org/exquisite-homes-limited-v-geest-industries-estates-limited/","Clarify assumed risks, event timing and restitution; separate disappointing economics from legal impossibility."]
["C13","Sonia Johnny v Attorney General","SLUHCVAP2017/0036","ECSC Court of Appeal","Appellate holding","applied; conflict argument rejected","Article 956 did not conflict with English implication/control-of-discretion principles; absence of good faith/rational exercise justified allowing employee appeal.","","956;917A;1009A interest claim","paras 13–20","2019-12-13","https://judgments.eccourts.org/sonia-johnny-v-the-attorney-general/","Clarify honest/rational exercise of contractual discretion; distinguish from a universal power to rewrite every bargain."]
["C14","Lucrecia Wilkinson v Attorney General","SLUHCV2014/0623","High Court, Saint Lucia","First-instance application","applied","Following Sonia Johnny, court used English contractual discretion analysis and gave judgment for claimant; Canadian doctrine did not supply mandatory source.","","956;917A;Pensions legislation","paras 17,29–35","2023-08-24","https://judgments.eccourts.org/lucrecia-wilkinson-v-the-attorney-general/","Retain safeguards against arbitrary contractual discretion while preserving statutory pension scheme."]
["C15","Lisa Andrew v Matthew Nelson","SLUHCV2009/0814","High Court, Saint Lucia","First-instance merits judgment; no appeal found in targeted search","local Code applied; English authority used without express 917A gateway","Applied existing Code damage/default/foreseeability and building-price rules; English repair-cost mitigation authority assisted. Award reduced for delay despite acknowledged inability to fund completion.","Do not generalise fact-specific discount or evidentiary compromises into universal rules. Source misspells Mertens in para 35.","917;985–986;996;998;1001–1005;1584;1590","paras 34–35,40–53","2013-05-02","https://www.eccourts.org/wp-content/files_mf/02.05.13lisaandrewvmatthewnelson.pdf","Retain compensation/cost-to-cure substance; clarify reasonable mitigation considering resources; preserve written/admitted building variation rule."]
["C16","Spiricor of St Lucia Ltd v Attorney General and Hess Oil St Lucia Ltd","[1999] UKPC 49","JCPC","Final appellate decision; text read on reproduced judgment mirror","contract principles applied; gateway not independently adjudicated","Reasonable-person assessment of conduct showing inability or unwillingness to perform; termination letter effective. Appeal dismissed.","Older judgment read via mirror; BAILII retrieval failed. Mirror numbers quoted letter paragraphs sequentially; check original pagination before final pinpoint. Do not attribute CA property observations to JCPC merits determination.","Contractual purchase/security duties;local land registration interface","paras 9–14; final discussion of termination letter and conclusion (mirror paras 24–26)","1999-12-01","https://www.bailii.org/uk/cases/UKPC/1999/49.html","Retain anticipatory breach; clarify objective threshold and communicated termination, avoiding mere suspicion of insolvency."]
["C17","Spiricor of Saint Lucia Ltd v Attorney General and another","Civil Appeal 3/1996;(1997)55WIR123","ECSC Court of Appeal","Appeal dismissed by JCPC C16; distinguish issues argued there","English doctrine applied; local statute controls property transfer","Applied anticipatory breach, acceptance and mitigation; criticised broad statutory inconsistency wording that left Code/Land Registration Act reconciliation to users.","No numbered paragraphs in this retrieved edition.","957;1382;Land Registration Actss 23,37;contractual duties","PDFpp 8–9,13–16","1997-05-26","https://www.eccourts.org/wp-content/uploads/2017/09/26.05.1997-Spiricor-of-Saint-Lucia-Limited-v-Attorney-General.docx.pdf","Clarify consequential amendments explicitly; retain objective anticipatory breach, with no automatic property conveyance from contract alone."]
["C18","Dorina Joseph and Richard Frederick v Nora St Louis","HCVAP2008/025","ECSC Court of Appeal","Appellate holding; subsequently distinguished by Jawahir C19","local remedy/prescription governs; separate trust gateway","Conspiracy to cause breach of trust as alleged was delict/quasi-delict with three-year prescription. Article 916A trust rights did not eliminate Code remedy classification.","Broad wording in judgment requires subsequent-treatment qualification; C19 rejects treating breach of trust itself as tort/delict.","916A;917A;985;2122;2129","paras 18–23,30–32","2009-07-06","https://www.eccourts.org/wp-content/files_mf/1359375267_magicfields_pdf_file_upload_1_1.pdf","Retain distinct legal gateways and action classifications; do not label all breach-of-trust claims torts."]
["C19","Khardisha Lindy Princess Jawahir v Davis Garvin Jawahir","SLUHCVAP2017/0055","ECSC Court of Appeal","Appellate clarification; official digest corroborates appeal allowed","outside tort classification; equity separate","Restored administration action. Distinguished conspiracy to breach trust from breach of trust itself; latter not tort/delict, and residual thirty-year prescription applied.","Full reasons read via primary-text mirror; official digest only located. Headnote/body article 2103 vs 2103A mismatch should be checked before detailed limitation drafting.","603(3);916A;2103/2103A;2122","Reasons/headnote: distinguishing Dorina; official sitting digest 8April 2019","2019-04-08","https://lc.vlex.com/vid/khardisha-lindy-princess-jawahir-902633118","Clarify scope; replacement 917A must not accidentally rewrite trust/estate limitation law."]
["C20","Dennis Boitnott v Coconut Bay Management Ltd and another","SLUHCV2018/0194","High Court, Saint Lucia","First-instance application of Northrock","local rule retained despite English difference","English negligence read with local 985/986; distinguished injury from human use of thing and autonomous act of thing. Claim failed on facts.","Para 20 quotes 917A(4); current published conflict rule is 917A(3). Do not reproduce as current numbering.","985;986;917A;1137","paras 13–22","2023-09-29","https://judgments.eccourts.org/dennis-boitnott-v-coconut-bay-management-limited-et-al-2/","Retain local fault/control architecture; source inventory must preserve evidentiary aspects."]
["C21","Julian John v Eric Joseph","SLUHCV2021/0437","High Court, Saint Lucia","First-instance downstream application","applied English doctrine; conflicting statute excluded","Applied English driving negligence and Mathurin preserving lost-years estate recovery; relevant earnings/dependency losses not proved.","","609;985;988;989D;917A","paras 15–20,103–111","2023-12-12","https://judgments.eccourts.org/julian-john-v-eric-joseph/","Retain legal entitlement but explain proof requirements; a right on paper cannot replace missing earnings evidence."]
["C22","Sadoo and Sons Trucking Ltd v Aaron Emilien; Monica Parris v Aaron Emilien and others","SLUHCV2019/0147;SLUHCV2021/0110","High Court, Saint Lucia","First-instance composite application","applied alongside local statute","English negligence gateway combined with local contributory negligence and death provisions.","","917A;985;989D;988;609","paras 23–27,147–149","2025-11-28","https://judgments.eccourts.org/sadoo-and-sons-trucking-limited-v-aaron-emilien/","Retain composite tort regime during contract-module commencement; general contract changes must not rewrite noncontract obligations."]
["C23","Peterson Francis v Christopher Hunte","SLUHCV2024/0283(formerly SLUHCV2018/0613)","High Court, Saint Lucia","First-instance procedural application; not final merits outcome","downstream received-statute application","After Hilaire, statutory defences replaced relevant old common-law defences; inadequate amendments/particularisation supported striking pleaded passages.","","917A via Hilaire;CPR","paras 21–29","2025-02-11","https://judgments.eccourts.org/peterson-francis-v-christopher-hunte/","Retain received rules with public notice and training; procedural effects continue even when later judgments omit 917A."]
["C24","Verne E Emmanuel v Cherry Ann Gaillard-Williams and others","SLUHCV2023/0369","High Court, Saint Lucia","First-instance merits application","downstream received-statute application","Applied serious harm, truth and public-interest rules; statutory defences failed on facts; EC$35000 general damages against first,second,fifth defendants.","","917A via Hilaire","paras 87–110,126–128","2025-04-29","https://judgments.eccourts.org/verne-e-emmanuel-v-cherry-ann-gaillard-williams-et-al/","Retain defamation baseline during initial contract reform; statutory reception has concrete later consequences."]
["C25","Francis Chitolie and Vance Chitolie v St Lucia National Housing Corporation","SLUHCVAP2020/0022","ECSC Court of Appeal","Appellate holding","local exception applied","Used local onerous-or-gratuitous cause when assessing whether deed was voluntary for Land Registration Act purposes; property outcome depended on registration framework.","Do not cite as broad third-party-rights holding; specific transfer and land-registration context matters.","917A(1)(b);Land Registration Act s 27","paras 150–153","2022-01-13","https://judgments.eccourts.org/francis-chitolie-et-al-v-st-lucia-national-housing-corporation/","Retain local cause definition beyond narrow contract formation: other statutes use consideration terminology."]

{"sheet":"English Candidates","index":4,"n_rows":21,"n_cols":10,"rows_kept":21,"merged":[[0,0,0,4],[1,0,2,4]]}
["ENGLISH SOURCES | candidates are not automatic reception findings"]
["16 source candidates. “Locally judicially confirmed” is confined to the provisions and propositions actually considered; candidate sources remain subject to domestic scope and conflict checks."]
[]
[]
["ID","Source title","Provisions","Reception status","Local case evidence","Local interface","Recommendation","Qualification","Primary source URL","Coverage date"]
["E01","Defamation Act 2013","ss 1–4,8","Locally judicially confirmed for provisions considered","Hilaire C01;Peterson C23;Emmanuel C24","989H/K/L;2123","Retain verified operative composite law pending separate defamation consultation.","Not evidence every provision of the Act or later amendment automatically operates unchanged.","https://www.legislation.gov.uk/ukpga/2013/26","2026-09-05"]
["E02","Administration of Justice Act 1982","s 4 amending 1934Act s 1(2)(a)","Locally excluded for express conflict","Mathurin C04;Julian John C21","609;917A(3)","Do not include in retained Saint Lucian baseline on this issue.","The exclusion is issue-specific, not a ruling on the entire 1982Act.","https://www.legislation.gov.uk/ukpga/1982/53/section/4","2026-09-05"]
["E03","Law Reform(Miscellaneous Provisions)Act 1934","s 1","English statutory analogue; localCode independently supplies rule","Mathurin C04","609","Retain local 609; record English analogue as interpretive source.","Mathurin explains matching original wording; do not infer whole 1934Act reception.","https://www.legislation.gov.uk/ukpga/Geo5/24-25/41/section/1","2026-09-05"]
["E04","Law Reform(Frustrated Contracts)Act 1943","ss 1–2","Candidate; local codal scheme has to be compared","No express local statutory-reception holding located in targeted search","1132A–1132B","Retain local restitution scheme; clarify draft interface before considering any imported increment.","English Act existence does not establish domestic reception. Exquisite Homes used doctrine, not identified 1943Act.","https://www.legislation.gov.uk/ukpga/Geo6/6-7/40","2026-09-05"]
["E05","Misrepresentation Act 1967","ss 1–3,especially s 2(4)","Candidate; local reception unconfirmed in reviewed cases","None established in this audit","925–927;974A;fraud,proof;localconsumerlegislation","Clarify subject/scope and damage/remedy conflicts; do not list as settled local law.","Current version s 2(4) amended by SI 2025/381. Version-specific nested-reference analysis required.","https://www.legislation.gov.uk/ukpga/1967/7","2026-09-05"]
["E06","Unfair Contract Terms Act 1977","PartI ss 2–3,11;Schedule 1 exclusions","Candidate; local reception unconfirmed in reviewed cases","None established in this audit","Contract nullity/publicorder;localConsumerProtectionAct","Reform draft may state deliberate local exclusion-clause policy; baseline import remains unresolved.","PartII is Scottish regime. Never receive entireUKAct indiscriminately. Current consumer/business split matters.","https://www.legislation.gov.uk/ukpga/1977/50","2026-09-05"]
["E07","Contracts(Rights of Third Parties)Act 1999","ss 1–3,5–7","Candidate with expresslocalcarveout risk","None established in this audit","917A(1)(c);962 and related third-party rules","Retain local third-party rights explicitly; compare each proposed English increment.","Local proviso protects pre-existing rights; do not assume identical effects or wholesale prohibition without analysis.","https://www.legislation.gov.uk/ukpga/1999/31","2026-09-05"]
["E08","Supply of Goods and Services Act 1982","PartII ss 12–16,particularly 13–15","Candidate; local reception unconfirmed in reviewed cases","None established in this audit","Specificcontractbooks;hireofwork;1584–1590;consumerstatute","Clarify reasonable-care/time/charge defaults in own drafting while retaining mandatory special contracts.","English coverage and consumer amendments need provision-by-provision review; title alone overstates current field.","https://www.legislation.gov.uk/ukpga/1982/29","2026-09-05"]
["E09","Consumer Rights Act 2015","ss 49–57;PartII s 62 and following","Candidate; no SaintLucian applicability established","None established in this audit","LocalConsumerProtectionAct;Code specificcontracts","Use as comparator for service remedies and unfair terms; local activation/conflicts audited separately.","Contains public enforcement/institutions and noncontract provisions; Hilaire does not import them merely by statutory title.","https://www.legislation.gov.uk/ukpga/2015/15","2026-09-05"]
["E10","Late Payment of Commercial Debts(Interest)Act 1998","ss 1,4,5A;associated rate instruments","Candidate; important expresslocalconflict questions","None established in this audit","1008–1009A;legal/contractual interest","Retain local interest framework in firstmodule; separate policy decision for business late-payment compensation.","Claiming UKrate or fixedcompensation currentlydue inSaintLucia would be unsupported by this audit. Nestedregulations unconfirmed.","https://www.legislation.gov.uk/ukpga/1998/20","2026-09-05"]
["E11","Civil Liability(Contribution)Act 1978","ss 1–2","Candidate; local reception unconfirmed in reviewed cases","None established in this audit","Solidarity/jointobligations;Code 989C andspecificregimes","Clarify contribution interfaces in later tort/module work.","Broad same-damage concept may span causes; do not infer allforeign contributionpolicy substitutesCode.","https://www.legislation.gov.uk/ukpga/1978/47","2026-09-05"]
["E12","Law Reform(Contributory Negligence)Act 1945","s 1","English analogue; local rule positively used","Sadoo C22;JulianJohn C21 useCode 989D","989D","Retain local contributory-fault regime; compare rather than duplicate.","No separate 1945Act reception needed to explain cited local holdings.","https://www.legislation.gov.uk/ukpga/Geo6/8-9/28","2026-09-05"]
["E13","Occupiers Liability Act 1957","s 2;local 987comparison","Historical/foreign-forum lead; localprimaryreception unverified here","Cools known only throughFloissac;Klatt 2021ONSC2121 foreignforum;Boitnott C20 used 985/986","985–987;917A","Prioritise occupiers-law source audit; retain actual verifiedlocalrules.","Neither Cools originalnorKlatt fullyre-read inthisstudy. Do notlabelconfirmedSaintLucian appellateholding.","https://www.legislation.gov.uk/ukpga/Eliz2/5-6/31","2026-09-05"]
["E14","Torts(Interference with Goods)Act 1977","ss 1–3,12–13 andSchedules","Candidate; local reception unconfirmed in reviewed cases","None established in this audit","Movableproperty;conversion/detention;saleofuncollectedgoods","Flag for later tortinventory; compare remedies with propertyrules.","Mixed property/tort classification and specialsale safeguards unresolved.","https://www.legislation.gov.uk/ukpga/1977/32","2026-09-05"]
["E15","Limitation Act 1980","s 5 andassociatedcontract limitation rules","Do not assume reception; localprescription governs reviewed disputes","Nelson C08 para 20;Dorina/Jawahir demonstrateclassification","2103/2103A;2111;2121;2122;2123;2129","Keep prescription outside initial substantive replacement except explicittransition protections.","Nelson broadstatutesdictum narrowed byHilaire; doesnot implyEnglishlimitation Act nowgoverns everycontract.","https://www.legislation.gov.uk/ukpga/1980/58","2026-09-05"]
["E16","Digital Markets,Competition and Consumers Act 2024(Consequential Amendments)Regulations 2025","SI 2025/381 Schedulepara 2","Dependency evidence only; no domesticreception finding","None established in this audit","MisrepresentationAct 1967 s 2(4) hypotheticalsourcechain","Record externalversion/linkchanges and instrumenttype ininventory.","OfficialSIchanges 1967Act referencefrom 2008Regulations to 2024Act; does not establishthisEnglishscheme operateslocally.","https://www.legislation.gov.uk/uksi/2025/381","2026-09-05"]

{"sheet":"Statutes","index":5,"n_rows":27,"n_cols":12,"rows_kept":27,"merged":[[0,0,0,4],[1,0,2,4]]}
["STATUTORY INTERFACES | domestic priority and commencement"]
["22 statutory records. The first source URL is shown for navigation; every source URL and full qualification is preserved in the accompanying CSV/JSON. Commencement is an independent question."]
[]
[]
["ID","Instrument","Sections","Field","Current rule","Evidence status","Commencement","Treatment","Drafting implication","First source URL","Qualification","Coverage date"]
["ST01","Revised Edition of the Laws Act, Cap.1.07; SI 108/2025; SI 112/2025","Act ss 10,13; SI 112 orders 1–2, Schedule 1","Source authority","Parliamentary resolution and Attorney General Gazette order bring a revised edition into force as authoritative law for its revision date. SI 112 commences the 2023 Supplement on Gazette publication.","Statutory text verified","SI 112 published 22 July 2025; made 15 July 2025. SI 108 resolution House 3 July/Senate 8 July, published 14 July 2025.","Retain; clarify metadata","Record revision date, authentication effective date, and later amendments separately. Do not repeat obsolete unauthenticated-banner claim.","https://attorneygeneralchambers.com/laws-of-saint-lucia/revised-edition-of-the-laws-act/section-10","Authentication of the edition does not certify that every website transcription is accurate or incorporate 2024–26 changes.","2026-09-05"]
["ST02","Statutes Act; Interpretation Act, Cap.1.06","Statutes s 7; Interpretation s 14","Commencement and authoritative copies","Certified statute copies are duplicate originals; commencement follows enactment-specific provisions and general statutory rules.","Statutory text verified","Statutes provisions current in official 2023 working text; Interpretation Act 18/1968 in force 20 July 1968, amendments recorded separately.","Retain","Do not infer enactment, commencement, and operational institutions from the same date.","https://attorneygeneralchambers.com/laws-of-saint-lucia/statutes-act/section-7","","2026-09-05"]
["ST03","Interpretation Act, Cap.1.06","ss 27–28","Reception transition","Ordinary repeal savings and repeal/substitution reference rules require express coordination with the replacement mechanism.","Statutory text verified; application to proposed bill is analysis","Act 18/1968 in force 20 July 1968; later amendments per Act page.","Retain; clarify","Preserve accrued rights and proceedings expressly; avoid inadvertently keeping ambulatory reception alive through replacement references.","https://attorneygeneralchambers.com/laws-of-saint-lucia/interpretation-act/section-27","These provisions do not resolve every question about upstream English amendment under existing 917A.","2026-09-05"]
["ST04","Consumer Protection Act, Cap.13.24 (Act 9/2016)","ss 2,4; amendment 27/2023s 2","Scope and enforcement","Scope depends on statutory definitions and application provisions, including exemptions; amendment 27/2023 changes departmental investigation triggers in s 13(2).","Statutory text verified","SI 9/2022 deems whole Act in force 1January 2022; amendment 14/2021 same date per consolidation; amendment 27/2023 published 27December 2023.","Retain","Do not claim all business contracts are consumer agreements; preserve administration and investigation powers.","https://attorneygeneralchambers.com/laws-of-saint-lucia/consumer-protection-act/section-2","General module must examine defined scope clause by clause.","2026-09-05"]
["ST05","Consumer Protection Act, Cap.13.24","ss 61–66,112–113,167–168","Unfair terms and exclusions","Unfair consumer terms and statutory-right exclusions are regulated; restrictions on liability for breach or substantially different/no performance are subject to statutory reasonableness.","Statutory text verified","In force 1January 2022 underSI9/2022.","Retain","General freedom of contract, agreed remedies, liability limits and cure provisions must preserve these controls.","https://attorneygeneralchambers.com/laws-of-saint-lucia/consumer-protection-act/section-62","","2026-09-05"]
["ST06","Consumer Protection Act, Cap.13.24","ss 86,90","Goods and service quality","Section 86 provides reasonable acceptable quality and extends CivilCode/CommercialCode sale warranties to other consumer supplies; s 90 includes manufacturer-warranty and repair rules plus default six-month parts-and-labour warranty.","Statutory text verified","In force 1January 2022.","Retain; clarify cross-references","Do not present reasonable quality or baseline repair warranties as new protections; preserve exact scope and exceptions.","https://attorneygeneralchambers.com/laws-of-saint-lucia/consumer-protection-act/section-86","The explicit CommercialCodeCap 244(1957)/ConsumerCreditAct references need continuity mapping; a new general chapter cannot silently erase them.","2026-09-05"]
["ST07","Consumer Protection Act, Cap.13.24","ss 59,110,127,129,166","Consumer performance and remedies","Tribunal remedies, proportionate/full service refunds, unfair-practice rescission and distance-contract performance/refunds already exist. Section 127 creates an offence for specified non-delivery after a deposit without reasonable excuse.","Statutory text verified","In force 1January 2022.","Retain; distinguish civil and offence rules","Avoid double recovery and weakening specific refund rights; do not recast every breach as a criminal offence.","https://attorneygeneralchambers.com/laws-of-saint-lucia/consumer-protection-act/section-59","Section 110 has an exception for prescribed fee regardless of receipt; s 166 default 30days applies in distance-selling Part.","2026-09-05"]
["ST08","Consumer Protection Act, Cap.13.24","s 69","Consumer dispute resolution","Statutory substantive/procedural rights apply despite contrary agreement; advance arbitration requirements are invalid insofar as they prevent those rights; parties may agree a lawful procedure after a dispute arises.","Statutory text verified","In force 1January 2022.","Retain","General arbitration savings must also save consumer access rights, rather than privilege every arbitration clause.","https://attorneygeneralchambers.com/laws-of-saint-lucia/consumer-protection-act/section-69","","2026-09-05"]
["ST09","Consumer Protection Act, Cap.13.24","ss 153–158, especially 154,157","Product liability/tort","Statutory liability for defective products and prohibition on exclusions coexist with general tort law.","Statutory text verified","In force 1January 2022.","Retain","Preserve independent statutory product liability and avoid treating English product-liability legislation as the only possible source.","https://attorneygeneralchambers.com/laws-of-saint-lucia/consumer-protection-act/section-154","Specific elements, damage categories and defences need claim-specific application.","2026-09-05"]
["ST10","Consumer Credit Act, Cap.13.15 (Act 29/2006)","ss 4–9,20–26,32–39","Credit sale and hire purchase","Special formalities, termination and repossession rules govern specified credit transactions. Section 26 imposes 21clear-days notice and a cure period of at least 10days, with stated removal/concealment exception.","Statutory text verified","15 September 2007 (SI 164/2007) per official Act table.","Retain","General notice/cure/restitution rules must preserve statutory repossession protections; separate title/security from personal repayment remedies.","https://attorneygeneralchambers.com/laws-of-saint-lucia/consumer-credit-act/act","","2026-09-05"]
["ST11","Electronic Transactions Act, Cap.8.17 (Act 16/2011)","ss 5,7–10,13,15–19,21–30,32–35,37,41–43; Part 6","Electronic evidence and automated contracting","Selected electronic-information, dispatch/receipt, writing/signature and automated-transaction provisions are commenced bySI95/2020.","Original commencement order and statutory text verified","SI 95/2020 published 25June 2020, deems listed provisions in force 1June 2016.","Retain; clarify","Recognize electronic notices only consistently with actual active provisions, consent rules, exceptions and formalities.","https://attorneygeneralchambers.com/laws-of-saint-lucia/electronic-transaction-act/act","Official HTML slug/title uses singular Transaction; original instrument uses Transactions.","2026-09-05"]
["ST12","Electronic Transactions Act, Cap.8.17","ss 38–40,44–46 (plus other omitted provisions)","Unresolved commencement","These provisions appear in enacted text but are omitted from the verifiedSI95/2020 commencement list; no later completing order was located in the bounded search.","Unresolved current commencement; not assumed operative","Not commenced bySI95/2020; later commencement not verified as of 5 September 2026.","Clarify before adoption","Do not rely on s 46 seven-day cooling-off as an established current right solely because it appears online. New domestic rule or commencement decision must be explicit.","https://attorneygeneralchambers.com/laws-of-saint-lucia/electronic-transaction-act/act","NPC annual SI catalogues are incomplete (2023 index ends 98 despite known 137/147); negative search is not proof no later order exists. This does not imply electronic contracts are invalid or that all cancellation rights are absent; other legal routes may apply.","2026-09-05"]
["ST13","Labour Act, Cap.16.04 (Act 37/2006)","ss 3–5; employment-specific Parts","Employment contracts","Contracting out is void except for greater/higher benefits; applicable LabourAct provisions prevail over conflicting enactments not specifically repealed.","Statutory text verified","1August 2012 (SI 70/2012); amendments 6/2011 and 5/2020 recorded in consolidation.","Retain","No general contract clause may weaken wages, dismissal, discrimination or other statutory employment protections.","https://attorneygeneralchambers.com/laws-of-saint-lucia/labour-act/act","","2026-09-05"]
["ST14","Insolvency Act 17/2024; SI 145/2025","ss 3–5,47,63,74,79,160–163,172","Contract termination and collective enforcement","Act expressly prevails over CivilCode/otherenactments. Stays and specified restrictions on termination/amendment/acceleration on insolvency or proposal events constrain individual contractual remedies.","Original Act and final commencement order verified","Act published 30 September 2024; SI 145/2025 published 27October 2025 commences remaining sections 3November 2025.","Retain","Expressly preserve insolvency stays and protected contracts; adequate-assurance and anticipatory-breach rules must not circumvent them.","https://osbistlucia.govt.lc/wp-content/uploads/2025/11/Insolvency_Act_No_17_of_2024.pdf","Individual sections contain exceptions, including eligible financial contracts; do not state universal bar.","2026-09-05"]
["ST15","Insolvency Act 17/2024","s 202(6); ss 425–426","Set-off/compensation and legacy insolvency","Set-off or compensation applies subject to Act fraud/preference rules; s 425 repeals Title 9CommercialCodeCap 22.09; transitional provisions preserve specified situations.","Original statutory text verified","Remaining sections in force 3November 2025 underSI145/2025.","Retain; clarify","Use current local insolvency rules, not surviving-looking 2023CommercialCode text or assumed imported UK insolvency rules.","https://osbistlucia.govt.lc/wp-content/uploads/2025/11/Insolvency_Act_No_17_of_2024.pdf","","2026-09-05"]
["ST16","Security Interest in Movable Property Act 22/2022; Amendment 2/2025","ss 3–4,9,52–71,90–102; amendment s 2","Security and priority","Act supplies creation/priority/enforcement and express conflict priority. Before default debtor cannot waive/vary PartVI rights. 2025amendment restricts s 3(1)(a) transaction language to one not involving immovable property.","Original amendment and consolidation verified","Principal 29November 2023 (SI 137/2023); amendment assent 10March 2025, published 17March 2025, no deferred clause.","Retain","General contract remedies must not rewrite collateral priorities or secured-enforcement safeguards; preserve land regime.","https://attorneygeneralchambers.com/laws-of-saint-lucia/security-interest-in-movable-property-act/act","Apply InterpretationAct 14 to publication commencement; official 2023HTML does not incorporate 2025 amendment.","2026-09-05"]
["ST17","Arbitration Act, Cap.2.06 (Act 29/1955)","ss 3,7,20–23","Forum, award interest and limitation","Written arbitration agreements support stays/enforcement; awards ordinarily carry judgment-debt interest; limitation applies with Code expressly included in s 23(7).","Statutory text verified","15October 1955; amendment 5/2004 in force 24May 2004.","Retain","Save arbitration while coordinating consumer s 69; do not reset prescription or duplicate award interest.","https://attorneygeneralchambers.com/laws-of-saint-lucia/arbitration-act/act","","2026-09-05"]
["ST18","Land Registration Act, Cap.5.01 (Act 12/1984)","ss 23,28,37,41","Land contract and proprietary effect","Registration determines proprietary effect; s 37 distinguishes contractual operation from effective land disposition and specifies writing/part-performance requirements.","Statutory text verified","15 July 1985 (SI 36/1985); subsequent amendments per official table.","Retain","Contractual specific performance/restitution cannot by themselves alter registration priority or dispense with mandatory land formalities.","https://attorneygeneralchambers.com/laws-of-saint-lucia/land-registration-act/act","","2026-09-05"]
["ST19","Crown Proceedings Act, Cap.2.05 (Act 27/1956)","ss 3–6,16,19–20,25","State contracts, tort and enforcement","Special Crown liability, relief, interest, satisfaction and limitation provisions govern claims against the State.","Statutory text verified","1December 1956; amendment 4/2017 in force 18April 2017.","Retain","General specific-performance and enforcement provisions need express consistency with Crown relief restrictions.","https://attorneygeneralchambers.com/laws-of-saint-lucia/crown-proceedings-act/act","","2026-09-05"]
["ST20","Evidence Act, Cap.4.15 (Act 5/2002)","ss 10–12; other evidentiary Parts","Proof and evidential method","Domestic evidence legislation operates alongside relevant preserved Code proof provisions; its application and court powers require separate treatment.","Statutory text verified","1November 2005 (SI 151/2005); amendments 16/2006,46/2006,14/2011 per official table.","Retain","Distinguish substantive entitlement from admissibility and proof. Model explanatory scenarios must state evidence requirements.","https://attorneygeneralchambers.com/laws-of-saint-lucia/evidence-act/act","No claim that this Act silently repealed all Code proof rules; harmonisation remains issue-specific.","2026-09-05"]
["ST21","Code of Civil Procedure Amendment Act 23/2023; Supreme Court Amendment Act 7/2025","2023s 2 deletes Article 1015(2); 2025ss 3–6 amend definition/verdict and criminal appeal provisions","Procedure outside 917A","Recent procedural amendments must be distinguished from repeal/reform of substantive 917A. The identified 2025SupremeCourt changes address verdict/judge-only appellate wording.","Original Acts verified","2023Act assented 8Dec, published 11Dec 2023; 2025Act assented 27Mar, published 31Mar 2025; neither has deferred commencement clause.","Retain; clarify","Do not report these amendments as Article 917A reform or presume an English procedural update travels through 917A.","https://npc.govt.lc/laws/acts/2023","General contract model does not replace court rules or unresolved effects of oldCodeCivilProcedure provisions.","2026-09-05"]
["ST22","Insurance Act, Cap.12.08 (Act 6/1995)","ss 11,41,45; relevant regulatory Parts","Insurance contracts and judicial management","Special permission applies to specified nonregistered-insurer contracts; during judicial management court may cancel/vary certain detrimental company contracts other than policies.","Statutory text verified","15August 1995; amendments throughAct 3/2022 andSI127/2022 shown in official 2023text.","Retain","Preserve special insurance supervision and policyholder protections; do not assume generic termination remedies govern insurer distress.","https://attorneygeneralchambers.com/laws-of-saint-lucia/insurance-act/act","","2026-09-05"]

{"sheet":"Coverage","index":6,"n_rows":254,"n_cols":5,"rows_kept":254,"merged":[[0,0,0,4],[1,0,2,4]]}
["COVERAGE | the denominator is article identifiers"]
["Every base-number article from 917 to 1132 is covered, plus 25 lettered additions. These are identifiers, not counts of legal rules, drafting difficulty or the extent of received English law."]
[]
[]
["ID","Article","Core block (1=yes)","917A named (1=yes)","Official source URL"]
["CC-1","1",0,0,"https://attorneygeneralchambers.com/laws-of-saint-lucia/civil-code-of-saint-lucia/section-i-interpretation"]
["CC-916A","916A",0,0,"https://attorneygeneralchambers.com/laws-of-saint-lucia/civil-code-of-saint-lucia/chapter-fifth-trusts"]
["CC-917","917",1,0,"https://attorneygeneralchambers.com/laws-of-saint-lucia/civil-code-of-saint-lucia/chapter-fifth-trusts"]
["CC-917A","917A",1,0,"https://attorneygeneralchambers.com/laws-of-saint-lucia/civil-code-of-saint-lucia/chapter-fifth-trusts"]
["CC-918","918",1,1,"https://attorneygeneralchambers.com/laws-of-saint-lucia/civil-code-of-saint-lucia/section-i-the-requisites-for-the-validity-of-contracts"]
["CC-919","919",1,1,"https://attorneygeneralchambers.com/laws-of-saint-lucia/civil-code-of-saint-lucia/section-i-the-requisites-for-the-validity-of-contracts"]
["CC-920","920",1,1,"https://attorneygeneralchambers.com/laws-of-saint-lucia/civil-code-of-saint-lucia/section-i-the-requisites-for-the-validity-of-contracts"]
["CC-921","921",1,1,"https://attorneygeneralchambers.com/laws-of-saint-lucia/civil-code-of-saint-lucia/section-i-the-requisites-for-the-validity-of-contracts"]
["CC-922","922",1,1,"https://attorneygeneralchambers.com/laws-of-saint-lucia/civil-code-of-saint-lucia/section-i-the-requisites-for-the-validity-of-contracts"]
["CC-923","923",1,1,"https://attorneygeneralchambers.com/laws-of-saint-lucia/civil-code-of-saint-lucia/section-i-the-requisites-for-the-validity-of-contracts"]
["CC-924","924",1,1,"https://attorneygeneralchambers.com/laws-of-saint-lucia/civil-code-of-saint-lucia/section-i-the-requisites-for-the-validity-of-contracts"]
["CC-925","925",1,1,"https://attorneygeneralchambers.com/laws-of-saint-lucia/civil-code-of-saint-lucia/section-ii-causes-of-nullity-in-contracts"]
["CC-926","926",1,1,"https://attorneygeneralchambers.com/laws-of-saint-lucia/civil-code-of-saint-lucia/section-ii-causes-of-nullity-in-contracts"]
["CC-927","927",1,1,"https://attorneygeneralchambers.com/laws-of-saint-lucia/civil-code-of-saint-lucia/section-ii-causes-of-nullity-in-contracts"]
["CC-928","928",1,1,"https://attorneygeneralchambers.com/laws-of-saint-lucia/civil-code-of-saint-lucia/section-ii-causes-of-nullity-in-contracts"]
["CC-929","929",1,1,"https://attorneygeneralchambers.com/laws-of-saint-lucia/civil-code-of-saint-lucia/section-ii-causes-of-nullity-in-contracts"]
["CC-930","930",1,1,"https://attorneygeneralchambers.com/laws-of-saint-lucia/civil-code-of-saint-lucia/section-ii-causes-of-nullity-in-contracts"]
["CC-931","931",1,1,"https://attorneygeneralchambers.com/laws-of-saint-lucia/civil-code-of-saint-lucia/section-ii-causes-of-nullity-in-contracts"]
["CC-932","932",1,1,"https://attorneygeneralchambers.com/laws-of-saint-lucia/civil-code-of-saint-lucia/section-ii-causes-of-nullity-in-contracts"]
["CC-933","933",1,1,"https://attorneygeneralchambers.com/laws-of-saint-lucia/civil-code-of-saint-lucia/section-ii-causes-of-nullity-in-contracts"]
["CC-934","934",1,1,"https://attorneygeneralchambers.com/laws-of-saint-lucia/civil-code-of-saint-lucia/section-ii-causes-of-nullity-in-contracts"]
["CC-935","935",1,1,"https://attorneygeneralchambers.com/laws-of-saint-lucia/civil-code-of-saint-lucia/section-ii-causes-of-nullity-in-contracts"]
["CC-936","936",1,1,"https://attorneygeneralchambers.com/laws-of-saint-lucia/civil-code-of-saint-lucia/section-ii-causes-of-nullity-in-contracts"]
["CC-937","937",1,1,"https://attorneygeneralchambers.com/laws-of-saint-lucia/civil-code-of-saint-lucia/section-ii-causes-of-nullity-in-contracts"]
["CC-938","938",1,1,"https://attorneygeneralchambers.com/laws-of-saint-lucia/civil-code-of-saint-lucia/section-ii-causes-of-nullity-in-contracts"]
["CC-939","939",1,1,"https://attorneygeneralchambers.com/laws-of-saint-lucia/civil-code-of-saint-lucia/section-ii-causes-of-nullity-in-contracts"]
["CC-940","940",1,1,"https://attorneygeneralchambers.com/laws-of-saint-lucia/civil-code-of-saint-lucia/section-ii-causes-of-nullity-in-contracts"]
["CC-941","941",1,1,"https://attorneygeneralchambers.com/laws-of-saint-lucia/civil-code-of-saint-lucia/section-ii-causes-of-nullity-in-contracts"]
["CC-942","942",1,1,"https://attorneygeneralchambers.com/laws-of-saint-lucia/civil-code-of-saint-lucia/section-ii-causes-of-nullity-in-contracts"]
["CC-943","943",1,1,"https://attorneygeneralchambers.com/laws-of-saint-lucia/civil-code-of-saint-lucia/section-ii-causes-of-nullity-in-contracts"]
["CC-944","944",1,1,"https://attorneygeneralchambers.com/laws-of-saint-lucia/civil-code-of-saint-lucia/section-ii-causes-of-nullity-in-contracts"]
["CC-945","945",1,1,"https://attorneygeneralchambers.com/laws-of-saint-lucia/civil-code-of-saint-lucia/section-iii-the-interpretation-of-contracts"]
["CC-946","946",1,1,"https://attorneygeneralchambers.com/laws-of-saint-lucia/civil-code-of-saint-lucia/section-iii-the-interpretation-of-contracts"]
["CC-947","947",1,1,"https://attorneygeneralchambers.com/laws-of-saint-lucia/civil-code-of-saint-lucia/section-iii-the-interpretation-of-contracts"]
["CC-948","948",1,1,"https://attorneygeneralchambers.com/laws-of-saint-lucia/civil-code-of-saint-lucia/section-iii-the-interpretation-of-contracts"]
["CC-949","949",1,1,"https://attorneygeneralchambers.com/laws-of-saint-lucia/civil-code-of-saint-lucia/section-iii-the-interpretation-of-contracts"]
["CC-950","950",1,1,"https://attorneygeneralchambers.com/laws-of-saint-lucia/civil-code-of-saint-lucia/section-iii-the-interpretation-of-contracts"]
["CC-951","951",1,1,"https://attorneygeneralchambers.com/laws-of-saint-lucia/civil-code-of-saint-lucia/section-iii-the-interpretation-of-contracts"]
["CC-952","952",1,1,"https://attorneygeneralchambers.com/laws-of-saint-lucia/civil-code-of-saint-lucia/section-iii-the-interpretation-of-contracts"]
["CC-953","953",1,1,"https://attorneygeneralchambers.com/laws-of-saint-lucia/civil-code-of-saint-lucia/section-iii-the-interpretation-of-contracts"]
["CC-954","954",1,1,"https://attorneygeneralchambers.com/laws-of-saint-lucia/civil-code-of-saint-lucia/section-iv-the-effect-of-contracts"]
["CC-955","955",1,1,"https://attorneygeneralchambers.com/laws-of-saint-lucia/civil-code-of-saint-lucia/section-iv-the-effect-of-contracts"]
["CC-956","956",1,1,"https://attorneygeneralchambers.com/laws-of-saint-lucia/civil-code-of-saint-lucia/section-iv-the-effect-of-contracts"]
["CC-957","957",1,1,"https://attorneygeneralchambers.com/laws-of-saint-lucia/civil-code-of-saint-lucia/section-iv-the-effect-of-contracts"]
["CC-958","958",1,1,"https://attorneygeneralchambers.com/laws-of-saint-lucia/civil-code-of-saint-lucia/section-iv-the-effect-of-contracts"]
["CC-959","959",1,1,"https://attorneygeneralchambers.com/laws-of-saint-lucia/civil-code-of-saint-lucia/section-iv-the-effect-of-contracts"]
["CC-960","960",1,1,"https://attorneygeneralchambers.com/laws-of-saint-lucia/civil-code-of-saint-lucia/section-iv-the-effect-of-contracts"]
["CC-961","961",1,1,"https://attorneygeneralchambers.com/laws-of-saint-lucia/civil-code-of-saint-lucia/section-v-the-effect-of-contracts-with-regard-to-third-persons"]
["CC-962","962",1,1,"https://attorneygeneralchambers.com/laws-of-saint-lucia/civil-code-of-saint-lucia/section-v-the-effect-of-contracts-with-regard-to-third-persons"]
["CC-963","963",1,1,"https://attorneygeneralchambers.com/laws-of-saint-lucia/civil-code-of-saint-lucia/section-v-the-effect-of-contracts-with-regard-to-third-persons"]
["CC-964","964",1,1,"https://attorneygeneralchambers.com/laws-of-saint-lucia/civil-code-of-saint-lucia/section-v-the-effect-of-contracts-with-regard-to-third-persons"]
["CC-965","965",1,1,"https://attorneygeneralchambers.com/laws-of-saint-lucia/civil-code-of-saint-lucia/section-vi-avoidance-of-contracts-and-payments-made-in-fraud-of-creditors"]
["CC-966","966",1,1,"https://attorneygeneralchambers.com/laws-of-saint-lucia/civil-code-of-saint-lucia/section-vi-avoidance-of-contracts-and-payments-made-in-fraud-of-creditors"]
["CC-967","967",1,1,"https://attorneygeneralchambers.com/laws-of-saint-lucia/civil-code-of-saint-lucia/section-vi-avoidance-of-contracts-and-payments-made-in-fraud-of-creditors"]
["CC-968","968",1,1,"https://attorneygeneralchambers.com/laws-of-saint-lucia/civil-code-of-saint-lucia/section-vi-avoidance-of-contracts-and-payments-made-in-fraud-of-creditors"]
["CC-969","969",1,1,"https://attorneygeneralchambers.com/laws-of-saint-lucia/civil-code-of-saint-lucia/section-vi-avoidance-of-contracts-and-payments-made-in-fraud-of-creditors"]
["CC-970","970",1,1,"https://attorneygeneralchambers.com/laws-of-saint-lucia/civil-code-of-saint-lucia/section-vi-avoidance-of-contracts-and-payments-made-in-fraud-of-creditors"]
["CC-971","971",1,1,"https://attorneygeneralchambers.com/laws-of-saint-lucia/civil-code-of-saint-lucia/section-vi-avoidance-of-contracts-and-payments-made-in-fraud-of-creditors"]
["CC-972","972",1,1,"https://attorneygeneralchambers.com/laws-of-saint-lucia/civil-code-of-saint-lucia/section-vi-avoidance-of-contracts-and-payments-made-in-fraud-of-creditors"]
["CC-973","973",1,1,"https://attorneygeneralchambers.com/laws-of-saint-lucia/civil-code-of-saint-lucia/chapter-second-quasi-contracts"]
["CC-974","974",1,1,"https://attorneygeneralchambers.com/laws-of-saint-lucia/civil-code-of-saint-lucia/chapter-second-quasi-contracts"]
["CC-974A","974A",1,0,"https://attorneygeneralchambers.com/laws-of-saint-lucia/civil-code-of-saint-lucia/chapter-second-quasi-contracts"]
["CC-975","975",1,1,"https://attorneygeneralchambers.com/laws-of-saint-lucia/civil-code-of-saint-lucia/section-i-the-quasi-contract-negotiorum-gestio"]
["CC-976","976",1,1,"https://attorneygeneralchambers.com/laws-of-saint-lucia/civil-code-of-saint-lucia/section-i-the-quasi-contract-negotiorum-gestio"]
["CC-977","977",1,1,"https://attorneygeneralchambers.com/laws-of-saint-lucia/civil-code-of-saint-lucia/section-i-the-quasi-contract-negotiorum-gestio"]
["CC-978","978",1,1,"https://attorneygeneralchambers.com/laws-of-saint-lucia/civil-code-of-saint-lucia/section-i-the-quasi-contract-negotiorum-gestio"]
["CC-979","979",1,1,"https://attorneygeneralchambers.com/laws-of-saint-lucia/civil-code-of-saint-lucia/section-ii-the-reception-of-a-thing-not-due"]
["CC-980","980",1,1,"https://attorneygeneralchambers.com/laws-of-saint-lucia/civil-code-of-saint-lucia/section-ii-the-reception-of-a-thing-not-due"]
["CC-981","981",1,1,"https://attorneygeneralchambers.com/laws-of-saint-lucia/civil-code-of-saint-lucia/section-ii-the-reception-of-a-thing-not-due"]
["CC-982","982",1,1,"https://attorneygeneralchambers.com/laws-of-saint-lucia/civil-code-of-saint-lucia/section-ii-the-reception-of-a-thing-not-due"]
["CC-983","983",1,1,"https://attorneygeneralchambers.com/laws-of-saint-lucia/civil-code-of-saint-lucia/section-ii-the-reception-of-a-thing-not-due"]
["CC-984","984",1,1,"https://attorneygeneralchambers.com/laws-of-saint-lucia/civil-code-of-saint-lucia/section-ii-the-reception-of-a-thing-not-due"]
["CC-985","985",1,1,"https://attorneygeneralchambers.com/laws-of-saint-lucia/civil-code-of-saint-lucia/chapter-third-delicts-and-quasi-delicts"]
["CC-986","986",1,1,"https://attorneygeneralchambers.com/laws-of-saint-lucia/civil-code-of-saint-lucia/chapter-third-delicts-and-quasi-delicts"]
["CC-987","987",1,1,"https://attorneygeneralchambers.com/laws-of-saint-lucia/civil-code-of-saint-lucia/chapter-third-delicts-and-quasi-delicts"]
["CC-988","988",1,1,"https://attorneygeneralchambers.com/laws-of-saint-lucia/civil-code-of-saint-lucia/chapter-third-delicts-and-quasi-delicts"]
["CC-989","989",1,1,"https://attorneygeneralchambers.com/laws-of-saint-lucia/civil-code-of-saint-lucia/chapter-third-delicts-and-quasi-delicts"]
["CC-989A","989A",1,0,"https://attorneygeneralchambers.com/laws-of-saint-lucia/civil-code-of-saint-lucia/chapter-third-delicts-and-quasi-delicts"]
["CC-989B","989B",1,0,"https://attorneygeneralchambers.com/laws-of-saint-lucia/civil-code-of-saint-lucia/chapter-third-delicts-and-quasi-delicts"]
["CC-989C","989C",1,0,"https://attorneygeneralchambers.com/laws-of-saint-lucia/civil-code-of-saint-lucia/chapter-third-delicts-and-quasi-delicts"]
["CC-989D","989D",1,0,"https://attorneygeneralchambers.com/laws-of-saint-lucia/civil-code-of-saint-lucia/chapter-third-delicts-and-quasi-delicts"]
["CC-989E","989E",1,0,"https://attorneygeneralchambers.com/laws-of-saint-lucia/civil-code-of-saint-lucia/chapter-third-delicts-and-quasi-delicts"]
["CC-989F","989F",1,0,"https://attorneygeneralchambers.com/laws-of-saint-lucia/civil-code-of-saint-lucia/chapter-third-delicts-and-quasi-delicts"]
["CC-989G","989G",1,0,"https://attorneygeneralchambers.com/laws-of-saint-lucia/civil-code-of-saint-lucia/chapter-third-delicts-and-quasi-delicts"]
["CC-989H","989H",1,0,"https://attorneygeneralchambers.com/laws-of-saint-lucia/civil-code-of-saint-lucia/chapter-third-delicts-and-quasi-delicts"]
["CC-989I","989I",1,0,"https://attorneygeneralchambers.com/laws-of-saint-lucia/civil-code-of-saint-lucia/chapter-third-delicts-and-quasi-delicts"]
["CC-989J","989J",1,0,"https://attorneygeneralchambers.com/laws-of-saint-lucia/civil-code-of-saint-lucia/chapter-third-delicts-and-quasi-delicts"]
["CC-989K","989K",1,0,"https://attorneygeneralchambers.com/laws-of-saint-lucia/civil-code-of-saint-lucia/chapter-third-delicts-and-quasi-delicts"]
["CC-989L","989L",1,0,"https://attorneygeneralchambers.com/laws-of-saint-lucia/civil-code-of-saint-lucia/chapter-third-delicts-and-quasi-delicts"]
["CC-989M","989M",1,0,"https://attorneygeneralchambers.com/laws-of-saint-lucia/civil-code-of-saint-lucia/chapter-third-delicts-and-quasi-delicts"]
["CC-989N","989N",1,0,"https://attorneygeneralchambers.com/laws-of-saint-lucia/civil-code-of-saint-lucia/chapter-third-delicts-and-quasi-delicts"]
["CC-989O","989O",1,0,"https://attorneygeneralchambers.com/laws-of-saint-lucia/civil-code-of-saint-lucia/chapter-third-delicts-and-quasi-delicts"]
["CC-989P","989P",1,0,"https://attorneygeneralchambers.com/laws-of-saint-lucia/civil-code-of-saint-lucia/chapter-third-delicts-and-quasi-delicts"]
["CC-989Q","989Q",1,0,"https://attorneygeneralchambers.com/laws-of-saint-lucia/civil-code-of-saint-lucia/chapter-third-delicts-and-quasi-delicts"]
["CC-989R","989R",1,0,"https://attorneygeneralchambers.com/laws-of-saint-lucia/civil-code-of-saint-lucia/chapter-third-delicts-and-quasi-delicts"]
["CC-989S","989S",1,0,"https://attorneygeneralchambers.com/laws-of-saint-lucia/civil-code-of-saint-lucia/chapter-third-delicts-and-quasi-delicts"]
["CC-990","990",1,0,"https://attorneygeneralchambers.com/laws-of-saint-lucia/civil-code-of-saint-lucia/chapter-fourth-obligations-which-arise-from-other-causes-than-those-hitherto-specified"]
["CC-991","991",1,1,"https://attorneygeneralchambers.com/laws-of-saint-lucia/civil-code-of-saint-lucia/chapter-fifth-subject-of-obligations"]
["CC-992","992",1,1,"https://attorneygeneralchambers.com/laws-of-saint-lucia/civil-code-of-saint-lucia/chapter-fifth-subject-of-obligations"]
["CC-993","993",1,1,"https://attorneygeneralchambers.com/laws-of-saint-lucia/civil-code-of-saint-lucia/chapter-fifth-subject-of-obligations"]
["CC-994","994",1,1,"https://attorneygeneralchambers.com/laws-of-saint-lucia/civil-code-of-saint-lucia/chapter-fifth-subject-of-obligations"]
["CC-995","995",1,1,"https://attorneygeneralchambers.com/laws-of-saint-lucia/civil-code-of-saint-lucia/section-i-general-provisions-09"]
["CC-996","996",1,1,"https://attorneygeneralchambers.com/laws-of-saint-lucia/civil-code-of-saint-lucia/section-i-general-provisions-09"]
["CC-997","997",1,1,"https://attorneygeneralchambers.com/laws-of-saint-lucia/civil-code-of-saint-lucia/section-i-general-provisions-09"]
["CC-998","998",1,1,"https://attorneygeneralchambers.com/laws-of-saint-lucia/civil-code-of-saint-lucia/section-i-general-provisions-09"]
["CC-999","999",1,1,"https://attorneygeneralchambers.com/laws-of-saint-lucia/civil-code-of-saint-lucia/section-ii-defaults"]
["CC-1000","1000",1,1,"https://attorneygeneralchambers.com/laws-of-saint-lucia/civil-code-of-saint-lucia/section-ii-defaults"]
["CC-1001","1001",1,1,"https://attorneygeneralchambers.com/laws-of-saint-lucia/civil-code-of-saint-lucia/section-iii-damages-for-non-fulfilment-of-obligations"]
["CC-1002","1002",1,1,"https://attorneygeneralchambers.com/laws-of-saint-lucia/civil-code-of-saint-lucia/section-iii-damages-for-non-fulfilment-of-obligations"]
["CC-1003","1003",1,1,"https://attorneygeneralchambers.com/laws-of-saint-lucia/civil-code-of-saint-lucia/section-iii-damages-for-non-fulfilment-of-obligations"]
["CC-1004","1004",1,1,"https://attorneygeneralchambers.com/laws-of-saint-lucia/civil-code-of-saint-lucia/section-iii-damages-for-non-fulfilment-of-obligations"]
["CC-1005","1005",1,1,"https://attorneygeneralchambers.com/laws-of-saint-lucia/civil-code-of-saint-lucia/section-iii-damages-for-non-fulfilment-of-obligations"]
["CC-1006","1006",1,1,"https://attorneygeneralchambers.com/laws-of-saint-lucia/civil-code-of-saint-lucia/section-iii-damages-for-non-fulfilment-of-obligations"]
["CC-1007","1007",1,1,"https://attorneygeneralchambers.com/laws-of-saint-lucia/civil-code-of-saint-lucia/section-iii-damages-for-non-fulfilment-of-obligations"]
["CC-1008","1008",1,1,"https://attorneygeneralchambers.com/laws-of-saint-lucia/civil-code-of-saint-lucia/section-iii-damages-for-non-fulfilment-of-obligations"]
["CC-1009","1009",1,1,"https://attorneygeneralchambers.com/laws-of-saint-lucia/civil-code-of-saint-lucia/section-iii-damages-for-non-fulfilment-of-obligations"]
["CC-1009A","1009A",1,0,"https://attorneygeneralchambers.com/laws-of-saint-lucia/civil-code-of-saint-lucia/section-iii-damages-for-non-fulfilment-of-obligations"]
["CC-1010","1010",1,1,"https://attorneygeneralchambers.com/laws-of-saint-lucia/civil-code-of-saint-lucia/section-i-conditional-obligations"]
["CC-1011","1011",1,1,"https://attorneygeneralchambers.com/laws-of-saint-lucia/civil-code-of-saint-lucia/section-i-conditional-obligations"]
["CC-1012","1012",1,1,"https://attorneygeneralchambers.com/laws-of-saint-lucia/civil-code-of-saint-lucia/section-i-conditional-obligations"]
["CC-1013","1013",1,1,"https://attorneygeneralchambers.com/laws-of-saint-lucia/civil-code-of-saint-lucia/section-i-conditional-obligations"]
["CC-1014","1014",1,1,"https://attorneygeneralchambers.com/laws-of-saint-lucia/civil-code-of-saint-lucia/section-i-conditional-obligations"]
["CC-1015","1015",1,1,"https://attorneygeneralchambers.com/laws-of-saint-lucia/civil-code-of-saint-lucia/section-i-conditional-obligations"]
["CC-1016","1016",1,1,"https://attorneygeneralchambers.com/laws-of-saint-lucia/civil-code-of-saint-lucia/section-i-conditional-obligations"]
["CC-1017","1017",1,1,"https://attorneygeneralchambers.com/laws-of-saint-lucia/civil-code-of-saint-lucia/section-i-conditional-obligations"]
["CC-1018","1018",1,1,"https://attorneygeneralchambers.com/laws-of-saint-lucia/civil-code-of-saint-lucia/section-i-conditional-obligations"]
["CC-1019","1019",1,1,"https://attorneygeneralchambers.com/laws-of-saint-lucia/civil-code-of-saint-lucia/section-i-conditional-obligations"]
["CC-1020","1020",1,1,"https://attorneygeneralchambers.com/laws-of-saint-lucia/civil-code-of-saint-lucia/section-ii-obligations-with-a-term"]
["CC-1021","1021",1,1,"https://attorneygeneralchambers.com/laws-of-saint-lucia/civil-code-of-saint-lucia/section-ii-obligations-with-a-term"]
["CC-1022","1022",1,1,"https://attorneygeneralchambers.com/laws-of-saint-lucia/civil-code-of-saint-lucia/section-ii-obligations-with-a-term"]
["CC-1023","1023",1,1,"https://attorneygeneralchambers.com/laws-of-saint-lucia/civil-code-of-saint-lucia/section-ii-obligations-with-a-term"]
["CC-1024","1024",1,1,"https://attorneygeneralchambers.com/laws-of-saint-lucia/civil-code-of-saint-lucia/section-iii-alternative-obligations"]
["CC-1025","1025",1,1,"https://attorneygeneralchambers.com/laws-of-saint-lucia/civil-code-of-saint-lucia/section-iii-alternative-obligations"]
["CC-1026","1026",1,1,"https://attorneygeneralchambers.com/laws-of-saint-lucia/civil-code-of-saint-lucia/section-iii-alternative-obligations"]
["CC-1027","1027",1,1,"https://attorneygeneralchambers.com/laws-of-saint-lucia/civil-code-of-saint-lucia/section-iii-alternative-obligations"]
["CC-1028","1028",1,1,"https://attorneygeneralchambers.com/laws-of-saint-lucia/civil-code-of-saint-lucia/section-iii-alternative-obligations"]
["CC-1029","1029",1,1,"https://attorneygeneralchambers.com/laws-of-saint-lucia/civil-code-of-saint-lucia/section-iii-alternative-obligations"]
["CC-1030","1030",1,1,"https://attorneygeneralchambers.com/laws-of-saint-lucia/civil-code-of-saint-lucia/section-iii-alternative-obligations"]
["CC-1031","1031",1,1,"https://attorneygeneralchambers.com/laws-of-saint-lucia/civil-code-of-saint-lucia/section-iv-joint-and-several-obligations"]
["CC-1032","1032",1,1,"https://attorneygeneralchambers.com/laws-of-saint-lucia/civil-code-of-saint-lucia/section-iv-joint-and-several-obligations"]
["CC-1033","1033",1,1,"https://attorneygeneralchambers.com/laws-of-saint-lucia/civil-code-of-saint-lucia/section-iv-joint-and-several-obligations"]
["CC-1034","1034",1,1,"https://attorneygeneralchambers.com/laws-of-saint-lucia/civil-code-of-saint-lucia/section-iv-joint-and-several-obligations"]
["CC-1035","1035",1,1,"https://attorneygeneralchambers.com/laws-of-saint-lucia/civil-code-of-saint-lucia/section-iv-joint-and-several-obligations"]
["CC-1036","1036",1,1,"https://attorneygeneralchambers.com/laws-of-saint-lucia/civil-code-of-saint-lucia/section-iv-joint-and-several-obligations"]
["CC-1037","1037",1,1,"https://attorneygeneralchambers.com/laws-of-saint-lucia/civil-code-of-saint-lucia/section-iv-joint-and-several-obligations"]
["CC-1038","1038",1,1,"https://attorneygeneralchambers.com/laws-of-saint-lucia/civil-code-of-saint-lucia/section-iv-joint-and-several-obligations"]
["CC-1039","1039",1,1,"https://attorneygeneralchambers.com/laws-of-saint-lucia/civil-code-of-saint-lucia/section-iv-joint-and-several-obligations"]
["CC-1040","1040",1,1,"https://attorneygeneralchambers.com/laws-of-saint-lucia/civil-code-of-saint-lucia/section-iv-joint-and-several-obligations"]
["CC-1041","1041",1,1,"https://attorneygeneralchambers.com/laws-of-saint-lucia/civil-code-of-saint-lucia/section-iv-joint-and-several-obligations"]
["CC-1042","1042",1,1,"https://attorneygeneralchambers.com/laws-of-saint-lucia/civil-code-of-saint-lucia/section-iv-joint-and-several-obligations"]
["CC-1043","1043",1,1,"https://attorneygeneralchambers.com/laws-of-saint-lucia/civil-code-of-saint-lucia/section-iv-joint-and-several-obligations"]
["CC-1044","1044",1,1,"https://attorneygeneralchambers.com/laws-of-saint-lucia/civil-code-of-saint-lucia/section-iv-joint-and-several-obligations"]
["CC-1045","1045",1,1,"https://attorneygeneralchambers.com/laws-of-saint-lucia/civil-code-of-saint-lucia/section-iv-joint-and-several-obligations"]
["CC-1046","1046",1,1,"https://attorneygeneralchambers.com/laws-of-saint-lucia/civil-code-of-saint-lucia/section-iv-joint-and-several-obligations"]
["CC-1047","1047",1,1,"https://attorneygeneralchambers.com/laws-of-saint-lucia/civil-code-of-saint-lucia/section-iv-joint-and-several-obligations"]
["CC-1048","1048",1,1,"https://attorneygeneralchambers.com/laws-of-saint-lucia/civil-code-of-saint-lucia/section-iv-joint-and-several-obligations"]
["CC-1049","1049",1,1,"https://attorneygeneralchambers.com/laws-of-saint-lucia/civil-code-of-saint-lucia/section-iv-joint-and-several-obligations"]
["CC-1050","1050",1,1,"https://attorneygeneralchambers.com/laws-of-saint-lucia/civil-code-of-saint-lucia/section-iv-joint-and-several-obligations"]
["CC-1051","1051",1,1,"https://attorneygeneralchambers.com/laws-of-saint-lucia/civil-code-of-saint-lucia/section-iv-joint-and-several-obligations"]
["CC-1052","1052",1,1,"https://attorneygeneralchambers.com/laws-of-saint-lucia/civil-code-of-saint-lucia/section-v-divisible-and-indivisible-obligations"]
["CC-1053","1053",1,1,"https://attorneygeneralchambers.com/laws-of-saint-lucia/civil-code-of-saint-lucia/section-v-divisible-and-indivisible-obligations"]
["CC-1054","1054",1,1,"https://attorneygeneralchambers.com/laws-of-saint-lucia/civil-code-of-saint-lucia/section-v-divisible-and-indivisible-obligations"]
["CC-1055","1055",1,1,"https://attorneygeneralchambers.com/laws-of-saint-lucia/civil-code-of-saint-lucia/section-v-divisible-and-indivisible-obligations"]
["CC-1056","1056",1,1,"https://attorneygeneralchambers.com/laws-of-saint-lucia/civil-code-of-saint-lucia/section-v-divisible-and-indivisible-obligations"]
["CC-1057","1057",1,1,"https://attorneygeneralchambers.com/laws-of-saint-lucia/civil-code-of-saint-lucia/section-v-divisible-and-indivisible-obligations"]
["CC-1058","1058",1,1,"https://attorneygeneralchambers.com/laws-of-saint-lucia/civil-code-of-saint-lucia/section-v-divisible-and-indivisible-obligations"]
["CC-1059","1059",1,1,"https://attorneygeneralchambers.com/laws-of-saint-lucia/civil-code-of-saint-lucia/section-v-divisible-and-indivisible-obligations"]
["CC-1060","1060",1,1,"https://attorneygeneralchambers.com/laws-of-saint-lucia/civil-code-of-saint-lucia/section-v-divisible-and-indivisible-obligations"]
["CC-1061","1061",1,1,"https://attorneygeneralchambers.com/laws-of-saint-lucia/civil-code-of-saint-lucia/section-v-divisible-and-indivisible-obligations"]
["CC-1062","1062",1,1,"https://attorneygeneralchambers.com/laws-of-saint-lucia/civil-code-of-saint-lucia/section-vi-obligations-with-a-penal-clause"]
["CC-1063","1063",1,1,"https://attorneygeneralchambers.com/laws-of-saint-lucia/civil-code-of-saint-lucia/section-vi-obligations-with-a-penal-clause"]
["CC-1064","1064",1,1,"https://attorneygeneralchambers.com/laws-of-saint-lucia/civil-code-of-saint-lucia/section-vi-obligations-with-a-penal-clause"]
["CC-1065","1065",1,1,"https://attorneygeneralchambers.com/laws-of-saint-lucia/civil-code-of-saint-lucia/section-vi-obligations-with-a-penal-clause"]
["CC-1066","1066",1,1,"https://attorneygeneralchambers.com/laws-of-saint-lucia/civil-code-of-saint-lucia/section-vi-obligations-with-a-penal-clause"]
["CC-1067","1067",1,1,"https://attorneygeneralchambers.com/laws-of-saint-lucia/civil-code-of-saint-lucia/section-vi-obligations-with-a-penal-clause"]
["CC-1068","1068",1,1,"https://attorneygeneralchambers.com/laws-of-saint-lucia/civil-code-of-saint-lucia/section-vi-obligations-with-a-penal-clause"]
["CC-1069","1069",1,1,"https://attorneygeneralchambers.com/laws-of-saint-lucia/civil-code-of-saint-lucia/section-i-general-provisions-04"]
["CC-1070","1070",1,1,"https://attorneygeneralchambers.com/laws-of-saint-lucia/civil-code-of-saint-lucia/section-ii-payment"]
["CC-1071","1071",1,1,"https://attorneygeneralchambers.com/laws-of-saint-lucia/civil-code-of-saint-lucia/section-ii-payment"]
["CC-1072","1072",1,1,"https://attorneygeneralchambers.com/laws-of-saint-lucia/civil-code-of-saint-lucia/section-ii-payment"]
["CC-1073","1073",1,1,"https://attorneygeneralchambers.com/laws-of-saint-lucia/civil-code-of-saint-lucia/section-ii-payment"]
["CC-1074","1074",1,1,"https://attorneygeneralchambers.com/laws-of-saint-lucia/civil-code-of-saint-lucia/section-ii-payment"]
["CC-1075","1075",1,1,"https://attorneygeneralchambers.com/laws-of-saint-lucia/civil-code-of-saint-lucia/section-ii-payment"]
["CC-1076","1076",1,1,"https://attorneygeneralchambers.com/laws-of-saint-lucia/civil-code-of-saint-lucia/section-ii-payment"]
["CC-1077","1077",1,1,"https://attorneygeneralchambers.com/laws-of-saint-lucia/civil-code-of-saint-lucia/section-ii-payment"]
["CC-1078","1078",1,1,"https://attorneygeneralchambers.com/laws-of-saint-lucia/civil-code-of-saint-lucia/section-ii-payment"]
["CC-1079","1079",1,1,"https://attorneygeneralchambers.com/laws-of-saint-lucia/civil-code-of-saint-lucia/section-ii-payment"]
["CC-1080","1080",1,1,"https://attorneygeneralchambers.com/laws-of-saint-lucia/civil-code-of-saint-lucia/section-ii-payment"]
["CC-1081","1081",1,1,"https://attorneygeneralchambers.com/laws-of-saint-lucia/civil-code-of-saint-lucia/section-ii-payment"]
["CC-1082","1082",1,1,"https://attorneygeneralchambers.com/laws-of-saint-lucia/civil-code-of-saint-lucia/section-ii-payment"]
["CC-1083","1083",1,1,"https://attorneygeneralchambers.com/laws-of-saint-lucia/civil-code-of-saint-lucia/section-ii-payment"]
["CC-1084","1084",1,1,"https://attorneygeneralchambers.com/laws-of-saint-lucia/civil-code-of-saint-lucia/section-ii-payment"]
["CC-1085","1085",1,1,"https://attorneygeneralchambers.com/laws-of-saint-lucia/civil-code-of-saint-lucia/section-ii-payment"]
["CC-1086","1086",1,1,"https://attorneygeneralchambers.com/laws-of-saint-lucia/civil-code-of-saint-lucia/section-ii-payment"]
["CC-1087","1087",1,1,"https://attorneygeneralchambers.com/laws-of-saint-lucia/civil-code-of-saint-lucia/section-ii-payment"]
["CC-1088","1088",1,1,"https://attorneygeneralchambers.com/laws-of-saint-lucia/civil-code-of-saint-lucia/section-ii-payment"]
["CC-1089","1089",1,1,"https://attorneygeneralchambers.com/laws-of-saint-lucia/civil-code-of-saint-lucia/section-ii-payment"]
["CC-1090","1090",1,1,"https://attorneygeneralchambers.com/laws-of-saint-lucia/civil-code-of-saint-lucia/section-ii-payment"]
["CC-1091","1091",1,1,"https://attorneygeneralchambers.com/laws-of-saint-lucia/civil-code-of-saint-lucia/section-ii-payment"]
["CC-1092","1092",1,1,"https://attorneygeneralchambers.com/laws-of-saint-lucia/civil-code-of-saint-lucia/section-ii-payment"]
["CC-1093","1093",1,1,"https://attorneygeneralchambers.com/laws-of-saint-lucia/civil-code-of-saint-lucia/section-ii-payment"]
["CC-1094","1094",1,1,"https://attorneygeneralchambers.com/laws-of-saint-lucia/civil-code-of-saint-lucia/section-ii-payment"]
["CC-1095","1095",1,1,"https://attorneygeneralchambers.com/laws-of-saint-lucia/civil-code-of-saint-lucia/section-ii-payment"]
["CC-1096","1096",1,1,"https://attorneygeneralchambers.com/laws-of-saint-lucia/civil-code-of-saint-lucia/section-ii-payment"]
["CC-1097","1097",1,1,"https://attorneygeneralchambers.com/laws-of-saint-lucia/civil-code-of-saint-lucia/section-ii-payment"]
["CC-1098","1098",1,1,"https://attorneygeneralchambers.com/laws-of-saint-lucia/civil-code-of-saint-lucia/section-ii-payment"]
["CC-1099","1099",1,1,"https://attorneygeneralchambers.com/laws-of-saint-lucia/civil-code-of-saint-lucia/section-ii-payment"]
["CC-1100","1100",1,1,"https://attorneygeneralchambers.com/laws-of-saint-lucia/civil-code-of-saint-lucia/section-iii-novation"]
["CC-1101","1101",1,1,"https://attorneygeneralchambers.com/laws-of-saint-lucia/civil-code-of-saint-lucia/section-iii-novation"]
["CC-1102","1102",1,1,"https://attorneygeneralchambers.com/laws-of-saint-lucia/civil-code-of-saint-lucia/section-iii-novation"]
["CC-1103","1103",1,1,"https://attorneygeneralchambers.com/laws-of-saint-lucia/civil-code-of-saint-lucia/section-iii-novation"]
["CC-1104","1104",1,1,"https://attorneygeneralchambers.com/laws-of-saint-lucia/civil-code-of-saint-lucia/section-iii-novation"]
["CC-1105","1105",1,1,"https://attorneygeneralchambers.com/laws-of-saint-lucia/civil-code-of-saint-lucia/section-iii-novation"]
["CC-1106","1106",1,1,"https://attorneygeneralchambers.com/laws-of-saint-lucia/civil-code-of-saint-lucia/section-iii-novation"]
["CC-1107","1107",1,1,"https://attorneygeneralchambers.com/laws-of-saint-lucia/civil-code-of-saint-lucia/section-iii-novation"]
["CC-1108","1108",1,1,"https://attorneygeneralchambers.com/laws-of-saint-lucia/civil-code-of-saint-lucia/section-iii-novation"]
["CC-1109","1109",1,1,"https://attorneygeneralchambers.com/laws-of-saint-lucia/civil-code-of-saint-lucia/section-iii-novation"]
["CC-1110","1110",1,1,"https://attorneygeneralchambers.com/laws-of-saint-lucia/civil-code-of-saint-lucia/section-iii-novation"]
["CC-1111","1111",1,1,"https://attorneygeneralchambers.com/laws-of-saint-lucia/civil-code-of-saint-lucia/section-iii-novation"]
["CC-1112","1112",1,1,"https://attorneygeneralchambers.com/laws-of-saint-lucia/civil-code-of-saint-lucia/section-iv-release"]
["CC-1113","1113",1,1,"https://attorneygeneralchambers.com/laws-of-saint-lucia/civil-code-of-saint-lucia/section-iv-release"]
["CC-1114","1114",1,1,"https://attorneygeneralchambers.com/laws-of-saint-lucia/civil-code-of-saint-lucia/section-iv-release"]
["CC-1115","1115",1,1,"https://attorneygeneralchambers.com/laws-of-saint-lucia/civil-code-of-saint-lucia/section-iv-release"]
["CC-1116","1116",1,1,"https://attorneygeneralchambers.com/laws-of-saint-lucia/civil-code-of-saint-lucia/section-iv-release"]
["CC-1117","1117",1,1,"https://attorneygeneralchambers.com/laws-of-saint-lucia/civil-code-of-saint-lucia/section-v-set-off"]
["CC-1118","1118",1,1,"https://attorneygeneralchambers.com/laws-of-saint-lucia/civil-code-of-saint-lucia/section-v-set-off"]
["CC-1119","1119",1,1,"https://attorneygeneralchambers.com/laws-of-saint-lucia/civil-code-of-saint-lucia/section-v-set-off"]
["CC-1120","1120",1,1,"https://attorneygeneralchambers.com/laws-of-saint-lucia/civil-code-of-saint-lucia/section-v-set-off"]
["CC-1121","1121",1,1,"https://attorneygeneralchambers.com/laws-of-saint-lucia/civil-code-of-saint-lucia/section-v-set-off"]
["CC-1122","1122",1,1,"https://attorneygeneralchambers.com/laws-of-saint-lucia/civil-code-of-saint-lucia/section-v-set-off"]
["CC-1123","1123",1,1,"https://attorneygeneralchambers.com/laws-of-saint-lucia/civil-code-of-saint-lucia/section-v-set-off"]
["CC-1124","1124",1,1,"https://attorneygeneralchambers.com/laws-of-saint-lucia/civil-code-of-saint-lucia/section-v-set-off"]
["CC-1125","1125",1,1,"https://attorneygeneralchambers.com/laws-of-saint-lucia/civil-code-of-saint-lucia/section-v-set-off"]
["CC-1126","1126",1,1,"https://attorneygeneralchambers.com/laws-of-saint-lucia/civil-code-of-saint-lucia/section-v-set-off"]
["CC-1127","1127",1,1,"https://attorneygeneralchambers.com/laws-of-saint-lucia/civil-code-of-saint-lucia/section-v-set-off"]
["CC-1127A","1127A",1,0,"https://attorneygeneralchambers.com/laws-of-saint-lucia/civil-code-of-saint-lucia/section-v-set-off"]
["CC-1128","1128",1,1,"https://attorneygeneralchambers.com/laws-of-saint-lucia/civil-code-of-saint-lucia/section-vi-confusion"]
["CC-1129","1129",1,1,"https://attorneygeneralchambers.com/laws-of-saint-lucia/civil-code-of-saint-lucia/section-vi-confusion"]
["CC-1130","1130",1,1,"https://attorneygeneralchambers.com/laws-of-saint-lucia/civil-code-of-saint-lucia/section-vii-impossibility-of-performance"]
["CC-1131","1131",1,1,"https://attorneygeneralchambers.com/laws-of-saint-lucia/civil-code-of-saint-lucia/section-vii-impossibility-of-performance"]
["CC-1132","1132",1,1,"https://attorneygeneralchambers.com/laws-of-saint-lucia/civil-code-of-saint-lucia/section-vii-impossibility-of-performance"]
["CC-1132A","1132A",1,0,"https://attorneygeneralchambers.com/laws-of-saint-lucia/civil-code-of-saint-lucia/section-vii-impossibility-of-performance"]
["CC-1132B","1132B",1,0,"https://attorneygeneralchambers.com/laws-of-saint-lucia/civil-code-of-saint-lucia/section-vii-impossibility-of-performance"]
["CC-1133","1133",0,0,"https://attorneygeneralchambers.com/laws-of-saint-lucia/civil-code-of-saint-lucia/section-i-general-provisions-10"]
["CC-1134","1134",0,0,"https://attorneygeneralchambers.com/laws-of-saint-lucia/civil-code-of-saint-lucia/section-i-general-provisions-10"]
["CC-1135","1135",0,0,"https://attorneygeneralchambers.com/laws-of-saint-lucia/civil-code-of-saint-lucia/section-i-general-provisions-10"]
["CC-1136","1136",0,0,"https://attorneygeneralchambers.com/laws-of-saint-lucia/civil-code-of-saint-lucia/section-i-general-provisions-10"]
["CC-1137","1137",0,0,"https://attorneygeneralchambers.com/laws-of-saint-lucia/civil-code-of-saint-lucia/section-i-general-provisions-10"]
["CC-2203","2203",0,0,"https://attorneygeneralchambers.com/laws-of-saint-lucia/civil-code-of-saint-lucia/section-2203"]

{"sheet":"Draft Crosswalk","index":7,"n_rows":254,"n_cols":10,"rows_kept":254,"merged":[[0,0,0,4],[1,0,2,4]]}
["DRAFT CROSSWALK | the actual two model texts"]
["Source changes and substantive substitutions have different scopes and clocks. Earlier contracts and non-contractual Code applications are preserved as specified. See exact clauses and temporal notes."]
[]
[]
["ID","Article","Existing rule","Final package action","Policy","Exact model references","Reason","Temporal scope","Subject scope","Initial triage only"]
["CC-1","1","Code-wide definitions, including contract, cause-related terms, default, fortuitous event, payment and obligation.","interface_only","clarify","Contract Model 3-4; Reception Bill 4,13","No textual amendment of the Code-wide definitions. The model provides definitions for its own operation, which must be read with retained Code definitions.","Code text remains relevant to earlier contracts. The Contract Model applies to new Saint Lucian-law contracts after its commencement and identified future performance validly adopted under section 39(4); the Reception Bill ends automatic future reception after its separate cut-off.","Direct Code text is not expressly substituted. Reception reform may still change the future source of supplemental law, and the Contract Model governs matters within its express scope.","clarify"]
["CC-916A","916A","Creates express and implied trusts and receives specified English trust law, independently of Article 917A.","expressly_preserved","retain","Reception Bill 5(4); Contract Model 4(4)","The independent trust-law connection is expressly neither terminated nor enlarged by the selected reception reform.","Code text remains relevant to earlier contracts. The Contract Model applies to new Saint Lucian-law contracts after its commencement and identified future performance validly adopted under section 39(4); the Reception Bill ends automatic future reception after its separate cut-off.","Trust reception remains outside the specified-source freeze.","retain"]
["CC-917","917","Identifies the sources of obligations and the corresponding debtor and creditor positions.","unchanged_for_now","retain","Contract Model 4(4)-(6); Reception Bill 10,14,18","No express textual substitution of this article in either model Schedule 1. It remains part of the applicable baseline, subject to matters expressly determined by the module and subsequent domestic law.","Code text remains relevant to earlier contracts. The Contract Model applies to new Saint Lucian-law contracts after its commencement and identified future performance validly adopted under section 39(4); the Reception Bill ends automatic future reception after its separate cut-off.","Direct Code text is not expressly substituted. Reception reform may still change the future source of supplemental law, and the Contract Model governs matters within its express scope.","clarify"]
["CC-917A","917A","Receives English contract, quasi-contract and tort law dynamically, subject to civilian reservations and express local-law priority.","source_reference_replaced","reform","Reception Bill 32, Schedule 1.1; sections 5-14,16-20","Replaces the dynamic gateway with domestic continuity and development; expressly preserves cause, gratuitous-contract, third-person, proof and special-contract reservations.","Source change operates from the Reception Bill cut-off, including determinations concerning earlier matters; historical versions and accrued positions are preserved subject to sections 16-20. No entitlement to automatic post-cut-off English updates survives.","Only the specified source connection is replaced. Its former subject limits and express domestic priority remain; this is not wholesale replacement of capacity, lesion, quasi-contract or set-off law.","reform"]
["CC-918","918","Contract validity requires a subject, lawful cause, capable parties and legally effective consent.","unchanged_for_now","retain","Contract Model 4(4)-(6); Reception Bill 10,14,18","No express textual substitution of this article in either model Schedule 1. It remains part of the applicable baseline, subject to matters expressly determined by the module and subsequent domestic law.","Code text remains relevant to earlier contracts. The Contract Model applies to new Saint Lucian-law contracts after its commencement and identified future performance validly adopted under section 39(4); the Reception Bill ends automatic future reception after its separate cut-off.","Direct Code text is not expressly substituted. Reception reform may still change the future source of supplemental law, and the Contract Model governs matters within its express scope.","retain"]
["CC-919","919","Contractual capacity is presumed unless legislation provides otherwise.","unchanged_for_now","retain","Contract Model 4(4)-(6); Reception Bill 10,14,18","No express textual substitution of this article in either model Schedule 1. It remains part of the applicable baseline, subject to matters expressly determined by the module and subsequent domestic law.","Code text remains relevant to earlier contracts. The Contract Model applies to new Saint Lucian-law contracts after its commencement and identified future performance validly adopted under section 39(4); the Reception Bill ends automatic future reception after its separate cut-off.","Direct Code text is not expressly substituted. Reception reform may still change the future source of supplemental law, and the Contract Model governs matters within its express scope.","retain"]
["CC-920","920","Identifies incapacity categories; paragraph (2) separately refers specified capacity questions to English law.","source_reference_replaced","reform","Reception Bill 32, Schedule 1.2; sections 4,6-9,16-20","Changes only the English-law reference in 920(2) to retained law and subsequent domestic law; the remaining capacity language is not modernised by this substitution.","Source change operates from the Reception Bill cut-off, including determinations concerning earlier matters; historical versions and accrued positions are preserved subject to sections 16-20. No entitlement to automatic post-cut-off English updates survives.","Only the specified source connection is replaced. Its former subject limits and express domestic priority remain; this is not wholesale replacement of capacity, lesion, quasi-contract or set-off law.","clarify"]
["CC-921","921","Protective incapacity may be pleaded for the protected person, rather than against that person.","unchanged_for_now","retain","Contract Model 4(4)-(6); Reception Bill 10,14,18","No express textual substitution of this article in either model Schedule 1. It remains part of the applicable baseline, subject to matters expressly determined by the module and subsequent domestic law.","Code text remains relevant to earlier contracts. The Contract Model applies to new Saint Lucian-law contracts after its commencement and identified future performance validly adopted under section 39(4); the Reception Bill ends automatic future reception after its separate cut-off.","Direct Code text is not expressly substituted. Reception reform may still change the future source of supplemental law, and the Contract Model governs matters within its express scope.","retain"]
["CC-922","922","Consent may be express or implied, subject to the Code's invalidating factors.","unchanged_for_now","retain","Contract Model 4(4)-(6); Reception Bill 10,14,18","No express textual substitution of this article in either model Schedule 1. It remains part of the applicable baseline, subject to matters expressly determined by the module and subsequent domestic law.","Code text remains relevant to earlier contracts. The Contract Model applies to new Saint Lucian-law contracts after its commencement and identified future performance validly adopted under section 39(4); the Reception Bill ends automatic future reception after its separate cut-off.","Direct Code text is not expressly substituted. Reception reform may still change the future source of supplemental law, and the Contract Model governs matters within its express scope.","retain"]
["CC-923","923","A contract requires lawful cause; the stated explanation of cause may be absent or inaccurate without necessarily invalidating it.","unchanged_for_now","retain","Contract Model 4(4)-(6); Reception Bill 10,14,18","No express textual substitution of this article in either model Schedule 1. It remains part of the applicable baseline, subject to matters expressly determined by the module and subsequent domestic law.","Code text remains relevant to earlier contracts. The Contract Model applies to new Saint Lucian-law contracts after its commencement and identified future performance validly adopted under section 39(4); the Reception Bill ends automatic future reception after its separate cut-off.","Direct Code text is not expressly substituted. Reception reform may still change the future source of supplemental law, and the Contract Model governs matters within its express scope.","retain"]
["CC-924","924","Cause is unlawful if prohibited or contrary to public order or good morals.","unchanged_for_now","retain","Contract Model 4(4)-(6); Reception Bill 10,14,18","No express textual substitution of this article in either model Schedule 1. It remains part of the applicable baseline, subject to matters expressly determined by the module and subsequent domestic law.","Code text remains relevant to earlier contracts. The Contract Model applies to new Saint Lucian-law contracts after its commencement and identified future performance validly adopted under section 39(4); the Reception Bill ends automatic future reception after its separate cut-off.","Direct Code text is not expressly substituted. Reception reform may still change the future source of supplemental law, and the Contract Model governs matters within its express scope.","retain"]
["CC-925","925","Error, fraud, coercion, fear and specified lesion may support avoidance or modification.","unchanged_for_now","retain","Contract Model 4(4)-(6); Reception Bill 10,14,18","No express textual substitution of this article in either model Schedule 1. It remains part of the applicable baseline, subject to matters expressly determined by the module and subsequent domestic law.","Code text remains relevant to earlier contracts. The Contract Model applies to new Saint Lucian-law contracts after its commencement and identified future performance validly adopted under section 39(4); the Reception Bill ends automatic future reception after its separate cut-off.","Direct Code text is not expressly substituted. Reception reform may still change the future source of supplemental law, and the Contract Model governs matters within its express scope.","retain"]
["CC-926","926","Material error concerns the contract's nature, subject or principal cause.","unchanged_for_now","retain","Contract Model 4(4)-(6); Reception Bill 10,14,18","No express textual substitution of this article in either model Schedule 1. It remains part of the applicable baseline, subject to matters expressly determined by the module and subsequent domestic law.","Code text remains relevant to earlier contracts. The Contract Model applies to new Saint Lucian-law contracts after its commencement and identified future performance validly adopted under section 39(4); the Reception Bill ends automatic future reception after its separate cut-off.","Direct Code text is not expressly substituted. Reception reform may still change the future source of supplemental law, and the Contract Model governs matters within its express scope.","retain"]
["CC-927","927","Inducing fraud can invalidate consent and must be proved.","unchanged_for_now","retain","Contract Model 4(4)-(6); Reception Bill 10,14,18","No express textual substitution of this article in either model Schedule 1. It remains part of the applicable baseline, subject to matters expressly determined by the module and subsequent domestic law.","Code text remains relevant to earlier contracts. The Contract Model applies to new Saint Lucian-law contracts after its commencement and identified future performance validly adopted under section 39(4); the Reception Bill ends automatic future reception after its separate cut-off.","Direct Code text is not expressly substituted. Reception reform may still change the future source of supplemental law, and the Contract Model governs matters within its express scope.","retain"]
["CC-928","928","Coercion or fear may invalidate consent even when caused by someone other than the beneficiary.","unchanged_for_now","retain","Contract Model 4(4)-(6); Reception Bill 10,14,18","No express textual substitution of this article in either model Schedule 1. It remains part of the applicable baseline, subject to matters expressly determined by the module and subsequent domestic law.","Code text remains relevant to earlier contracts. The Contract Model applies to new Saint Lucian-law contracts after its commencement and identified future performance validly adopted under section 39(4); the Reception Bill ends automatic future reception after its separate cut-off.","Direct Code text is not expressly substituted. Reception reform may still change the future source of supplemental law, and the Contract Model governs matters within its express scope.","retain"]
["CC-929","929","Qualifying fear must concern serious present injury, assessed with reference to the person's circumstances.","unchanged_for_now","retain","Contract Model 4(4)-(6); Reception Bill 10,14,18","No express textual substitution of this article in either model Schedule 1. It remains part of the applicable baseline, subject to matters expressly determined by the module and subsequent domestic law.","Code text remains relevant to earlier contracts. The Contract Model applies to new Saint Lucian-law contracts after its commencement and identified future performance validly adopted under section 39(4); the Reception Bill ends automatic future reception after its separate cut-off.","Direct Code text is not expressly substituted. Reception reform may still change the future source of supplemental law, and the Contract Model governs matters within its express scope.","retain"]
["CC-930","930","Qualifying threats may concern the contracting person, relatives or, sometimes, others.","unchanged_for_now","retain","Contract Model 4(4)-(6); Reception Bill 10,14,18","No express textual substitution of this article in either model Schedule 1. It remains part of the applicable baseline, subject to matters expressly determined by the module and subsequent domestic law.","Code text remains relevant to earlier contracts. The Contract Model applies to new Saint Lucian-law contracts after its commencement and identified future performance validly adopted under section 39(4); the Reception Bill ends automatic future reception after its separate cut-off.","Direct Code text is not expressly substituted. Reception reform may still change the future source of supplemental law, and the Contract Model governs matters within its express scope.","retain"]
["CC-931","931","Reverential fear of an ancestor alone does not invalidate a contract.","unchanged_for_now","retain","Contract Model 4(4)-(6); Reception Bill 10,14,18","No express textual substitution of this article in either model Schedule 1. It remains part of the applicable baseline, subject to matters expressly determined by the module and subsequent domestic law.","Code text remains relevant to earlier contracts. The Contract Model applies to new Saint Lucian-law contracts after its commencement and identified future performance validly adopted under section 39(4); the Reception Bill ends automatic future reception after its separate cut-off.","Direct Code text is not expressly substituted. Reception reform may still change the future source of supplemental law, and the Contract Model governs matters within its express scope.","retain"]
["CC-932","932","Ordinary lawful compulsion differs from abusive use of legal process to extort consent.","unchanged_for_now","retain","Contract Model 4(4)-(6); Reception Bill 10,14,18","No express textual substitution of this article in either model Schedule 1. It remains part of the applicable baseline, subject to matters expressly determined by the module and subsequent domestic law.","Code text remains relevant to earlier contracts. The Contract Model applies to new Saint Lucian-law contracts after its commencement and identified future performance validly adopted under section 39(4); the Reception Bill ends automatic future reception after its separate cut-off.","Direct Code text is not expressly substituted. Reception reform may still change the future source of supplemental law, and the Contract Model governs matters within its express scope.","retain"]
["CC-933","933","A good-faith rescue agreement with an unconnected beneficiary is not invalidated merely by the underlying threats.","unchanged_for_now","retain","Contract Model 4(4)-(6); Reception Bill 10,14,18","No express textual substitution of this article in either model Schedule 1. It remains part of the applicable baseline, subject to matters expressly determined by the module and subsequent domestic law.","Code text remains relevant to earlier contracts. The Contract Model applies to new Saint Lucian-law contracts after its commencement and identified future performance validly adopted under section 39(4); the Reception Bill ends automatic future reception after its separate cut-off.","Direct Code text is not expressly substituted. Reception reform may still change the future source of supplemental law, and the Contract Model governs matters within its express scope.","retain"]
["CC-934","934","Lesion supplies relief only in specified cases and for specified persons.","unchanged_for_now","retain","Contract Model 4(4)-(6); Reception Bill 10,14,18","No express textual substitution of this article in either model Schedule 1. It remains part of the applicable baseline, subject to matters expressly determined by the module and subsequent domestic law.","Code text remains relevant to earlier contracts. The Contract Model applies to new Saint Lucian-law contracts after its commencement and identified future performance validly adopted under section 39(4); the Reception Bill ends automatic future reception after its separate cut-off.","Direct Code text is not expressly substituted. Reception reform may still change the future source of supplemental law, and the Contract Model governs matters within its express scope.","retain"]
["CC-935","935","Specifies when minors may obtain relief for lesion, with distinctions based on marriage and assistance.","unchanged_for_now","retain","Contract Model 4(4)-(6); Reception Bill 10,14,18","No express textual substitution of this article in either model Schedule 1. It remains part of the applicable baseline, subject to matters expressly determined by the module and subsequent domestic law.","Code text remains relevant to earlier contracts. The Contract Model applies to new Saint Lucian-law contracts after its commencement and identified future performance validly adopted under section 39(4); the Reception Bill ends automatic future reception after its separate cut-off.","Direct Code text is not expressly substituted. Reception reform may still change the future source of supplemental law, and the Contract Model governs matters within its express scope.","retain"]
["CC-936","936","A minor's false assertion of majority does not itself defeat relief for lesion.","unchanged_for_now","retain","Contract Model 4(4)-(6); Reception Bill 10,14,18","No express textual substitution of this article in either model Schedule 1. It remains part of the applicable baseline, subject to matters expressly determined by the module and subsequent domestic law.","Code text remains relevant to earlier contracts. The Contract Model applies to new Saint Lucian-law contracts after its commencement and identified future performance validly adopted under section 39(4); the Reception Bill ends automatic future reception after its separate cut-off.","Direct Code text is not expressly substituted. Reception reform may still change the future source of supplemental law, and the Contract Model governs matters within its express scope.","retain"]
["CC-937","937","Unforeseen subsequent events alone do not establish a minor's lesion claim.","unchanged_for_now","retain","Contract Model 4(4)-(6); Reception Bill 10,14,18","No express textual substitution of this article in either model Schedule 1. It remains part of the applicable baseline, subject to matters expressly determined by the module and subsequent domestic law.","Code text remains relevant to earlier contracts. The Contract Model applies to new Saint Lucian-law contracts after its commencement and identified future performance validly adopted under section 39(4); the Reception Bill ends automatic future reception after its separate cut-off.","Direct Code text is not expressly substituted. Reception reform may still change the future source of supplemental law, and the Contract Model governs matters within its express scope.","retain"]
["CC-938","938","A minor engaged in specified trades cannot obtain lesion relief from business contracts on that basis alone.","unchanged_for_now","retain","Contract Model 4(4)-(6); Reception Bill 10,14,18","No express textual substitution of this article in either model Schedule 1. It remains part of the applicable baseline, subject to matters expressly determined by the module and subsequent domestic law.","Code text remains relevant to earlier contracts. The Contract Model applies to new Saint Lucian-law contracts after its commencement and identified future performance validly adopted under section 39(4); the Reception Bill ends automatic future reception after its separate cut-off.","Direct Code text is not expressly substituted. Reception reform may still change the future source of supplemental law, and the Contract Model governs matters within its express scope.","retain"]
["CC-939","939","Restricts a minor's lesion relief concerning properly assisted marriage-contract terms.","unchanged_for_now","retain","Contract Model 4(4)-(6); Reception Bill 10,14,18","No express textual substitution of this article in either model Schedule 1. It remains part of the applicable baseline, subject to matters expressly determined by the module and subsequent domestic law.","Code text remains relevant to earlier contracts. The Contract Model applies to new Saint Lucian-law contracts after its commencement and identified future performance validly adopted under section 39(4); the Reception Bill ends automatic future reception after its separate cut-off.","Direct Code text is not expressly substituted. Reception reform may still change the future source of supplemental law, and the Contract Model governs matters within its express scope.","retain"]
["CC-940","940","Ratification after majority prevents avoidance merely because the contract was made during minority.","unchanged_for_now","retain","Contract Model 4(4)-(6); Reception Bill 10,14,18","No express textual substitution of this article in either model Schedule 1. It remains part of the applicable baseline, subject to matters expressly determined by the module and subsequent domestic law.","Code text remains relevant to earlier contracts. The Contract Model applies to new Saint Lucian-law contracts after its commencement and identified future performance validly adopted under section 39(4); the Reception Bill ends automatic future reception after its separate cut-off.","Direct Code text is not expressly substituted. Reception reform may still change the future source of supplemental law, and the Contract Model governs matters within its express scope.","retain"]
["CC-941","941","A minor's immovable-property dealings require the specified tutor involvement.","unchanged_for_now","retain","Contract Model 4(4)-(6); Reception Bill 10,14,18","No express textual substitution of this article in either model Schedule 1. It remains part of the applicable baseline, subject to matters expressly determined by the module and subsequent domestic law.","Code text remains relevant to earlier contracts. The Contract Model applies to new Saint Lucian-law contracts after its commencement and identified future performance validly adopted under section 39(4); the Reception Bill ends automatic future reception after its separate cut-off.","Direct Code text is not expressly substituted. Reception reform may still change the future source of supplemental law, and the Contract Model governs matters within its express scope.","retain"]
["CC-942","942","Compliance with protective formalities validates specified property and succession transactions.","unchanged_for_now","retain","Contract Model 4(4)-(6); Reception Bill 10,14,18","No express textual substitution of this article in either model Schedule 1. It remains part of the applicable baseline, subject to matters expressly determined by the module and subsequent domestic law.","Code text remains relevant to earlier contracts. The Contract Model applies to new Saint Lucian-law contracts after its commencement and identified future performance validly adopted under section 39(4); the Reception Bill ends automatic future reception after its separate cut-off.","Direct Code text is not expressly substituted. Reception reform may still change the future source of supplemental law, and the Contract Model governs matters within its express scope.","retain"]
["CC-943","943","Restitution following avoidance for protected incapacity depends on demonstrated benefit to the protected person.","unchanged_for_now","retain","Contract Model 4(4)-(6); Reception Bill 10,14,18","No express textual substitution of this article in either model Schedule 1. It remains part of the applicable baseline, subject to matters expressly determined by the module and subsequent domestic law.","Code text remains relevant to earlier contracts. The Contract Model applies to new Saint Lucian-law contracts after its commencement and identified future performance validly adopted under section 39(4); the Reception Bill ends automatic future reception after its separate cut-off.","Direct Code text is not expressly substituted. Reception reform may still change the future source of supplemental law, and the Contract Model governs matters within its express scope.","retain"]
["CC-944","944","Adults receive lesion relief only where English law would grant relief, creating a separate English-law connection.","source_reference_replaced","reform","Reception Bill 32, Schedule 1.3; sections 4,6-9,16-20","Replaces the adult-lesion exception’s foreign source with retained law and subsequent domestic law; this is a reform of updating authority even where existing relief survives.","Source change operates from the Reception Bill cut-off, including determinations concerning earlier matters; historical versions and accrued positions are preserved subject to sections 16-20. No entitlement to automatic post-cut-off English updates survives.","Only the specified source connection is replaced. Its former subject limits and express domestic priority remain; this is not wholesale replacement of capacity, lesion, quasi-contract or set-off law.","clarify"]
["CC-945","945","Ambiguous contracts are interpreted by reference to the parties' common intention.","unchanged_for_now","retain","Contract Model 4(4)-(6); Reception Bill 10,14,18","No express textual substitution of this article in either model Schedule 1. It remains part of the applicable baseline, subject to matters expressly determined by the module and subsequent domestic law.","Code text remains relevant to earlier contracts. The Contract Model applies to new Saint Lucian-law contracts after its commencement and identified future performance validly adopted under section 39(4); the Reception Bill ends automatic future reception after its separate cut-off.","Direct Code text is not expressly substituted. Reception reform may still change the future source of supplemental law, and the Contract Model governs matters within its express scope.","retain"]
["CC-946","946","Prefer an interpretation that gives a clause effect over one that makes it ineffective.","unchanged_for_now","retain","Contract Model 4(4)-(6); Reception Bill 10,14,18","No express textual substitution of this article in either model Schedule 1. It remains part of the applicable baseline, subject to matters expressly determined by the module and subsequent domestic law.","Code text remains relevant to earlier contracts. The Contract Model applies to new Saint Lucian-law contracts after its commencement and identified future performance validly adopted under section 39(4); the Reception Bill ends automatic future reception after its separate cut-off.","Direct Code text is not expressly substituted. Reception reform may still change the future source of supplemental law, and the Contract Model governs matters within its express scope.","retain"]
["CC-947","947","Resolve ambiguous expressions consistently with contractual context.","unchanged_for_now","retain","Contract Model 4(4)-(6); Reception Bill 10,14,18","No express textual substitution of this article in either model Schedule 1. It remains part of the applicable baseline, subject to matters expressly determined by the module and subsequent domestic law.","Code text remains relevant to earlier contracts. The Contract Model applies to new Saint Lucian-law contracts after its commencement and identified future performance validly adopted under section 39(4); the Reception Bill ends automatic future reception after its separate cut-off.","Direct Code text is not expressly substituted. Reception reform may still change the future source of supplemental law, and the Contract Model governs matters within its express scope.","retain"]
["CC-948","948","Use the practice of the country of contracting to resolve remaining doubt.","unchanged_for_now","retain","Contract Model 4(4)-(6); Reception Bill 10,14,18","No express textual substitution of this article in either model Schedule 1. It remains part of the applicable baseline, subject to matters expressly determined by the module and subsequent domestic law.","Code text remains relevant to earlier contracts. The Contract Model applies to new Saint Lucian-law contracts after its commencement and identified future performance validly adopted under section 39(4); the Reception Bill ends automatic future reception after its separate cut-off.","Direct Code text is not expressly substituted. Reception reform may still change the future source of supplemental law, and the Contract Model governs matters within its express scope.","retain"]
["CC-949","949","Supply customary contractual clauses where appropriate despite their omission from the text.","unchanged_for_now","retain","Contract Model 4(4)-(6); Reception Bill 10,14,18","No express textual substitution of this article in either model Schedule 1. It remains part of the applicable baseline, subject to matters expressly determined by the module and subsequent domestic law.","Code text remains relevant to earlier contracts. The Contract Model applies to new Saint Lucian-law contracts after its commencement and identified future performance validly adopted under section 39(4); the Reception Bill ends automatic future reception after its separate cut-off.","Direct Code text is not expressly substituted. Reception reform may still change the future source of supplemental law, and the Contract Model governs matters within its express scope.","retain"]
["CC-950","950","Read each contractual clause in light of the whole agreement.","unchanged_for_now","retain","Contract Model 4(4)-(6); Reception Bill 10,14,18","No express textual substitution of this article in either model Schedule 1. It remains part of the applicable baseline, subject to matters expressly determined by the module and subsequent domestic law.","Code text remains relevant to earlier contracts. The Contract Model applies to new Saint Lucian-law contracts after its commencement and identified future performance validly adopted under section 39(4); the Reception Bill ends automatic future reception after its separate cut-off.","Direct Code text is not expressly substituted. Reception reform may still change the future source of supplemental law, and the Contract Model governs matters within its express scope.","retain"]
["CC-951","951","Residual doubt favours the obligor against the party stipulating the obligation.","unchanged_for_now","retain","Contract Model 4(4)-(6); Reception Bill 10,14,18","No express textual substitution of this article in either model Schedule 1. It remains part of the applicable baseline, subject to matters expressly determined by the module and subsequent domestic law.","Code text remains relevant to earlier contracts. The Contract Model applies to new Saint Lucian-law contracts after its commencement and identified future performance validly adopted under section 39(4); the Reception Bill ends automatic future reception after its separate cut-off.","Direct Code text is not expressly substituted. Reception reform may still change the future source of supplemental law, and the Contract Model governs matters within its express scope.","retain"]
["CC-952","952","General wording remains confined by the agreement's intended subject.","unchanged_for_now","retain","Contract Model 4(4)-(6); Reception Bill 10,14,18","No express textual substitution of this article in either model Schedule 1. It remains part of the applicable baseline, subject to matters expressly determined by the module and subsequent domestic law.","Code text remains relevant to earlier contracts. The Contract Model applies to new Saint Lucian-law contracts after its commencement and identified future performance validly adopted under section 39(4); the Reception Bill ends automatic future reception after its separate cut-off.","Direct Code text is not expressly substituted. Reception reform may still change the future source of supplemental law, and the Contract Model governs matters within its express scope.","retain"]
["CC-953","953","Express inclusion of a particular case does not necessarily narrow general contractual wording.","unchanged_for_now","retain","Contract Model 4(4)-(6); Reception Bill 10,14,18","No express textual substitution of this article in either model Schedule 1. It remains part of the applicable baseline, subject to matters expressly determined by the module and subsequent domestic law.","Code text remains relevant to earlier contracts. The Contract Model applies to new Saint Lucian-law contracts after its commencement and identified future performance validly adopted under section 39(4); the Reception Bill ends automatic future reception after its separate cut-off.","Direct Code text is not expressly substituted. Reception reform may still change the future source of supplemental law, and the Contract Model governs matters within its express scope.","retain"]
["CC-954","954","Contracts can create, alter or discharge obligations and sometimes transfer property; agreed or legally authorised grounds permit setting aside.","expressly_preserved","retain","Contract Model Schedule 1B.3;4,39","Expressly preserved except to the extent the Contract Model determines a particular covered matter otherwise; preserved text is not repealed merely because the module adds general rules.","Code text remains relevant to earlier contracts. The Contract Model applies to new Saint Lucian-law contracts after its commencement and identified future performance validly adopted under section 39(4); the Reception Bill ends automatic future reception after its separate cut-off.","Direct Code text is not expressly substituted. Reception reform may still change the future source of supplemental law, and the Contract Model governs matters within its express scope.","retain"]
["CC-955","955","Contractual effects are generally confined to the parties, subject to stated third-person exceptions.","expressly_preserved","retain","Contract Model Schedule 1B.3;4,39","Expressly preserved except to the extent the Contract Model determines a particular covered matter otherwise; preserved text is not repealed merely because the module adds general rules.","Code text remains relevant to earlier contracts. The Contract Model applies to new Saint Lucian-law contracts after its commencement and identified future performance validly adopted under section 39(4); the Reception Bill ends automatic future reception after its separate cut-off.","Direct Code text is not expressly substituted. Reception reform may still change the future source of supplemental law, and the Contract Model governs matters within its express scope.","retain"]
["CC-956","956","Obligations include consequences supplied by equity, usage or law appropriate to the contract's nature.","expressly_preserved","mixed","Contract Model 6, Schedule 1B.3;4","Article 956 survives and is expressly supplemented by the model’s honesty and cooperation duties; preservation of the text does not imply no policy addition.","Code text remains relevant to earlier contracts. The Contract Model applies to new Saint Lucian-law contracts after its commencement and identified future performance validly adopted under section 39(4); the Reception Bill ends automatic future reception after its separate cut-off.","Direct Code text is not expressly substituted. Reception reform may still change the future source of supplemental law, and the Contract Model governs matters within its express scope.","retain"]
["CC-957","957","Consent may transfer ownership of an identified thing, subject to delivery and writing requirements affecting specified property.","expressly_preserved","retain","Contract Model Schedule 1B.3;4,39","Expressly preserved except to the extent the Contract Model determines a particular covered matter otherwise; preserved text is not repealed merely because the module adds general rules.","Code text remains relevant to earlier contracts. The Contract Model applies to new Saint Lucian-law contracts after its commencement and identified future performance validly adopted under section 39(4); the Reception Bill ends automatic future reception after its separate cut-off.","Direct Code text is not expressly substituted. Reception reform may still change the future source of supplemental law, and the Contract Model governs matters within its express scope.","retain"]
["CC-958","958","Ownership of an unspecified thing requires identification and notification.","expressly_preserved","retain","Contract Model Schedule 1B.3;4,39","Expressly preserved except to the extent the Contract Model determines a particular covered matter otherwise; preserved text is not repealed merely because the module adds general rules.","Code text remains relevant to earlier contracts. The Contract Model applies to new Saint Lucian-law contracts after its commencement and identified future performance validly adopted under section 39(4); the Reception Bill ends automatic future reception after its separate cut-off.","Direct Code text is not expressly substituted. Reception reform may still change the future source of supplemental law, and the Contract Model governs matters within its express scope.","retain"]
["CC-959","959","Between competing buyers of movables, qualifying good-faith possession can determine priority.","expressly_preserved","retain","Contract Model Schedule 1B.3;4,39","Expressly preserved except to the extent the Contract Model determines a particular covered matter otherwise; preserved text is not repealed merely because the module adds general rules.","Code text remains relevant to earlier contracts. The Contract Model applies to new Saint Lucian-law contracts after its commencement and identified future performance validly adopted under section 39(4); the Reception Bill ends automatic future reception after its separate cut-off.","Direct Code text is not expressly substituted. Reception reform may still change the future source of supplemental law, and the Contract Model governs matters within its express scope.","retain"]
["CC-960","960","Immovable-property effects against third persons remain subject to registration rules.","expressly_preserved","retain","Contract Model Schedule 1B.3;4,39","Expressly preserved except to the extent the Contract Model determines a particular covered matter otherwise; preserved text is not repealed merely because the module adds general rules.","Code text remains relevant to earlier contracts. The Contract Model applies to new Saint Lucian-law contracts after its commencement and identified future performance validly adopted under section 39(4); the Reception Bill ends automatic future reception after its separate cut-off.","Direct Code text is not expressly substituted. Reception reform may still change the future source of supplemental law, and the Contract Model governs matters within its express scope.","retain"]
["CC-961","961","A person promising another's performance may owe damages if that promised performance fails.","expressly_preserved","retain","Contract Model Schedule 1B.3;4,39","Expressly preserved except to the extent the Contract Model determines a particular covered matter otherwise; preserved text is not repealed merely because the module adds general rules.","Code text remains relevant to earlier contracts. The Contract Model applies to new Saint Lucian-law contracts after its commencement and identified future performance validly adopted under section 39(4); the Reception Bill ends automatic future reception after its separate cut-off.","Direct Code text is not expressly substituted. Reception reform may still change the future source of supplemental law, and the Contract Model governs matters within its express scope.","retain"]
["CC-962","962","Permits specified stipulations benefiting third persons and restricts revocation following assent.","expressly_preserved","retain","Reception Bill 13 and Schedule 1.1(new 917A(3)); Contract Model 3,4(4),Schedule 1B.3","Third-person rights remain expressly preserved; the module recognises an entitled third person without replacing the underlying entitlement rules.","Code text remains relevant to earlier contracts. The Contract Model applies to new Saint Lucian-law contracts after its commencement and identified future performance validly adopted under section 39(4); the Reception Bill ends automatic future reception after its separate cut-off.","Direct Code text is not expressly substituted. Reception reform may still change the future source of supplemental law, and the Contract Model governs matters within its express scope.","retain"]
["CC-963","963","Contractual commitments ordinarily extend to heirs and legal representatives unless excluded.","expressly_preserved","retain","Contract Model Schedule 1B.3;4,39","Expressly preserved except to the extent the Contract Model determines a particular covered matter otherwise; preserved text is not repealed merely because the module adds general rules.","Code text remains relevant to earlier contracts. The Contract Model applies to new Saint Lucian-law contracts after its commencement and identified future performance validly adopted under section 39(4); the Reception Bill ends automatic future reception after its separate cut-off.","Direct Code text is not expressly substituted. Reception reform may still change the future source of supplemental law, and the Contract Model governs matters within its express scope.","retain"]
["CC-964","964","Creditors may exercise certain neglected debtor rights to protect their own position.","expressly_preserved","retain","Contract Model Schedule 1B.3;4,39","Expressly preserved except to the extent the Contract Model determines a particular covered matter otherwise; preserved text is not repealed merely because the module adds general rules.","Code text remains relevant to earlier contracts. The Contract Model applies to new Saint Lucian-law contracts after its commencement and identified future performance validly adopted under section 39(4); the Reception Bill ends automatic future reception after its separate cut-off.","Direct Code text is not expressly substituted. Reception reform may still change the future source of supplemental law, and the Contract Model governs matters within its express scope.","retain"]
["CC-965","965","Creditors may challenge fraudulent debtor transactions under the following rules.","unchanged_for_now","retain","Contract Model 4(4)-(6); Reception Bill 10,14,18","No express textual substitution of this article in either model Schedule 1. It remains part of the applicable baseline, subject to matters expressly determined by the module and subsequent domestic law.","Code text remains relevant to earlier contracts. The Contract Model applies to new Saint Lucian-law contracts after its commencement and identified future performance validly adopted under section 39(4); the Reception Bill ends automatic future reception after its separate cut-off.","Direct Code text is not expressly substituted. Reception reform may still change the future source of supplemental law, and the Contract Model governs matters within its express scope.","retain"]
["CC-966","966","Avoidance for creditor fraud requires fraudulent intent and resulting creditor injury.","unchanged_for_now","retain","Contract Model 4(4)-(6); Reception Bill 10,14,18","No express textual substitution of this article in either model Schedule 1. It remains part of the applicable baseline, subject to matters expressly determined by the module and subsequent domestic law.","Code text remains relevant to earlier contracts. The Contract Model applies to new Saint Lucian-law contracts after its commencement and identified future performance validly adopted under section 39(4); the Reception Bill ends automatic future reception after its separate cut-off.","Direct Code text is not expressly substituted. Reception reform may still change the future source of supplemental law, and the Contract Model governs matters within its express scope.","retain"]
["CC-967","967","An insolvent debtor's gratuitous transaction is deemed fraudulent for this purpose.","unchanged_for_now","retain","Contract Model 4(4)-(6); Reception Bill 10,14,18","No express textual substitution of this article in either model Schedule 1. It remains part of the applicable baseline, subject to matters expressly determined by the module and subsequent domestic law.","Code text remains relevant to earlier contracts. The Contract Model applies to new Saint Lucian-law contracts after its commencement and identified future performance validly adopted under section 39(4); the Reception Bill ends automatic future reception after its separate cut-off.","Direct Code text is not expressly substituted. Reception reform may still change the future source of supplemental law, and the Contract Model governs matters within its express scope.","retain"]
["CC-968","968","An onerous transaction with a person knowing the debtor's insolvency is deemed fraudulent.","unchanged_for_now","retain","Contract Model 4(4)-(6); Reception Bill 10,14,18","No express textual substitution of this article in either model Schedule 1. It remains part of the applicable baseline, subject to matters expressly determined by the module and subsequent domestic law.","Code text remains relevant to earlier contracts. The Contract Model applies to new Saint Lucian-law contracts after its commencement and identified future performance validly adopted under section 39(4); the Reception Bill ends automatic future reception after its separate cut-off.","Direct Code text is not expressly substituted. Reception reform may still change the future source of supplemental law, and the Contract Model governs matters within its express scope.","retain"]
["CC-969","969","A knowing creditor may have to restore a payment received from an insolvent debtor.","unchanged_for_now","retain","Contract Model 4(4)-(6); Reception Bill 10,14,18","No express textual substitution of this article in either model Schedule 1. It remains part of the applicable baseline, subject to matters expressly determined by the module and subsequent domestic law.","Code text remains relevant to earlier contracts. The Contract Model applies to new Saint Lucian-law contracts after its commencement and identified future performance validly adopted under section 39(4); the Reception Bill ends automatic future reception after its separate cut-off.","Direct Code text is not expressly substituted. Reception reform may still change the future source of supplemental law, and the Contract Model governs matters within its express scope.","retain"]
["CC-970","970","A good-faith counterparty receives specified protection, subject to bankruptcy provisions.","unchanged_for_now","retain","Contract Model 4(4)-(6); Reception Bill 10,14,18","No express textual substitution of this article in either model Schedule 1. It remains part of the applicable baseline, subject to matters expressly determined by the module and subsequent domestic law.","Code text remains relevant to earlier contracts. The Contract Model applies to new Saint Lucian-law contracts after its commencement and identified future performance validly adopted under section 39(4); the Reception Bill ends automatic future reception after its separate cut-off.","Direct Code text is not expressly substituted. Reception reform may still change the future source of supplemental law, and the Contract Model governs matters within its express scope.","retain"]
["CC-971","971","Limits challenges by later creditors, subject to subrogation and Commercial Code exceptions.","unchanged_for_now","retain","Contract Model 4(4)-(6); Reception Bill 10,14,18","No express textual substitution of this article in either model Schedule 1. It remains part of the applicable baseline, subject to matters expressly determined by the module and subsequent domestic law.","Code text remains relevant to earlier contracts. The Contract Model applies to new Saint Lucian-law contracts after its commencement and identified future performance validly adopted under section 39(4); the Reception Bill ends automatic future reception after its separate cut-off.","Direct Code text is not expressly substituted. Reception reform may still change the future source of supplemental law, and the Contract Model governs matters within its express scope.","retain"]
["CC-972","972","Refers further creditor-fraud presumptions and avoidance rules to the Commercial Code.","unchanged_for_now","retain","Contract Model 4(4)-(6); Reception Bill 10,14,18","No express textual substitution of this article in either model Schedule 1. It remains part of the applicable baseline, subject to matters expressly determined by the module and subsequent domestic law.","Code text remains relevant to earlier contracts. The Contract Model applies to new Saint Lucian-law contracts after its commencement and identified future performance validly adopted under section 39(4); the Reception Bill ends automatic future reception after its separate cut-off.","Direct Code text is not expressly substituted. Reception reform may still change the future source of supplemental law, and the Contract Model governs matters within its express scope.","retain"]
["CC-973","973","Lack of contractual capacity does not necessarily prevent a person's act from constituting a quasi-contract.","unchanged_for_now","retain","Contract Model 4(4)-(6); Reception Bill 10,14,18","No express textual substitution of this article in either model Schedule 1. It remains part of the applicable baseline, subject to matters expressly determined by the module and subsequent domestic law.","Code text remains relevant to earlier contracts. The Contract Model applies to new Saint Lucian-law contracts after its commencement and identified future performance validly adopted under section 39(4); the Reception Bill ends automatic future reception after its separate cut-off.","Direct Code text is not expressly substituted. Reception reform may still change the future source of supplemental law, and the Contract Model governs matters within its express scope.","retain"]
["CC-974","974","Another's act may create a quasi-contractual obligation for a person lacking contractual capacity.","unchanged_for_now","retain","Contract Model 4(4)-(6); Reception Bill 10,14,18","No express textual substitution of this article in either model Schedule 1. It remains part of the applicable baseline, subject to matters expressly determined by the module and subsequent domestic law.","Code text remains relevant to earlier contracts. The Contract Model applies to new Saint Lucian-law contracts after its commencement and identified future performance validly adopted under section 39(4); the Reception Bill ends automatic future reception after its separate cut-off.","Direct Code text is not expressly substituted. Reception reform may still change the future source of supplemental law, and the Contract Model governs matters within its express scope.","retain"]
["CC-974A","974A","Separately permits quasi-contract actions wherever English law would permit them.","source_reference_replaced","reform","Reception Bill 32, Schedule 1.4; sections 4,6-9,16-20","Preserves maintainable quasi-contract actions but replaces the separate English source rule with retained and subsequent domestic law.","Source change operates from the Reception Bill cut-off, including determinations concerning earlier matters; historical versions and accrued positions are preserved subject to sections 16-20. No entitlement to automatic post-cut-off English updates survives.","Only the specified source connection is replaced. Its former subject limits and express domestic priority remain; this is not wholesale replacement of capacity, lesion, quasi-contract or set-off law.","clarify"]
["CC-975","975","A voluntary manager of another's affairs incurs continuation, expenditure and mandate-related duties.","unchanged_for_now","retain","Contract Model 4(4)-(6); Reception Bill 10,14,18","No express textual substitution of this article in either model Schedule 1. It remains part of the applicable baseline, subject to matters expressly determined by the module and subsequent domestic law.","Code text remains relevant to earlier contracts. The Contract Model applies to new Saint Lucian-law contracts after its commencement and identified future performance validly adopted under section 39(4); the Reception Bill ends automatic future reception after its separate cut-off.","Direct Code text is not expressly substituted. Reception reform may still change the future source of supplemental law, and the Contract Model governs matters within its express scope.","retain"]
["CC-976","976","The manager may have to continue after the beneficiary's death until a representative can take over.","unchanged_for_now","retain","Contract Model 4(4)-(6); Reception Bill 10,14,18","No express textual substitution of this article in either model Schedule 1. It remains part of the applicable baseline, subject to matters expressly determined by the module and subsequent domestic law.","Code text remains relevant to earlier contracts. The Contract Model applies to new Saint Lucian-law contracts after its commencement and identified future performance validly adopted under section 39(4); the Reception Bill ends automatic future reception after its separate cut-off.","Direct Code text is not expressly substituted. Reception reform may still change the future source of supplemental law, and the Contract Model governs matters within its express scope.","retain"]
["CC-977","977","The manager owes prudent care, with judicial moderation of damages according to the undertaking's circumstances.","unchanged_for_now","retain","Contract Model 4(4)-(6); Reception Bill 10,14,18","No express textual substitution of this article in either model Schedule 1. It remains part of the applicable baseline, subject to matters expressly determined by the module and subsequent domestic law.","Code text remains relevant to earlier contracts. The Contract Model applies to new Saint Lucian-law contracts after its commencement and identified future performance validly adopted under section 39(4); the Reception Bill ends automatic future reception after its separate cut-off.","Direct Code text is not expressly substituted. Reception reform may still change the future source of supplemental law, and the Contract Model governs matters within its express scope.","retain"]
["CC-978","978","Proper management may oblige the beneficiary to honour commitments and reimburse useful expenditure.","unchanged_for_now","retain","Contract Model 4(4)-(6); Reception Bill 10,14,18","No express textual substitution of this article in either model Schedule 1. It remains part of the applicable baseline, subject to matters expressly determined by the module and subsequent domestic law.","Code text remains relevant to earlier contracts. The Contract Model applies to new Saint Lucian-law contracts after its commencement and identified future performance validly adopted under section 39(4); the Reception Bill ends automatic future reception after its separate cut-off.","Direct Code text is not expressly substituted. Reception reform may still change the future source of supplemental law, and the Contract Model governs matters within its express scope.","retain"]
["CC-979","979","A recipient must restore an undue payment made through legal or factual error, with protection for good-faith profits.","unchanged_for_now","retain","Contract Model 4(4)-(6); Reception Bill 10,14,18","No express textual substitution of this article in either model Schedule 1. It remains part of the applicable baseline, subject to matters expressly determined by the module and subsequent domestic law.","Code text remains relevant to earlier contracts. The Contract Model applies to new Saint Lucian-law contracts after its commencement and identified future performance validly adopted under section 39(4); the Reception Bill ends automatic future reception after its separate cut-off.","Direct Code text is not expressly substituted. Reception reform may still change the future source of supplemental law, and the Contract Model governs matters within its express scope.","retain"]
["CC-980","980","A person mistakenly paying another's debt can recover, subject to protection when the creditor has cancelled the obligation in good faith.","unchanged_for_now","retain","Contract Model 4(4)-(6); Reception Bill 10,14,18","No express textual substitution of this article in either model Schedule 1. It remains part of the applicable baseline, subject to matters expressly determined by the module and subsequent domestic law.","Code text remains relevant to earlier contracts. The Contract Model applies to new Saint Lucian-law contracts after its commencement and identified future performance validly adopted under section 39(4); the Reception Bill ends automatic future reception after its separate cut-off.","Direct Code text is not expressly substituted. Reception reform may still change the future source of supplemental law, and the Contract Model governs matters within its express scope.","retain"]
["CC-981","981","A bad-faith recipient must account for interest or profits from the relevant time.","unchanged_for_now","retain","Contract Model 4(4)-(6); Reception Bill 10,14,18","No express textual substitution of this article in either model Schedule 1. It remains part of the applicable baseline, subject to matters expressly determined by the module and subsequent domestic law.","Code text remains relevant to earlier contracts. The Contract Model applies to new Saint Lucian-law contracts after its commencement and identified future performance validly adopted under section 39(4); the Reception Bill ends automatic future reception after its separate cut-off.","Direct Code text is not expressly substituted. Reception reform may still change the future source of supplemental law, and the Contract Model governs matters within its express scope.","retain"]
["CC-982","982","Allocates loss or deterioration of an unduly received thing according to fault, bad faith and counterfactual loss.","unchanged_for_now","retain","Contract Model 4(4)-(6); Reception Bill 10,14,18","No express textual substitution of this article in either model Schedule 1. It remains part of the applicable baseline, subject to matters expressly determined by the module and subsequent domestic law.","Code text remains relevant to earlier contracts. The Contract Model applies to new Saint Lucian-law contracts after its commencement and identified future performance validly adopted under section 39(4); the Reception Bill ends automatic future reception after its separate cut-off.","Direct Code text is not expressly substituted. Reception reform may still change the future source of supplemental law, and the Contract Model governs matters within its express scope.","retain"]
["CC-983","983","A good-faith recipient who sells the thing generally restores the sale proceeds.","unchanged_for_now","retain","Contract Model 4(4)-(6); Reception Bill 10,14,18","No express textual substitution of this article in either model Schedule 1. It remains part of the applicable baseline, subject to matters expressly determined by the module and subsequent domestic law.","Code text remains relevant to earlier contracts. The Contract Model applies to new Saint Lucian-law contracts after its commencement and identified future performance validly adopted under section 39(4); the Reception Bill ends automatic future reception after its separate cut-off.","Direct Code text is not expressly substituted. Reception reform may still change the future source of supplemental law, and the Contract Model governs matters within its express scope.","retain"]
["CC-984","984","The owner recovering a thing reimburses preservation expenditure even to a bad-faith possessor.","unchanged_for_now","retain","Contract Model 4(4)-(6); Reception Bill 10,14,18","No express textual substitution of this article in either model Schedule 1. It remains part of the applicable baseline, subject to matters expressly determined by the module and subsequent domestic law.","Code text remains relevant to earlier contracts. The Contract Model applies to new Saint Lucian-law contracts after its commencement and identified future performance validly adopted under section 39(4); the Reception Bill ends automatic future reception after its separate cut-off.","Direct Code text is not expressly substituted. Reception reform may still change the future source of supplemental law, and the Contract Model governs matters within its express scope.","retain"]
["CC-985","985","Establishes personal fault responsibility for damage, using a capacity-to-discern criterion.","unchanged_for_now","retain","Contract Model 4(4)-(6); Reception Bill 10,14,18","No express textual substitution of this article in either model Schedule 1. It remains part of the applicable baseline, subject to matters expressly determined by the module and subsequent domestic law.","Code text remains relevant to earlier contracts. The Contract Model applies to new Saint Lucian-law contracts after its commencement and identified future performance validly adopted under section 39(4); the Reception Bill ends automatic future reception after its separate cut-off.","Direct Code text is not expressly substituted. Reception reform may still change the future source of supplemental law, and the Contract Model governs matters within its express scope.","retain"]
["CC-986","986","Allocates responsibility for persons and things under another's control, with distinct parental, custodial and employer rules.","unchanged_for_now","retain","Contract Model 4(4)-(6); Reception Bill 10,14,18","No express textual substitution of this article in either model Schedule 1. It remains part of the applicable baseline, subject to matters expressly determined by the module and subsequent domestic law.","Code text remains relevant to earlier contracts. The Contract Model applies to new Saint Lucian-law contracts after its commencement and identified future performance validly adopted under section 39(4); the Reception Bill ends automatic future reception after its separate cut-off.","Direct Code text is not expressly substituted. Reception reform may still change the future source of supplemental law, and the Contract Model governs matters within its express scope.","retain"]
["CC-987","987","Addresses animal damage and damage caused by a building's ruin from disrepair or defective construction.","unchanged_for_now","retain","Contract Model 4(4)-(6); Reception Bill 10,14,18","No express textual substitution of this article in either model Schedule 1. It remains part of the applicable baseline, subject to matters expressly determined by the module and subsequent domestic law.","Code text remains relevant to earlier contracts. The Contract Model applies to new Saint Lucian-law contracts after its commencement and identified future performance validly adopted under section 39(4); the Reception Bill ends automatic future reception after its separate cut-off.","Direct Code text is not expressly substituted. Reception reform may still change the future source of supplemental law, and the Contract Model governs matters within its express scope.","retain"]
["CC-988","988","Creates specified dependants' wrongful-death claims, representation rules, damages provisions and a three-year period.","unchanged_for_now","retain","Contract Model 4(4)-(6); Reception Bill 10,14,18","No express textual substitution of this article in either model Schedule 1. It remains part of the applicable baseline, subject to matters expressly determined by the module and subsequent domestic law.","Code text remains relevant to earlier contracts. The Contract Model applies to new Saint Lucian-law contracts after its commencement and identified future performance validly adopted under section 39(4); the Reception Bill ends automatic future reception after its separate cut-off.","Direct Code text is not expressly substituted. Reception reform may still change the future source of supplemental law, and the Contract Model governs matters within its express scope.","retain"]
["CC-989","989","Civil delict proceedings and criminal proceedings do not automatically prejudice each other.","unchanged_for_now","retain","Contract Model 4(4)-(6); Reception Bill 10,14,18","No express textual substitution of this article in either model Schedule 1. It remains part of the applicable baseline, subject to matters expressly determined by the module and subsequent domestic law.","Code text remains relevant to earlier contracts. The Contract Model applies to new Saint Lucian-law contracts after its commencement and identified future performance validly adopted under section 39(4); the Reception Bill ends automatic future reception after its separate cut-off.","Direct Code text is not expressly substituted. Reception reform may still change the future source of supplemental law, and the Contract Model governs matters within its express scope.","retain"]
["CC-989A","989A","Creates special dog-owner liability for injury to livestock and poultry, with ownership presumptions.","unchanged_for_now","retain","Contract Model 4(4)-(6); Reception Bill 10,14,18","No express textual substitution of this article in either model Schedule 1. It remains part of the applicable baseline, subject to matters expressly determined by the module and subsequent domestic law.","Code text remains relevant to earlier contracts. The Contract Model applies to new Saint Lucian-law contracts after its commencement and identified future performance validly adopted under section 39(4); the Reception Bill ends automatic future reception after its separate cut-off.","Direct Code text is not expressly substituted. Reception reform may still change the future source of supplemental law, and the Contract Model governs matters within its express scope.","retain"]
["CC-989B","989B","Removes the common-employment defence and invalidates specified exclusions of employer injury liability.","unchanged_for_now","retain","Contract Model 4(4)-(6); Reception Bill 10,14,18","No express textual substitution of this article in either model Schedule 1. It remains part of the applicable baseline, subject to matters expressly determined by the module and subsequent domestic law.","Code text remains relevant to earlier contracts. The Contract Model applies to new Saint Lucian-law contracts after its commencement and identified future performance validly adopted under section 39(4); the Reception Bill ends automatic future reception after its separate cut-off.","Direct Code text is not expressly substituted. Reception reform may still change the future source of supplemental law, and the Contract Model governs matters within its express scope.","retain"]
["CC-989C","989C","Regulates claims against multiple tortfeasors and contribution between them.","unchanged_for_now","retain","Contract Model 4(4)-(6); Reception Bill 10,14,18","No express textual substitution of this article in either model Schedule 1. It remains part of the applicable baseline, subject to matters expressly determined by the module and subsequent domestic law.","Code text remains relevant to earlier contracts. The Contract Model applies to new Saint Lucian-law contracts after its commencement and identified future performance validly adopted under section 39(4); the Reception Bill ends automatic future reception after its separate cut-off.","Direct Code text is not expressly substituted. Reception reform may still change the future source of supplemental law, and the Contract Model governs matters within its express scope.","retain"]
["CC-989D","989D","Replaces the complete contributory-negligence bar with equitable reduction, subject to express qualifications.","unchanged_for_now","retain","Contract Model 4(4)-(6); Reception Bill 10,14,18","No express textual substitution of this article in either model Schedule 1. It remains part of the applicable baseline, subject to matters expressly determined by the module and subsequent domestic law.","Code text remains relevant to earlier contracts. The Contract Model applies to new Saint Lucian-law contracts after its commencement and identified future performance validly adopted under section 39(4); the Reception Bill ends automatic future reception after its separate cut-off.","Direct Code text is not expressly substituted. Reception reform may still change the future source of supplemental law, and the Contract Model governs matters within its express scope.","retain"]
["CC-989E","989E","Preserves the specified maritime-collision regime from Article 989D.","unchanged_for_now","retain","Contract Model 4(4)-(6); Reception Bill 10,14,18","No express textual substitution of this article in either model Schedule 1. It remains part of the applicable baseline, subject to matters expressly determined by the module and subsequent domestic law.","Code text remains relevant to earlier contracts. The Contract Model applies to new Saint Lucian-law contracts after its commencement and identified future performance validly adopted under section 39(4); the Reception Bill ends automatic future reception after its separate cut-off.","Direct Code text is not expressly substituted. Reception reform may still change the future source of supplemental law, and the Contract Model governs matters within its express scope.","retain"]
["CC-989F","989F","Treats wireless broadcasts as permanent publication for defamation purposes.","unchanged_for_now","retain","Contract Model 4(4)-(6); Reception Bill 10,14,18","No express textual substitution of this article in either model Schedule 1. It remains part of the applicable baseline, subject to matters expressly determined by the module and subsequent domestic law.","Code text remains relevant to earlier contracts. The Contract Model applies to new Saint Lucian-law contracts after its commencement and identified future performance validly adopted under section 39(4); the Reception Bill ends automatic future reception after its separate cut-off.","Direct Code text is not expressly substituted. Reception reform may still change the future source of supplemental law, and the Contract Model governs matters within its express scope.","retain"]
["CC-989G","989G","Creates a gender-specific slander rule concerning allegations of unchastity or adultery, with a costs qualification.","unchanged_for_now","retain","Contract Model 4(4)-(6); Reception Bill 10,14,18","No express textual substitution of this article in either model Schedule 1. It remains part of the applicable baseline, subject to matters expressly determined by the module and subsequent domestic law.","Code text remains relevant to earlier contracts. The Contract Model applies to new Saint Lucian-law contracts after its commencement and identified future performance validly adopted under section 39(4); the Reception Bill ends automatic future reception after its separate cut-off.","Direct Code text is not expressly substituted. Reception reform may still change the future source of supplemental law, and the Contract Model governs matters within its express scope.","retain"]
["CC-989H","989H","Allows specified professional or business slander claims without proof of special damage.","unchanged_for_now","retain","Contract Model 4(4)-(6); Reception Bill 10,14,18","No express textual substitution of this article in either model Schedule 1. It remains part of the applicable baseline, subject to matters expressly determined by the module and subsequent domestic law.","Code text remains relevant to earlier contracts. The Contract Model applies to new Saint Lucian-law contracts after its commencement and identified future performance validly adopted under section 39(4); the Reception Bill ends automatic future reception after its separate cut-off.","Direct Code text is not expressly substituted. Reception reform may still change the future source of supplemental law, and the Contract Model governs matters within its express scope.","retain"]
["CC-989I","989I","Relaxes special-damage requirements for specified malicious falsehood claims.","unchanged_for_now","retain","Contract Model 4(4)-(6); Reception Bill 10,14,18","No express textual substitution of this article in either model Schedule 1. It remains part of the applicable baseline, subject to matters expressly determined by the module and subsequent domestic law.","Code text remains relevant to earlier contracts. The Contract Model applies to new Saint Lucian-law contracts after its commencement and identified future performance validly adopted under section 39(4); the Reception Bill ends automatic future reception after its separate cut-off.","Direct Code text is not expressly substituted. Reception reform may still change the future source of supplemental law, and the Contract Model governs matters within its express scope.","retain"]
["CC-989J","989J","Provides an innocent-publication offer-of-amends procedure, defence and associated costs powers.","unchanged_for_now","retain","Contract Model 4(4)-(6); Reception Bill 10,14,18","No express textual substitution of this article in either model Schedule 1. It remains part of the applicable baseline, subject to matters expressly determined by the module and subsequent domestic law.","Code text remains relevant to earlier contracts. The Contract Model applies to new Saint Lucian-law contracts after its commencement and identified future performance validly adopted under section 39(4); the Reception Bill ends automatic future reception after its separate cut-off.","Direct Code text is not expressly substituted. Reception reform may still change the future source of supplemental law, and the Contract Model governs matters within its express scope.","retain"]
["CC-989K","989K","Permits a justification defence despite some unproved charges where remaining reputational harm is immaterial.","unchanged_for_now","retain","Contract Model 4(4)-(6); Reception Bill 10,14,18","No express textual substitution of this article in either model Schedule 1. It remains part of the applicable baseline, subject to matters expressly determined by the module and subsequent domestic law.","Code text remains relevant to earlier contracts. The Contract Model applies to new Saint Lucian-law contracts after its commencement and identified future performance validly adopted under section 39(4); the Reception Bill ends automatic future reception after its separate cut-off.","Direct Code text is not expressly substituted. Reception reform may still change the future source of supplemental law, and the Contract Model governs matters within its express scope.","retain"]
["CC-989L","989L","Provides a fair-comment rule for mixed factual allegations and opinion.","unchanged_for_now","retain","Contract Model 4(4)-(6); Reception Bill 10,14,18","No express textual substitution of this article in either model Schedule 1. It remains part of the applicable baseline, subject to matters expressly determined by the module and subsequent domestic law.","Code text remains relevant to earlier contracts. The Contract Model applies to new Saint Lucian-law contracts after its commencement and identified future performance validly adopted under section 39(4); the Reception Bill ends automatic future reception after its separate cut-off.","Direct Code text is not expressly substituted. Reception reform may still change the future source of supplemental law, and the Contract Model governs matters within its express scope.","clarify"]
["CC-989M","989M","Protects qualifying contemporaneous newspaper reports of public court proceedings, with stated exclusions.","unchanged_for_now","retain","Contract Model 4(4)-(6); Reception Bill 10,14,18","No express textual substitution of this article in either model Schedule 1. It remains part of the applicable baseline, subject to matters expressly determined by the module and subsequent domestic law.","Code text remains relevant to earlier contracts. The Contract Model applies to new Saint Lucian-law contracts after its commencement and identified future performance validly adopted under section 39(4); the Reception Bill ends automatic future reception after its separate cut-off.","Direct Code text is not expressly substituted. Reception reform may still change the future source of supplemental law, and the Contract Model governs matters within its express scope.","retain"]
["CC-989N","989N","Provides qualified privilege for scheduled newspaper reports and imposes explanation or contradiction requirements in specified cases.","unchanged_for_now","retain","Contract Model 4(4)-(6); Reception Bill 10,14,18","No express textual substitution of this article in either model Schedule 1. It remains part of the applicable baseline, subject to matters expressly determined by the module and subsequent domestic law.","Code text remains relevant to earlier contracts. The Contract Model applies to new Saint Lucian-law contracts after its commencement and identified future performance validly adopted under section 39(4); the Reception Bill ends automatic future reception after its separate cut-off.","Direct Code text is not expressly substituted. Reception reform may still change the future source of supplemental law, and the Contract Model governs matters within its express scope.","clarify"]
["CC-989O","989O","Election relevance alone does not make a candidate's defamatory publication privileged.","unchanged_for_now","retain","Contract Model 4(4)-(6); Reception Bill 10,14,18","No express textual substitution of this article in either model Schedule 1. It remains part of the applicable baseline, subject to matters expressly determined by the module and subsequent domestic law.","Code text remains relevant to earlier contracts. The Contract Model applies to new Saint Lucian-law contracts after its commencement and identified future performance validly adopted under section 39(4); the Reception Bill ends automatic future reception after its separate cut-off.","Direct Code text is not expressly substituted. Reception reform may still change the future source of supplemental law, and the Contract Model governs matters within its express scope.","retain"]
["CC-989P","989P","Permits certain indemnities against civil libel liability, subject to knowledge and reasonable-belief restrictions.","unchanged_for_now","retain","Contract Model 4(4)-(6); Reception Bill 10,14,18","No express textual substitution of this article in either model Schedule 1. It remains part of the applicable baseline, subject to matters expressly determined by the module and subsequent domestic law.","Code text remains relevant to earlier contracts. The Contract Model applies to new Saint Lucian-law contracts after its commencement and identified future performance validly adopted under section 39(4); the Reception Bill ends automatic future reception after its separate cut-off.","Direct Code text is not expressly substituted. Reception reform may still change the future source of supplemental law, and the Contract Model governs matters within its express scope.","retain"]
["CC-989Q","989Q","Authorises consolidation of specified related libel actions and apportionment of damages and costs.","unchanged_for_now","retain","Contract Model 4(4)-(6); Reception Bill 10,14,18","No express textual substitution of this article in either model Schedule 1. It remains part of the applicable baseline, subject to matters expressly determined by the module and subsequent domestic law.","Code text remains relevant to earlier contracts. The Contract Model applies to new Saint Lucian-law contracts after its commencement and identified future performance validly adopted under section 39(4); the Reception Bill ends automatic future reception after its separate cut-off.","Direct Code text is not expressly substituted. Reception reform may still change the future source of supplemental law, and the Contract Model governs matters within its express scope.","retain"]
["CC-989R","989R","Allows specified other compensation or proceedings to be considered in mitigation of defamation damages.","unchanged_for_now","retain","Contract Model 4(4)-(6); Reception Bill 10,14,18","No express textual substitution of this article in either model Schedule 1. It remains part of the applicable baseline, subject to matters expressly determined by the module and subsequent domestic law.","Code text remains relevant to earlier contracts. The Contract Model applies to new Saint Lucian-law contracts after its commencement and identified future performance validly adopted under section 39(4); the Reception Bill ends automatic future reception after its separate cut-off.","Direct Code text is not expressly substituted. Reception reform may still change the future source of supplemental law, and the Contract Model governs matters within its express scope.","retain"]
["CC-989S","989S","Extends the consolidation mechanism to slander and malicious falsehood claims.","unchanged_for_now","retain","Contract Model 4(4)-(6); Reception Bill 10,14,18","No express textual substitution of this article in either model Schedule 1. It remains part of the applicable baseline, subject to matters expressly determined by the module and subsequent domestic law.","Code text remains relevant to earlier contracts. The Contract Model applies to new Saint Lucian-law contracts after its commencement and identified future performance validly adopted under section 39(4); the Reception Bill ends automatic future reception after its separate cut-off.","Direct Code text is not expressly substituted. Reception reform may still change the future source of supplemental law, and the Contract Model governs matters within its express scope.","retain"]
["CC-990","990","Recognises obligations arising from legislation, status, relationships and other specified sources; omitted from 917A's interpretive list.","unchanged_for_now","retain","Contract Model 4(4)-(6); Reception Bill 10,14,18","No express textual substitution of this article in either model Schedule 1. It remains part of the applicable baseline, subject to matters expressly determined by the module and subsequent domestic law.","Code text remains relevant to earlier contracts. The Contract Model applies to new Saint Lucian-law contracts after its commencement and identified future performance validly adopted under section 39(4); the Reception Bill ends automatic future reception after its separate cut-off.","Direct Code text is not expressly substituted. Reception reform may still change the future source of supplemental law, and the Contract Model governs matters within its express scope.","retain"]
["CC-991","991","An obligation may require giving, doing or refraining from an act.","unchanged_for_now","retain","Contract Model 4(4)-(6); Reception Bill 10,14,18","No express textual substitution of this article in either model Schedule 1. It remains part of the applicable baseline, subject to matters expressly determined by the module and subsequent domestic law.","Code text remains relevant to earlier contracts. The Contract Model applies to new Saint Lucian-law contracts after its commencement and identified future performance validly adopted under section 39(4); the Reception Bill ends automatic future reception after its separate cut-off.","Direct Code text is not expressly substituted. Reception reform may still change the future source of supplemental law, and the Contract Model governs matters within its express scope.","retain"]
["CC-992","992","The obligation's subject must be sufficiently determinable.","unchanged_for_now","retain","Contract Model 4(4)-(6); Reception Bill 10,14,18","No express textual substitution of this article in either model Schedule 1. It remains part of the applicable baseline, subject to matters expressly determined by the module and subsequent domestic law.","Code text remains relevant to earlier contracts. The Contract Model applies to new Saint Lucian-law contracts after its commencement and identified future performance validly adopted under section 39(4); the Reception Bill ends automatic future reception after its separate cut-off.","Direct Code text is not expressly substituted. Reception reform may still change the future source of supplemental law, and the Contract Model governs matters within its express scope.","retain"]
["CC-993","993","Allows future things as contractual subjects while restricting agreements about an undevolved succession.","unchanged_for_now","retain","Contract Model 4(4)-(6); Reception Bill 10,14,18","No express textual substitution of this article in either model Schedule 1. It remains part of the applicable baseline, subject to matters expressly determined by the module and subsequent domestic law.","Code text remains relevant to earlier contracts. The Contract Model applies to new Saint Lucian-law contracts after its commencement and identified future performance validly adopted under section 39(4); the Reception Bill ends automatic future reception after its separate cut-off.","Direct Code text is not expressly substituted. Reception reform may still change the future source of supplemental law, and the Contract Model governs matters within its express scope.","retain"]
["CC-994","994","The promised subject must be possible and lawful.","unchanged_for_now","retain","Contract Model 4(4)-(6); Reception Bill 10,14,18","No express textual substitution of this article in either model Schedule 1. It remains part of the applicable baseline, subject to matters expressly determined by the module and subsequent domestic law.","Code text remains relevant to earlier contracts. The Contract Model applies to new Saint Lucian-law contracts after its commencement and identified future performance validly adopted under section 39(4); the Reception Bill ends automatic future reception after its separate cut-off.","Direct Code text is not expressly substituted. Reception reform may still change the future source of supplemental law, and the Contract Model governs matters within its express scope.","retain"]
["CC-995","995","A delivery obligation includes prudent custody pending delivery.","conditional_substitution","mixed","Contract Model Schedule 1A.1; sections 7(3)-(4),18-20,25","Retains custody pending delivery but restates the care standard and explicitly separates care from accidental-loss allocation within the new remedial structure.","Conditional only: Contract Model sections 1(3),2(1),(5),39. Earlier contracts retain otherwise applicable substantive law unless all parties validly adopt the module for identified future performance; the Reception Bill still ends automatic future reception at its cut-off.","Only the general contractual matter identified in Schedule 1 is substituted. Specific statutory regimes prevail; quasi-contracts, torts and other non-contractual applications are not repealed (Contract Model 4(2),(6), Schedule 1B.5).","retain"]
["CC-996","996","Non-performance can give rise to damages.","conditional_substitution","mixed","Contract Model Schedule 1A.1; sections 7,18,25;33-37","Replaces the short general damages proposition with a conditioned remedy system, including excuses, proof and retained special limitations.","Conditional only: Contract Model sections 1(3),2(1),(5),39. Earlier contracts retain otherwise applicable substantive law unless all parties validly adopt the module for identified future performance; the Reception Bill still ends automatic future reception at its cut-off.","Only the general contractual matter identified in Schedule 1 is substituted. Specific statutory regimes prevail; quasi-contracts, torts and other non-contractual applications are not repealed (Contract Model 4(2),(6), Schedule 1B.5).","clarify"]
["CC-997","997","Recognises specific performance, authorised substitute performance and setting aside, alongside damages where appropriate.","conditional_substitution","mixed","Contract Model Schedule 1A.1; sections 18-20,25;21-24,32","Preserves performance and substitute-relief concepts but supplies conditions, defined prospective termination, restitution and remedy coordination.","Conditional only: Contract Model sections 1(3),2(1),(5),39. Earlier contracts retain otherwise applicable substantive law unless all parties validly adopt the module for identified future performance; the Reception Bill still ends automatic future reception at its cut-off.","Only the general contractual matter identified in Schedule 1 is substituted. Specific statutory regimes prevail; quasi-contracts, torts and other non-contractual applications are not repealed (Contract Model 4(2),(6), Schedule 1B.5).","clarify"]
["CC-998","998","Allows undoing prohibited performance at the debtor's expense where the case permits.","conditional_substitution","mixed","Contract Model Schedule 1A.1; sections 18-20,25,32","Preserves undoing at the obligor’s expense and adds the model’s defined judicial and urgent protective routes, subject to proportionality and no double recovery.","Conditional only: Contract Model sections 1(3),2(1),(5),39. Earlier contracts retain otherwise applicable substantive law unless all parties validly adopt the module for identified future performance; the Reception Bill still ends automatic future reception at its cut-off.","Only the general contractual matter identified in Schedule 1 is substituted. Specific statutory regimes prevail; quasi-contracts, torts and other non-contractual applications are not repealed (Contract Model 4(2),(6), Schedule 1B.5).","clarify"]
["CC-999","999","Specifies routes to putting the debtor in default, including terms, law, proceedings and demand.","conditional_substitution","reform","Contract Model Schedule 1A.2; sections 12-13;4","Changes default for covered obligations, including fixed-date default and a reasonable-period demand rule with specified notice treatment.","Conditional only: Contract Model sections 1(3),2(1),(5),39. Earlier contracts retain otherwise applicable substantive law unless all parties validly adopt the module for identified future performance; the Reception Bill still ends automatic future reception at its cut-off.","Only the general contractual matter identified in Schedule 1 is substituted. Specific statutory regimes prevail; quasi-contracts, torts and other non-contractual applications are not repealed (Contract Model 4(2),(6), Schedule 1B.5).","reform"]
["CC-1000","1000","Missing the only possible performance period can place the debtor in default.","conditional_substitution","reform","Contract Model Schedule 1A.2; sections 12-13, especially 13(1)(a)-(e)","Retains the expired useful-period case but replaces the article through a deliberately redesigned and expanded default system.","Conditional only: Contract Model sections 1(3),2(1),(5),39. Earlier contracts retain otherwise applicable substantive law unless all parties validly adopt the module for identified future performance; the Reception Bill still ends automatic future reception at its cut-off.","Only the general contractual matter identified in Schedule 1 is substituted. Specific statutory regimes prevail; quasi-contracts, torts and other non-contractual applications are not repealed (Contract Model 4(2),(6), Schedule 1B.5).","clarify"]
["CC-1001","1001","Connects damages to default, with an immediate rule for doing a prohibited act.","conditional_substitution","mixed","Contract Model Schedule 1A.3; sections 13,18,25-30,33-37","Connects liability to the model’s changed default rules while preserving the relevance of prohibited acts and qualifying excuses.","Conditional only: Contract Model sections 1(3),2(1),(5),39. Earlier contracts retain otherwise applicable substantive law unless all parties validly adopt the module for identified future performance; the Reception Bill still ends automatic future reception at its cut-off.","Only the general contractual matter identified in Schedule 1 is substituted. Specific statutory regimes prevail; quasi-contracts, torts and other non-contractual applications are not repealed (Contract Model 4(2),(6), Schedule 1B.5).","clarify"]
["CC-1002","1002","Requires the debtor to establish a non-imputable cause to avoid the stated damages liability.","conditional_substitution","mixed","Contract Model Schedule 1A.3; sections 7(2),18,25-30,33-37","Recasts responsibility through the agreed performance standard and express impediment conditions; the allocation of proof and excuse is made specific.","Conditional only: Contract Model sections 1(3),2(1),(5),39. Earlier contracts retain otherwise applicable substantive law unless all parties validly adopt the module for identified future performance; the Reception Bill still ends automatic future reception at its cut-off.","Only the general contractual matter identified in Schedule 1 is substituted. Specific statutory regimes prevail; quasi-contracts, torts and other non-contractual applications are not repealed (Contract Model 4(2),(6), Schedule 1B.5).","clarify"]
["CC-1003","1003","Excuses damages for qualifying unavoidable events without debtor fault, unless the contract allocates that risk to the debtor.","conditional_substitution","mixed","Contract Model Schedule 1A.3; sections 18,25-30,33-37","Preserves assumed-risk and non-responsibility concepts but adds temporary-impediment, notice and avoidable-notification-loss provisions.","Conditional only: Contract Model sections 1(3),2(1),(5),39. Earlier contracts retain otherwise applicable substantive law unless all parties validly adopt the module for identified future performance; the Reception Bill still ends automatic future reception at its cut-off.","Only the general contractual matter identified in Schedule 1 is substituted. Specific statutory regimes prevail; quasi-contracts, torts and other non-contractual applications are not repealed (Contract Model 4(2),(6), Schedule 1B.5).","clarify"]
["CC-1004","1004","Compensatory damages generally include actual loss and lost profit, subject to qualifications.","conditional_substitution","mixed","Contract Model Schedule 1A.3; sections 25,27-29,32;33-37","Retains loss and profit compensation while specifying avoided costs, assessment, lost chances, mitigation and replacement evidence.","Conditional only: Contract Model sections 1(3),2(1),(5),39. Earlier contracts retain otherwise applicable substantive law unless all parties validly adopt the module for identified future performance; the Reception Bill still ends automatic future reception at its cut-off.","Only the general contractual matter identified in Schedule 1 is substituted. Specific statutory regimes prevail; quasi-contracts, torts and other non-contractual applications are not repealed (Contract Model 4(2),(6), Schedule 1B.5).","retain"]
["CC-1005","1005","Limits non-fraudulent contractual damages by foreseeability at contracting.","conditional_substitution","clarify","Contract Model Schedule 1A.3; section 26(2)-(4), read with 25-30,33-37","Restates foreseeability at formation and the fraud exception within the new compensation framework; it does not certify every interpretive consequence as unchanged.","Conditional only: Contract Model sections 1(3),2(1),(5),39. Earlier contracts retain otherwise applicable substantive law unless all parties validly adopt the module for identified future performance; the Reception Bill still ends automatic future reception at its cut-off.","Only the general contractual matter identified in Schedule 1 is substituted. Specific statutory regimes prevail; quasi-contracts, torts and other non-contractual applications are not repealed (Contract Model 4(2),(6), Schedule 1B.5).","retain"]
["CC-1006","1006","Even fraudulent non-performance attracts only immediate and direct consequential damages under this text.","conditional_substitution","clarify","Contract Model Schedule 1A.3; section 26(1),(3), read with 25-30,33-37","Carries forward direct-consequence control and clarifies that deliberate commercial non-performance is not necessarily fraud.","Conditional only: Contract Model sections 1(3),2(1),(5),39. Earlier contracts retain otherwise applicable substantive law unless all parties validly adopt the module for identified future performance; the Reception Bill still ends automatic future reception at its cut-off.","Only the general contractual matter identified in Schedule 1 is substituted. Specific statutory regimes prevail; quasi-contracts, torts and other non-contractual applications are not repealed (Contract Model 4(2),(6), Schedule 1B.5).","clarify"]
["CC-1007","1007","Permits reducing agreed damages for partial performance or wholly disproportionate amounts.","conditional_substitution","mixed","Contract Model Schedule 1A.3; section 30;5(2)(c),32","Preserves reduction for partial performance or wholly disproportionate injury but adds express factors, non-exclusion, reasons and recovery coordination.","Conditional only: Contract Model sections 1(3),2(1),(5),39. Earlier contracts retain otherwise applicable substantive law unless all parties validly adopt the module for identified future performance; the Reception Bill still ends automatic future reception at its cut-off.","Only the general contractual matter identified in Schedule 1 is substituted. Specific statutory regimes prevail; quasi-contracts, torts and other non-contractual applications are not repealed (Contract Model 4(2),(6), Schedule 1B.5).","clarify"]
["CC-1008","1008","Regulates damages for late monetary payment through interest, preserving specified special regimes.","expressly_preserved","mixed","Contract Model 31,13(5), Schedule 1B.1","Interest substance, rates and exclusions survive; default for a covered obligation is deliberately determined by the new section 13. There is no general enlargement beyond 1008.","Code text remains relevant to earlier contracts. The Contract Model applies to new Saint Lucian-law contracts after its commencement and identified future performance validly adopted under section 39(4); the Reception Bill ends automatic future reception after its separate cut-off.","Direct Code text is not expressly substituted. Reception reform may still change the future source of supplemental law, and the Contract Model governs matters within its express scope.","clarify"]
["CC-1009","1009","Permits compound interest in specified contractual, litigation and tutorship situations.","expressly_preserved","mixed","Contract Model 31,13(5), Schedule 1B.1","Interest substance, rates and exclusions survive; default for a covered obligation is deliberately determined by the new section 13. There is no general enlargement beyond 1008.","Code text remains relevant to earlier contracts. The Contract Model applies to new Saint Lucian-law contracts after its commencement and identified future performance validly adopted under section 39(4); the Reception Bill ends automatic future reception after its separate cut-off.","Direct Code text is not expressly substituted. Reception reform may still change the future source of supplemental law, and the Contract Model governs matters within its express scope.","retain"]
["CC-1009A","1009A","Authorises discretionary pre-judgment interest subject to specified exclusions and anti-duplication limits.","expressly_preserved","mixed","Contract Model 31,13(5), Schedule 1B.1","Interest substance, rates and exclusions survive; default for a covered obligation is deliberately determined by the new section 13. There is no general enlargement beyond 1008.","Code text remains relevant to earlier contracts. The Contract Model applies to new Saint Lucian-law contracts after its commencement and identified future performance validly adopted under section 39(4); the Reception Bill ends automatic future reception after its separate cut-off.","Direct Code text is not expressly substituted. Reception reform may still change the future source of supplemental law, and the Contract Model governs matters within its express scope.","retain"]
["CC-1010","1010","Defines suspensive and resolutive conditions and distinguishes unknown past events.","unchanged_for_now","retain","Contract Model 4(4)-(6); Reception Bill 10,14,18","No express textual substitution of this article in either model Schedule 1. It remains part of the applicable baseline, subject to matters expressly determined by the module and subsequent domestic law.","Code text remains relevant to earlier contracts. The Contract Model applies to new Saint Lucian-law contracts after its commencement and identified future performance validly adopted under section 39(4); the Reception Bill ends automatic future reception after its separate cut-off.","Direct Code text is not expressly substituted. Reception reform may still change the future source of supplemental law, and the Contract Model governs matters within its express scope.","retain"]
["CC-1011","1011","Illegal, immoral or impossible conditions can invalidate dependent obligations.","unchanged_for_now","retain","Contract Model 4(4)-(6); Reception Bill 10,14,18","No express textual substitution of this article in either model Schedule 1. It remains part of the applicable baseline, subject to matters expressly determined by the module and subsequent domestic law.","Code text remains relevant to earlier contracts. The Contract Model applies to new Saint Lucian-law contracts after its commencement and identified future performance validly adopted under section 39(4); the Reception Bill ends automatic future reception after its separate cut-off.","Direct Code text is not expressly substituted. Reception reform may still change the future source of supplemental law, and the Contract Model governs matters within its express scope.","retain"]
["CC-1012","1012","Distinguishes an obligation dependent solely on the debtor's will from one dependent on a specified act.","unchanged_for_now","retain","Contract Model 4(4)-(6); Reception Bill 10,14,18","No express textual substitution of this article in either model Schedule 1. It remains part of the applicable baseline, subject to matters expressly determined by the module and subsequent domestic law.","Code text remains relevant to earlier contracts. The Contract Model applies to new Saint Lucian-law contracts after its commencement and identified future performance validly adopted under section 39(4); the Reception Bill ends automatic future reception after its separate cut-off.","Direct Code text is not expressly substituted. Reception reform may still change the future source of supplemental law, and the Contract Model governs matters within its express scope.","retain"]
["CC-1013","1013","Determines when an undated positive condition fails.","unchanged_for_now","retain","Contract Model 4(4)-(6); Reception Bill 10,14,18","No express textual substitution of this article in either model Schedule 1. It remains part of the applicable baseline, subject to matters expressly determined by the module and subsequent domestic law.","Code text remains relevant to earlier contracts. The Contract Model applies to new Saint Lucian-law contracts after its commencement and identified future performance validly adopted under section 39(4); the Reception Bill ends automatic future reception after its separate cut-off.","Direct Code text is not expressly substituted. Reception reform may still change the future source of supplemental law, and the Contract Model governs matters within its express scope.","retain"]
["CC-1014","1014","Determines fulfilment of a negative condition with or without a fixed period.","unchanged_for_now","retain","Contract Model 4(4)-(6); Reception Bill 10,14,18","No express textual substitution of this article in either model Schedule 1. It remains part of the applicable baseline, subject to matters expressly determined by the module and subsequent domestic law.","Code text remains relevant to earlier contracts. The Contract Model applies to new Saint Lucian-law contracts after its commencement and identified future performance validly adopted under section 39(4); the Reception Bill ends automatic future reception after its separate cut-off.","Direct Code text is not expressly substituted. Reception reform may still change the future source of supplemental law, and the Contract Model governs matters within its express scope.","retain"]
["CC-1015","1015","A party cannot preserve a condition's failure by preventing its fulfilment.","unchanged_for_now","retain","Contract Model 4(4)-(6); Reception Bill 10,14,18","No express textual substitution of this article in either model Schedule 1. It remains part of the applicable baseline, subject to matters expressly determined by the module and subsequent domestic law.","Code text remains relevant to earlier contracts. The Contract Model applies to new Saint Lucian-law contracts after its commencement and identified future performance validly adopted under section 39(4); the Reception Bill ends automatic future reception after its separate cut-off.","Direct Code text is not expressly substituted. Reception reform may still change the future source of supplemental law, and the Contract Model governs matters within its express scope.","retain"]
["CC-1016","1016","Gives fulfilled conditions retroactive effect and addresses transmission to successors.","unchanged_for_now","retain","Contract Model 4(4)-(6); Reception Bill 10,14,18","No express textual substitution of this article in either model Schedule 1. It remains part of the applicable baseline, subject to matters expressly determined by the module and subsequent domestic law.","Code text remains relevant to earlier contracts. The Contract Model applies to new Saint Lucian-law contracts after its commencement and identified future performance validly adopted under section 39(4); the Reception Bill ends automatic future reception after its separate cut-off.","Direct Code text is not expressly substituted. Reception reform may still change the future source of supplemental law, and the Contract Model governs matters within its express scope.","retain"]
["CC-1017","1017","Permits protective acts before fulfilment of a condition or discharge.","unchanged_for_now","retain","Contract Model 4(4)-(6); Reception Bill 10,14,18","No express textual substitution of this article in either model Schedule 1. It remains part of the applicable baseline, subject to matters expressly determined by the module and subsequent domestic law.","Code text remains relevant to earlier contracts. The Contract Model applies to new Saint Lucian-law contracts after its commencement and identified future performance validly adopted under section 39(4); the Reception Bill ends automatic future reception after its separate cut-off.","Direct Code text is not expressly substituted. Reception reform may still change the future source of supplemental law, and the Contract Model governs matters within its express scope.","retain"]
["CC-1018","1018","Allocates loss and deterioration while a delivery obligation is subject to a suspensive condition.","unchanged_for_now","retain","Contract Model 4(4)-(6); Reception Bill 10,14,18","No express textual substitution of this article in either model Schedule 1. It remains part of the applicable baseline, subject to matters expressly determined by the module and subsequent domestic law.","Code text remains relevant to earlier contracts. The Contract Model applies to new Saint Lucian-law contracts after its commencement and identified future performance validly adopted under section 39(4); the Reception Bill ends automatic future reception after its separate cut-off.","Direct Code text is not expressly substituted. Reception reform may still change the future source of supplemental law, and the Contract Model governs matters within its express scope.","retain"]
["CC-1019","1019","A resolutive condition ordinarily requires reciprocal restoration, subject to the preceding loss rules.","unchanged_for_now","retain","Contract Model 4(4)-(6); Reception Bill 10,14,18","No express textual substitution of this article in either model Schedule 1. It remains part of the applicable baseline, subject to matters expressly determined by the module and subsequent domestic law.","Code text remains relevant to earlier contracts. The Contract Model applies to new Saint Lucian-law contracts after its commencement and identified future performance validly adopted under section 39(4); the Reception Bill ends automatic future reception after its separate cut-off.","Direct Code text is not expressly substituted. Reception reform may still change the future source of supplemental law, and the Contract Model governs matters within its express scope.","retain"]
["CC-1020","1020","A term postpones performance rather than the existence of the obligation.","expressly_preserved","retain","Contract Model Schedule 1B.3;4,39","Expressly preserved except to the extent the Contract Model determines a particular covered matter otherwise; preserved text is not repealed merely because the module adds general rules.","Code text remains relevant to earlier contracts. The Contract Model applies to new Saint Lucian-law contracts after its commencement and identified future performance validly adopted under section 39(4); the Reception Bill ends automatic future reception after its separate cut-off.","Direct Code text is not expressly substituted. Reception reform may still change the future source of supplemental law, and the Contract Model governs matters within its express scope.","retain"]
["CC-1021","1021","Prevents premature enforcement while restricting recovery of voluntary early performance.","expressly_preserved","retain","Contract Model Schedule 1B.3;4,39","Expressly preserved except to the extent the Contract Model determines a particular covered matter otherwise; preserved text is not repealed merely because the module adds general rules.","Code text remains relevant to earlier contracts. The Contract Model applies to new Saint Lucian-law contracts after its commencement and identified future performance validly adopted under section 39(4); the Reception Bill ends automatic future reception after its separate cut-off.","Direct Code text is not expressly substituted. Reception reform may still change the future source of supplemental law, and the Contract Model governs matters within its express scope.","retain"]
["CC-1022","1022","Presumes the agreed term benefits the debtor unless context shows otherwise.","expressly_preserved","retain","Contract Model Schedule 1B.3;4,39","Expressly preserved except to the extent the Contract Model determines a particular covered matter otherwise; preserved text is not repealed merely because the module adds general rules.","Code text remains relevant to earlier contracts. The Contract Model applies to new Saint Lucian-law contracts after its commencement and identified future performance validly adopted under section 39(4); the Reception Bill ends automatic future reception after its separate cut-off.","Direct Code text is not expressly substituted. Reception reform may still change the future source of supplemental law, and the Contract Model governs matters within its express scope.","retain"]
["CC-1023","1023","Insolvency or self-caused impairment of security can remove the benefit of time.","expressly_preserved","retain","Contract Model Schedule 1B.3;4,39","Expressly preserved except to the extent the Contract Model determines a particular covered matter otherwise; preserved text is not repealed merely because the module adds general rules.","Code text remains relevant to earlier contracts. The Contract Model applies to new Saint Lucian-law contracts after its commencement and identified future performance validly adopted under section 39(4); the Reception Bill ends automatic future reception after its separate cut-off.","Direct Code text is not expressly substituted. Reception reform may still change the future source of supplemental law, and the Contract Model governs matters within its express scope.","retain"]
["CC-1024","1024","Alternative obligations are discharged by a complete permitted alternative rather than mixed partial performances.","unchanged_for_now","retain","Contract Model 4(4)-(6); Reception Bill 10,14,18","No express textual substitution of this article in either model Schedule 1. It remains part of the applicable baseline, subject to matters expressly determined by the module and subsequent domestic law.","Code text remains relevant to earlier contracts. The Contract Model applies to new Saint Lucian-law contracts after its commencement and identified future performance validly adopted under section 39(4); the Reception Bill ends automatic future reception after its separate cut-off.","Direct Code text is not expressly substituted. Reception reform may still change the future source of supplemental law, and the Contract Model governs matters within its express scope.","retain"]
["CC-1025","1025","Choice of alternative belongs to the debtor unless granted to the creditor.","unchanged_for_now","retain","Contract Model 4(4)-(6); Reception Bill 10,14,18","No express textual substitution of this article in either model Schedule 1. It remains part of the applicable baseline, subject to matters expressly determined by the module and subsequent domestic law.","Code text remains relevant to earlier contracts. The Contract Model applies to new Saint Lucian-law contracts after its commencement and identified future performance validly adopted under section 39(4); the Reception Bill ends automatic future reception after its separate cut-off.","Direct Code text is not expressly substituted. Reception reform may still change the future source of supplemental law, and the Contract Model governs matters within its express scope.","retain"]
["CC-1026","1026","An unavailable alternative may leave a single effective obligation.","unchanged_for_now","retain","Contract Model 4(4)-(6); Reception Bill 10,14,18","No express textual substitution of this article in either model Schedule 1. It remains part of the applicable baseline, subject to matters expressly determined by the module and subsequent domestic law.","Code text remains relevant to earlier contracts. The Contract Model applies to new Saint Lucian-law contracts after its commencement and identified future performance validly adopted under section 39(4); the Reception Bill ends automatic future reception after its separate cut-off.","Direct Code text is not expressly substituted. Reception reform may still change the future source of supplemental law, and the Contract Model governs matters within its express scope.","retain"]
["CC-1027","1027","Regulates loss of alternatives where the debtor has the choice.","unchanged_for_now","retain","Contract Model 4(4)-(6); Reception Bill 10,14,18","No express textual substitution of this article in either model Schedule 1. It remains part of the applicable baseline, subject to matters expressly determined by the module and subsequent domestic law.","Code text remains relevant to earlier contracts. The Contract Model applies to new Saint Lucian-law contracts after its commencement and identified future performance validly adopted under section 39(4); the Reception Bill ends automatic future reception after its separate cut-off.","Direct Code text is not expressly substituted. Reception reform may still change the future source of supplemental law, and the Contract Model governs matters within its express scope.","retain"]
["CC-1028","1028","Regulates loss of alternatives where the creditor has the choice.","unchanged_for_now","retain","Contract Model 4(4)-(6); Reception Bill 10,14,18","No express textual substitution of this article in either model Schedule 1. It remains part of the applicable baseline, subject to matters expressly determined by the module and subsequent domestic law.","Code text remains relevant to earlier contracts. The Contract Model applies to new Saint Lucian-law contracts after its commencement and identified future performance validly adopted under section 39(4); the Reception Bill ends automatic future reception after its separate cut-off.","Direct Code text is not expressly substituted. Reception reform may still change the future source of supplemental law, and the Contract Model governs matters within its express scope.","retain"]
["CC-1029","1029","Links destruction of all alternatives to Article 1130's extinction rules.","unchanged_for_now","retain","Contract Model 4(4)-(6); Reception Bill 10,14,18","No express textual substitution of this article in either model Schedule 1. It remains part of the applicable baseline, subject to matters expressly determined by the module and subsequent domestic law.","Code text remains relevant to earlier contracts. The Contract Model applies to new Saint Lucian-law contracts after its commencement and identified future performance validly adopted under section 39(4); the Reception Bill ends automatic future reception after its separate cut-off.","Direct Code text is not expressly substituted. Reception reform may still change the future source of supplemental law, and the Contract Model governs matters within its express scope.","retain"]
["CC-1030","1030","Extends alternative-performance rules to more than two alternatives and obligations to act or refrain.","unchanged_for_now","retain","Contract Model 4(4)-(6); Reception Bill 10,14,18","No express textual substitution of this article in either model Schedule 1. It remains part of the applicable baseline, subject to matters expressly determined by the module and subsequent domestic law.","Code text remains relevant to earlier contracts. The Contract Model applies to new Saint Lucian-law contracts after its commencement and identified future performance validly adopted under section 39(4); the Reception Bill ends automatic future reception after its separate cut-off.","Direct Code text is not expressly substituted. Reception reform may still change the future source of supplemental law, and the Contract Model governs matters within its express scope.","retain"]
["CC-1031","1031","Each joint-and-several creditor can claim full performance and discharge the debtor by receiving it.","unchanged_for_now","retain","Contract Model 4(4)-(6); Reception Bill 10,14,18","No express textual substitution of this article in either model Schedule 1. It remains part of the applicable baseline, subject to matters expressly determined by the module and subsequent domestic law.","Code text remains relevant to earlier contracts. The Contract Model applies to new Saint Lucian-law contracts after its commencement and identified future performance validly adopted under section 39(4); the Reception Bill ends automatic future reception after its separate cut-off.","Direct Code text is not expressly substituted. Reception reform may still change the future source of supplemental law, and the Contract Model governs matters within its express scope.","retain"]
["CC-1032","1032","Regulates payment to one creditor and the limited effect of one creditor's release.","unchanged_for_now","retain","Contract Model 4(4)-(6); Reception Bill 10,14,18","No express textual substitution of this article in either model Schedule 1. It remains part of the applicable baseline, subject to matters expressly determined by the module and subsequent domestic law.","Code text remains relevant to earlier contracts. The Contract Model applies to new Saint Lucian-law contracts after its commencement and identified future performance validly adopted under section 39(4); the Reception Bill ends automatic future reception after its separate cut-off.","Direct Code text is not expressly substituted. Reception reform may still change the future source of supplemental law, and the Contract Model governs matters within its express scope.","retain"]
["CC-1033","1033","Refers interruption of prescription for multiple creditors to the prescription book.","unchanged_for_now","retain","Contract Model 4(4)-(6); Reception Bill 10,14,18","No express textual substitution of this article in either model Schedule 1. It remains part of the applicable baseline, subject to matters expressly determined by the module and subsequent domestic law.","Code text remains relevant to earlier contracts. The Contract Model applies to new Saint Lucian-law contracts after its commencement and identified future performance validly adopted under section 39(4); the Reception Bill ends automatic future reception after its separate cut-off.","Direct Code text is not expressly substituted. Reception reform may still change the future source of supplemental law, and the Contract Model governs matters within its express scope.","retain"]
["CC-1034","1034","Defines joint-and-several debtor liability and discharge through one debtor's performance.","unchanged_for_now","retain","Contract Model 4(4)-(6); Reception Bill 10,14,18","No express textual substitution of this article in either model Schedule 1. It remains part of the applicable baseline, subject to matters expressly determined by the module and subsequent domestic law.","Code text remains relevant to earlier contracts. The Contract Model applies to new Saint Lucian-law contracts after its commencement and identified future performance validly adopted under section 39(4); the Reception Bill ends automatic future reception after its separate cut-off.","Direct Code text is not expressly substituted. Reception reform may still change the future source of supplemental law, and the Contract Model governs matters within its express scope.","retain"]
["CC-1035","1035","Allows joint-and-several liability despite differences in conditions or terms between debtors.","unchanged_for_now","retain","Contract Model 4(4)-(6); Reception Bill 10,14,18","No express textual substitution of this article in either model Schedule 1. It remains part of the applicable baseline, subject to matters expressly determined by the module and subsequent domestic law.","Code text remains relevant to earlier contracts. The Contract Model applies to new Saint Lucian-law contracts after its commencement and identified future performance validly adopted under section 39(4); the Reception Bill ends automatic future reception after its separate cut-off.","Direct Code text is not expressly substituted. Reception reform may still change the future source of supplemental law, and the Contract Model governs matters within its express scope.","retain"]
["CC-1036","1036","Presumes joint-and-several liability for multiple debtors unless otherwise declared.","unchanged_for_now","retain","Contract Model 4(4)-(6); Reception Bill 10,14,18","No express textual substitution of this article in either model Schedule 1. It remains part of the applicable baseline, subject to matters expressly determined by the module and subsequent domestic law.","Code text remains relevant to earlier contracts. The Contract Model applies to new Saint Lucian-law contracts after its commencement and identified future performance validly adopted under section 39(4); the Reception Bill ends automatic future reception after its separate cut-off.","Direct Code text is not expressly substituted. Reception reform may still change the future source of supplemental law, and the Contract Model governs matters within its express scope.","retain"]
["CC-1037","1037","Makes obligations from a common delict joint and several.","unchanged_for_now","retain","Contract Model 4(4)-(6); Reception Bill 10,14,18","No express textual substitution of this article in either model Schedule 1. It remains part of the applicable baseline, subject to matters expressly determined by the module and subsequent domestic law.","Code text remains relevant to earlier contracts. The Contract Model applies to new Saint Lucian-law contracts after its commencement and identified future performance validly adopted under section 39(4); the Reception Bill ends automatic future reception after its separate cut-off.","Direct Code text is not expressly substituted. Reception reform may still change the future source of supplemental law, and the Contract Model governs matters within its express scope.","retain"]
["CC-1038","1038","Permits the creditor to seek full payment from one joint-and-several debtor.","unchanged_for_now","retain","Contract Model 4(4)-(6); Reception Bill 10,14,18","No express textual substitution of this article in either model Schedule 1. It remains part of the applicable baseline, subject to matters expressly determined by the module and subsequent domestic law.","Code text remains relevant to earlier contracts. The Contract Model applies to new Saint Lucian-law contracts after its commencement and identified future performance validly adopted under section 39(4); the Reception Bill ends automatic future reception after its separate cut-off.","Direct Code text is not expressly substituted. Reception reform may still change the future source of supplemental law, and the Contract Model governs matters within its express scope.","retain"]
["CC-1039","1039","Proceedings against one debtor do not prevent proceedings against others.","unchanged_for_now","retain","Contract Model 4(4)-(6); Reception Bill 10,14,18","No express textual substitution of this article in either model Schedule 1. It remains part of the applicable baseline, subject to matters expressly determined by the module and subsequent domestic law.","Code text remains relevant to earlier contracts. The Contract Model applies to new Saint Lucian-law contracts after its commencement and identified future performance validly adopted under section 39(4); the Reception Bill ends automatic future reception after its separate cut-off.","Direct Code text is not expressly substituted. Reception reform may still change the future source of supplemental law, and the Contract Model governs matters within its express scope.","retain"]
["CC-1040","1040","Distinguishes liability for the thing's value from damages when one co-debtor causes its loss.","unchanged_for_now","retain","Contract Model 4(4)-(6); Reception Bill 10,14,18","No express textual substitution of this article in either model Schedule 1. It remains part of the applicable baseline, subject to matters expressly determined by the module and subsequent domestic law.","Code text remains relevant to earlier contracts. The Contract Model applies to new Saint Lucian-law contracts after its commencement and identified future performance validly adopted under section 39(4); the Reception Bill ends automatic future reception after its separate cut-off.","Direct Code text is not expressly substituted. Reception reform may still change the future source of supplemental law, and the Contract Model governs matters within its express scope.","retain"]
["CC-1041","1041","Refers interruption of prescription for co-debtors to the prescription book.","unchanged_for_now","retain","Contract Model 4(4)-(6); Reception Bill 10,14,18","No express textual substitution of this article in either model Schedule 1. It remains part of the applicable baseline, subject to matters expressly determined by the module and subsequent domestic law.","Code text remains relevant to earlier contracts. The Contract Model applies to new Saint Lucian-law contracts after its commencement and identified future performance validly adopted under section 39(4); the Reception Bill ends automatic future reception after its separate cut-off.","Direct Code text is not expressly substituted. Reception reform may still change the future source of supplemental law, and the Contract Model governs matters within its express scope.","retain"]
["CC-1042","1042","A demand for interest against one co-debtor affects all.","unchanged_for_now","retain","Contract Model 4(4)-(6); Reception Bill 10,14,18","No express textual substitution of this article in either model Schedule 1. It remains part of the applicable baseline, subject to matters expressly determined by the module and subsequent domestic law.","Code text remains relevant to earlier contracts. The Contract Model applies to new Saint Lucian-law contracts after its commencement and identified future performance validly adopted under section 39(4); the Reception Bill ends automatic future reception after its separate cut-off.","Direct Code text is not expressly substituted. Reception reform may still change the future source of supplemental law, and the Contract Model governs matters within its express scope.","retain"]
["CC-1043","1043","Distinguishes personal defences from defences shared by co-debtors.","unchanged_for_now","retain","Contract Model 4(4)-(6); Reception Bill 10,14,18","No express textual substitution of this article in either model Schedule 1. It remains part of the applicable baseline, subject to matters expressly determined by the module and subsequent domestic law.","Code text remains relevant to earlier contracts. The Contract Model applies to new Saint Lucian-law contracts after its commencement and identified future performance validly adopted under section 39(4); the Reception Bill ends automatic future reception after its separate cut-off.","Direct Code text is not expressly substituted. Reception reform may still change the future source of supplemental law, and the Contract Model governs matters within its express scope.","retain"]
["CC-1044","1044","Merger through succession extinguishes only the relevant co-debtor's share.","unchanged_for_now","retain","Contract Model 4(4)-(6); Reception Bill 10,14,18","No express textual substitution of this article in either model Schedule 1. It remains part of the applicable baseline, subject to matters expressly determined by the module and subsequent domestic law.","Code text remains relevant to earlier contracts. The Contract Model applies to new Saint Lucian-law contracts after its commencement and identified future performance validly adopted under section 39(4); the Reception Bill ends automatic future reception after its separate cut-off.","Direct Code text is not expressly substituted. Reception reform may still change the future source of supplemental law, and the Contract Model governs matters within its express scope.","retain"]
["CC-1045","1045","A creditor's agreement to division for one debtor preserves the stated rights against others.","unchanged_for_now","retain","Contract Model 4(4)-(6); Reception Bill 10,14,18","No express textual substitution of this article in either model Schedule 1. It remains part of the applicable baseline, subject to matters expressly determined by the module and subsequent domestic law.","Code text remains relevant to earlier contracts. The Contract Model applies to new Saint Lucian-law contracts after its commencement and identified future performance validly adopted under section 39(4); the Reception Bill ends automatic future reception after its separate cut-off.","Direct Code text is not expressly substituted. Reception reform may still change the future source of supplemental law, and the Contract Model governs matters within its express scope.","retain"]
["CC-1046","1046","Specifies when accepting a debtor's separate share relinquishes joint-and-several recourse against that debtor.","unchanged_for_now","retain","Contract Model 4(4)-(6); Reception Bill 10,14,18","No express textual substitution of this article in either model Schedule 1. It remains part of the applicable baseline, subject to matters expressly determined by the module and subsequent domestic law.","Code text remains relevant to earlier contracts. The Contract Model applies to new Saint Lucian-law contracts after its commencement and identified future performance validly adopted under section 39(4); the Reception Bill ends automatic future reception after its separate cut-off.","Direct Code text is not expressly substituted. Reception reform may still change the future source of supplemental law, and the Contract Model governs matters within its express scope.","retain"]
["CC-1047","1047","Distinguishes separate interest payments from discharge of joint-and-several capital liability.","unchanged_for_now","retain","Contract Model 4(4)-(6); Reception Bill 10,14,18","No express textual substitution of this article in either model Schedule 1. It remains part of the applicable baseline, subject to matters expressly determined by the module and subsequent domestic law.","Code text remains relevant to earlier contracts. The Contract Model applies to new Saint Lucian-law contracts after its commencement and identified future performance validly adopted under section 39(4); the Reception Bill ends automatic future reception after its separate cut-off.","Direct Code text is not expressly substituted. Reception reform may still change the future source of supplemental law, and the Contract Model governs matters within its express scope.","retain"]
["CC-1048","1048","Divides internal responsibility between co-debtors despite external joint-and-several liability.","unchanged_for_now","retain","Contract Model 4(4)-(6); Reception Bill 10,14,18","No express textual substitution of this article in either model Schedule 1. It remains part of the applicable baseline, subject to matters expressly determined by the module and subsequent domestic law.","Code text remains relevant to earlier contracts. The Contract Model applies to new Saint Lucian-law contracts after its commencement and identified future performance validly adopted under section 39(4); the Reception Bill ends automatic future reception after its separate cut-off.","Direct Code text is not expressly substituted. Reception reform may still change the future source of supplemental law, and the Contract Model governs matters within its express scope.","retain"]
["CC-1049","1049","Regulates contribution after one debtor pays and distribution of a co-debtor's insolvency loss.","unchanged_for_now","retain","Contract Model 4(4)-(6); Reception Bill 10,14,18","No express textual substitution of this article in either model Schedule 1. It remains part of the applicable baseline, subject to matters expressly determined by the module and subsequent domestic law.","Code text remains relevant to earlier contracts. The Contract Model applies to new Saint Lucian-law contracts after its commencement and identified future performance validly adopted under section 39(4); the Reception Bill ends automatic future reception after its separate cut-off.","Direct Code text is not expressly substituted. Reception reform may still change the future source of supplemental law, and the Contract Model governs matters within its express scope.","retain"]
["CC-1050","1050","Allocates insolvency loss after the creditor releases one debtor from joint-and-several recourse.","unchanged_for_now","retain","Contract Model 4(4)-(6); Reception Bill 10,14,18","No express textual substitution of this article in either model Schedule 1. It remains part of the applicable baseline, subject to matters expressly determined by the module and subsequent domestic law.","Code text remains relevant to earlier contracts. The Contract Model applies to new Saint Lucian-law contracts after its commencement and identified future performance validly adopted under section 39(4); the Reception Bill ends automatic future reception after its separate cut-off.","Direct Code text is not expressly substituted. Reception reform may still change the future source of supplemental law, and the Contract Model governs matters within its express scope.","retain"]
["CC-1051","1051","Places ultimate internal liability on the co-debtor for whose sole benefit the debt was incurred.","unchanged_for_now","retain","Contract Model 4(4)-(6); Reception Bill 10,14,18","No express textual substitution of this article in either model Schedule 1. It remains part of the applicable baseline, subject to matters expressly determined by the module and subsequent domestic law.","Code text remains relevant to earlier contracts. The Contract Model applies to new Saint Lucian-law contracts after its commencement and identified future performance validly adopted under section 39(4); the Reception Bill ends automatic future reception after its separate cut-off.","Direct Code text is not expressly substituted. Reception reform may still change the future source of supplemental law, and the Contract Model governs matters within its express scope.","retain"]
["CC-1052","1052","Defines divisibility of an obligation's performance.","unchanged_for_now","retain","Contract Model 4(4)-(6); Reception Bill 10,14,18","No express textual substitution of this article in either model Schedule 1. It remains part of the applicable baseline, subject to matters expressly determined by the module and subsequent domestic law.","Code text remains relevant to earlier contracts. The Contract Model applies to new Saint Lucian-law contracts after its commencement and identified future performance validly adopted under section 39(4); the Reception Bill ends automatic future reception after its separate cut-off.","Direct Code text is not expressly substituted. Reception reform may still change the future source of supplemental law, and the Contract Model governs matters within its express scope.","retain"]
["CC-1053","1053","Distinguishes performance between original parties from proportional succession liabilities.","unchanged_for_now","retain","Contract Model 4(4)-(6); Reception Bill 10,14,18","No express textual substitution of this article in either model Schedule 1. It remains part of the applicable baseline, subject to matters expressly determined by the module and subsequent domestic law.","Code text remains relevant to earlier contracts. The Contract Model applies to new Saint Lucian-law contracts after its commencement and identified future performance validly adopted under section 39(4); the Reception Bill ends automatic future reception after its separate cut-off.","Direct Code text is not expressly substituted. Reception reform may still change the future source of supplemental law, and the Contract Model governs matters within its express scope.","retain"]
["CC-1054","1054","Creates exceptions requiring full performance from specified heirs or representatives.","unchanged_for_now","retain","Contract Model 4(4)-(6); Reception Bill 10,14,18","No express textual substitution of this article in either model Schedule 1. It remains part of the applicable baseline, subject to matters expressly determined by the module and subsequent domestic law.","Code text remains relevant to earlier contracts. The Contract Model applies to new Saint Lucian-law contracts after its commencement and identified future performance validly adopted under section 39(4); the Reception Bill ends automatic future reception after its separate cut-off.","Direct Code text is not expressly substituted. Reception reform may still change the future source of supplemental law, and the Contract Model governs matters within its express scope.","retain"]
["CC-1055","1055","Defines indivisibility by nature or contractual character.","unchanged_for_now","retain","Contract Model 4(4)-(6); Reception Bill 10,14,18","No express textual substitution of this article in either model Schedule 1. It remains part of the applicable baseline, subject to matters expressly determined by the module and subsequent domestic law.","Code text remains relevant to earlier contracts. The Contract Model applies to new Saint Lucian-law contracts after its commencement and identified future performance validly adopted under section 39(4); the Reception Bill ends automatic future reception after its separate cut-off.","Direct Code text is not expressly substituted. Reception reform may still change the future source of supplemental law, and the Contract Model governs matters within its express scope.","retain"]
["CC-1056","1056","Distinguishes indivisibility from joint-and-several liability.","unchanged_for_now","retain","Contract Model 4(4)-(6); Reception Bill 10,14,18","No express textual substitution of this article in either model Schedule 1. It remains part of the applicable baseline, subject to matters expressly determined by the module and subsequent domestic law.","Code text remains relevant to earlier contracts. The Contract Model applies to new Saint Lucian-law contracts after its commencement and identified future performance validly adopted under section 39(4); the Reception Bill ends automatic future reception after its separate cut-off.","Direct Code text is not expressly substituted. Reception reform may still change the future source of supplemental law, and the Contract Model governs matters within its express scope.","retain"]
["CC-1057","1057","Each debtor of an indivisible obligation may owe the whole performance, with discharge upon fulfilment.","unchanged_for_now","retain","Contract Model 4(4)-(6); Reception Bill 10,14,18","No express textual substitution of this article in either model Schedule 1. It remains part of the applicable baseline, subject to matters expressly determined by the module and subsequent domestic law.","Code text remains relevant to earlier contracts. The Contract Model applies to new Saint Lucian-law contracts after its commencement and identified future performance validly adopted under section 39(4); the Reception Bill ends automatic future reception after its separate cut-off.","Direct Code text is not expressly substituted. Reception reform may still change the future source of supplemental law, and the Contract Model governs matters within its express scope.","retain"]
["CC-1058","1058","Makes successors jointly and severally responsible for an indivisible obligation.","unchanged_for_now","retain","Contract Model 4(4)-(6); Reception Bill 10,14,18","No express textual substitution of this article in either model Schedule 1. It remains part of the applicable baseline, subject to matters expressly determined by the module and subsequent domestic law.","Code text remains relevant to earlier contracts. The Contract Model applies to new Saint Lucian-law contracts after its commencement and identified future performance validly adopted under section 39(4); the Reception Bill ends automatic future reception after its separate cut-off.","Direct Code text is not expressly substituted. Reception reform may still change the future source of supplemental law, and the Contract Model governs matters within its express scope.","retain"]
["CC-1059","1059","Distinguishes divisible damages from indivisible performance and concentrates liability for individual fault.","unchanged_for_now","retain","Contract Model 4(4)-(6); Reception Bill 10,14,18","No express textual substitution of this article in either model Schedule 1. It remains part of the applicable baseline, subject to matters expressly determined by the module and subsequent domestic law.","Code text remains relevant to earlier contracts. The Contract Model applies to new Saint Lucian-law contracts after its commencement and identified future performance validly adopted under section 39(4); the Reception Bill ends automatic future reception after its separate cut-off.","Direct Code text is not expressly substituted. Reception reform may still change the future source of supplemental law, and the Contract Model governs matters within its express scope.","retain"]
["CC-1060","1060","Regulates enforcement and release of indivisible obligations by multiple creditor successors.","unchanged_for_now","retain","Contract Model 4(4)-(6); Reception Bill 10,14,18","No express textual substitution of this article in either model Schedule 1. It remains part of the applicable baseline, subject to matters expressly determined by the module and subsequent domestic law.","Code text remains relevant to earlier contracts. The Contract Model applies to new Saint Lucian-law contracts after its commencement and identified future performance validly adopted under section 39(4); the Reception Bill ends automatic future reception after its separate cut-off.","Direct Code text is not expressly substituted. Reception reform may still change the future source of supplemental law, and the Contract Model governs matters within its express scope.","retain"]
["CC-1061","1061","Permits joinder-related delay for a successor sued for an entire indivisible obligation, subject to exceptions.","unchanged_for_now","retain","Contract Model 4(4)-(6); Reception Bill 10,14,18","No express textual substitution of this article in either model Schedule 1. It remains part of the applicable baseline, subject to matters expressly determined by the module and subsequent domestic law.","Code text remains relevant to earlier contracts. The Contract Model applies to new Saint Lucian-law contracts after its commencement and identified future performance validly adopted under section 39(4); the Reception Bill ends automatic future reception after its separate cut-off.","Direct Code text is not expressly substituted. Reception reform may still change the future source of supplemental law, and the Contract Model governs matters within its express scope.","retain"]
["CC-1062","1062","Defines a penal clause as an obligation secondary to the principal performance duty.","conditional_substitution","mixed","Contract Model Schedule 1A.4; sections 13,30(1),(6)","Replaces the penal-clause formulation with the model’s agreed-payment category and reserves separate deposit and forfeiture questions.","Conditional only: Contract Model sections 1(3),2(1),(5),39. Earlier contracts retain otherwise applicable substantive law unless all parties validly adopt the module for identified future performance; the Reception Bill still ends automatic future reception at its cut-off.","Only the general contractual matter identified in Schedule 1 is substituted. Specific statutory regimes prevail; quasi-contracts, torts and other non-contractual applications are not repealed (Contract Model 4(2),(6), Schedule 1B.5).","clarify"]
["CC-1063","1063","Invalidity of the principal obligation defeats the penalty, but the reverse does not necessarily follow.","conditional_substitution","clarify","Contract Model Schedule 1A.4; section 30(7)","Restates dependence of the payment term on a valid primary obligation and the separability of the primary obligation from an invalid payment term.","Conditional only: Contract Model sections 1(3),2(1),(5),39. Earlier contracts retain otherwise applicable substantive law unless all parties validly adopt the module for identified future performance; the Reception Bill still ends automatic future reception at its cut-off.","Only the general contractual matter identified in Schedule 1 is substituted. Specific statutory regimes prevail; quasi-contracts, torts and other non-contractual applications are not repealed (Contract Model 4(2),(6), Schedule 1B.5).","clarify"]
["CC-1064","1064","Regulates election between primary performance and penalty and prevents specified double recovery.","conditional_substitution","mixed","Contract Model Schedule 1A.4; section 30(4)-(5),32","Preserves election and anti-duplication protections while expressly coordinating additional losses and delay payments.","Conditional only: Contract Model sections 1(3),2(1),(5),39. Earlier contracts retain otherwise applicable substantive law unless all parties validly adopt the module for identified future performance; the Reception Bill still ends automatic future reception at its cut-off.","Only the general contractual matter identified in Schedule 1 is substituted. Specific statutory regimes prevail; quasi-contracts, torts and other non-contractual applications are not repealed (Contract Model 4(2),(6), Schedule 1B.5).","clarify"]
["CC-1065","1065","Links a penalty's accrual to default or prohibited conduct.","conditional_substitution","reform","Contract Model Schedule 1A.4; sections 13,30","Replaces the old penalty-accrual rule through the redesigned default and agreed-payment provisions.","Conditional only: Contract Model sections 1(3),2(1),(5),39. Earlier contracts retain otherwise applicable substantive law unless all parties validly adopt the module for identified future performance; the Reception Bill still ends automatic future reception at its cut-off.","Only the general contractual matter identified in Schedule 1 is substituted. Specific statutory regimes prevail; quasi-contracts, torts and other non-contractual applications are not repealed (Contract Model 4(2),(6), Schedule 1B.5).","clarify"]
["CC-1066","1066","Permits reducing penalties for partial performance or wholly disproportionate amounts.","conditional_substitution","mixed","Contract Model Schedule 1A.4; section 30(2)-(4);5(2)(c)","Preserves judicial reduction while adding specified considerations, reasons and a bar on pre-dispute exclusion of the power.","Conditional only: Contract Model sections 1(3),2(1),(5),39. Earlier contracts retain otherwise applicable substantive law unless all parties validly adopt the module for identified future performance; the Reception Bill still ends automatic future reception at its cut-off.","Only the general contractual matter identified in Schedule 1 is substituted. Specific statutory regimes prevail; quasi-contracts, torts and other non-contractual applications are not repealed (Contract Model 4(2),(6), Schedule 1B.5).","clarify"]
["CC-1067","1067","Allocates penalties for breach of indivisible obligations among successors.","expressly_preserved","mixed","Contract Model Schedule 1A.4;30","Allocation among heirs or representatives survives, while the enforceable amount for a covered contract is subject to the new agreed-payment rule.","Code text remains relevant to earlier contracts. The Contract Model applies to new Saint Lucian-law contracts after its commencement and identified future performance validly adopted under section 39(4); the Reception Bill ends automatic future reception after its separate cut-off.","Direct Code text is not expressly substituted. Reception reform may still change the future source of supplemental law, and the Contract Model governs matters within its express scope.","clarify"]
["CC-1068","1068","Allocates penalties for divisible obligations and deliberate prevention of complete performance.","expressly_preserved","mixed","Contract Model Schedule 1A.4;30","Allocation among heirs or representatives survives, while the enforceable amount for a covered contract is subject to the new agreed-payment rule.","Code text remains relevant to earlier contracts. The Contract Model applies to new Saint Lucian-law contracts after its commencement and identified future performance validly adopted under section 39(4); the Reception Bill ends automatic future reception after its separate cut-off.","Direct Code text is not expressly substituted. Reception reform may still change the future source of supplemental law, and the Contract Model governs matters within its express scope.","clarify"]
["CC-1069","1069","Lists methods of extinguishing obligations, including payment, release, prescription and special-contract rules.","unchanged_for_now","retain","Contract Model 4(4)-(6); Reception Bill 10,14,18","No express textual substitution of this article in either model Schedule 1. It remains part of the applicable baseline, subject to matters expressly determined by the module and subsequent domestic law.","Code text remains relevant to earlier contracts. The Contract Model applies to new Saint Lucian-law contracts after its commencement and identified future performance validly adopted under section 39(4); the Reception Bill ends automatic future reception after its separate cut-off.","Direct Code text is not expressly substituted. Reception reform may still change the future source of supplemental law, and the Contract Model governs matters within its express scope.","clarify"]
["CC-1070","1070","Defines payment to include fulfilment of non-monetary obligations.","expressly_preserved","retain","Contract Model Schedule 1B.3;4,39","Expressly preserved except to the extent the Contract Model determines a particular covered matter otherwise; preserved text is not repealed merely because the module adds general rules.","Code text remains relevant to earlier contracts. The Contract Model applies to new Saint Lucian-law contracts after its commencement and identified future performance validly adopted under section 39(4); the Reception Bill ends automatic future reception after its separate cut-off.","Direct Code text is not expressly substituted. Reception reform may still change the future source of supplemental law, and the Contract Model governs matters within its express scope.","retain"]
["CC-1071","1071","Allows recovery of payment without a debt but recognises voluntary performance of natural obligations.","expressly_preserved","retain","Contract Model Schedule 1B.3;4,39","Expressly preserved except to the extent the Contract Model determines a particular covered matter otherwise; preserved text is not repealed merely because the module adds general rules.","Code text remains relevant to earlier contracts. The Contract Model applies to new Saint Lucian-law contracts after its commencement and identified future performance validly adopted under section 39(4); the Reception Bill ends automatic future reception after its separate cut-off.","Direct Code text is not expressly substituted. Reception reform may still change the future source of supplemental law, and the Contract Model governs matters within its express scope.","retain"]
["CC-1072","1072","Allows certain beneficial third-person payments and tenders.","expressly_preserved","retain","Contract Model Schedule 1B.3;4,39","Expressly preserved except to the extent the Contract Model determines a particular covered matter otherwise; preserved text is not repealed merely because the module adds general rules.","Code text remains relevant to earlier contracts. The Contract Model applies to new Saint Lucian-law contracts after its commencement and identified future performance validly adopted under section 39(4); the Reception Bill ends automatic future reception after its separate cut-off.","Direct Code text is not expressly substituted. Reception reform may still change the future source of supplemental law, and the Contract Model governs matters within its express scope.","retain"]
["CC-1073","1073","Protects the creditor's interest in personal performance by the identified debtor.","expressly_preserved","retain","Contract Model Schedule 1B.3;4,39","Expressly preserved except to the extent the Contract Model determines a particular covered matter otherwise; preserved text is not repealed merely because the module adds general rules.","Code text remains relevant to earlier contracts. The Contract Model applies to new Saint Lucian-law contracts after its commencement and identified future performance validly adopted under section 39(4); the Reception Bill ends automatic future reception after its separate cut-off.","Direct Code text is not expressly substituted. Reception reform may still change the future source of supplemental law, and the Contract Model governs matters within its express scope.","retain"]
["CC-1074","1074","Requires authority over the property tendered, with good-faith consumption protection.","expressly_preserved","retain","Contract Model Schedule 1B.3;4,39","Expressly preserved except to the extent the Contract Model determines a particular covered matter otherwise; preserved text is not repealed merely because the module adds general rules.","Code text remains relevant to earlier contracts. The Contract Model applies to new Saint Lucian-law contracts after its commencement and identified future performance validly adopted under section 39(4); the Reception Bill ends automatic future reception after its separate cut-off.","Direct Code text is not expressly substituted. Reception reform may still change the future source of supplemental law, and the Contract Model governs matters within its express scope.","retain"]
["CC-1075","1075","Specifies valid recipients of payment and validation through ratification or benefit.","expressly_preserved","retain","Contract Model Schedule 1B.3;4,39","Expressly preserved except to the extent the Contract Model determines a particular covered matter otherwise; preserved text is not repealed merely because the module adds general rules.","Code text remains relevant to earlier contracts. The Contract Model applies to new Saint Lucian-law contracts after its commencement and identified future performance validly adopted under section 39(4); the Reception Bill ends automatic future reception after its separate cut-off.","Direct Code text is not expressly substituted. Reception reform may still change the future source of supplemental law, and the Contract Model governs matters within its express scope.","retain"]
["CC-1076","1076","Protects good-faith payment to an apparent creditor.","expressly_preserved","retain","Contract Model Schedule 1B.3;4,39","Expressly preserved except to the extent the Contract Model determines a particular covered matter otherwise; preserved text is not repealed merely because the module adds general rules.","Code text remains relevant to earlier contracts. The Contract Model applies to new Saint Lucian-law contracts after its commencement and identified future performance validly adopted under section 39(4); the Reception Bill ends automatic future reception after its separate cut-off.","Direct Code text is not expressly substituted. Reception reform may still change the future source of supplemental law, and the Contract Model governs matters within its express scope.","retain"]
["CC-1077","1077","Payment to an incapable creditor requires demonstrated benefit to be effective.","expressly_preserved","retain","Contract Model Schedule 1B.3;4,39","Expressly preserved except to the extent the Contract Model determines a particular covered matter otherwise; preserved text is not repealed merely because the module adds general rules.","Code text remains relevant to earlier contracts. The Contract Model applies to new Saint Lucian-law contracts after its commencement and identified future performance validly adopted under section 39(4); the Reception Bill ends automatic future reception after its separate cut-off.","Direct Code text is not expressly substituted. Reception reform may still change the future source of supplemental law, and the Contract Model governs matters within its express scope.","retain"]
["CC-1078","1078","Payment prejudicing attachment or seizure may expose the debtor to paying again.","expressly_preserved","retain","Contract Model Schedule 1B.3;4,39","Expressly preserved except to the extent the Contract Model determines a particular covered matter otherwise; preserved text is not repealed merely because the module adds general rules.","Code text remains relevant to earlier contracts. The Contract Model applies to new Saint Lucian-law contracts after its commencement and identified future performance validly adopted under section 39(4); the Reception Bill ends automatic future reception after its separate cut-off.","Direct Code text is not expressly substituted. Reception reform may still change the future source of supplemental law, and the Contract Model governs matters within its express scope.","retain"]
["CC-1079","1079","The creditor need not accept a different performance merely because it has greater value.","expressly_preserved","retain","Contract Model Schedule 1B.3;4,39","Expressly preserved except to the extent the Contract Model determines a particular covered matter otherwise; preserved text is not repealed merely because the module adds general rules.","Code text remains relevant to earlier contracts. The Contract Model applies to new Saint Lucian-law contracts after its commencement and identified future performance validly adopted under section 39(4); the Reception Bill ends automatic future reception after its separate cut-off.","Direct Code text is not expressly substituted. Reception reform may still change the future source of supplemental law, and the Contract Model governs matters within its express scope.","retain"]
["CC-1080","1080","The debtor cannot ordinarily compel acceptance of instalments.","expressly_preserved","retain","Contract Model Schedule 1B.3;4,39","Expressly preserved except to the extent the Contract Model determines a particular covered matter otherwise; preserved text is not repealed merely because the module adds general rules.","Code text remains relevant to earlier contracts. The Contract Model applies to new Saint Lucian-law contracts after its commencement and identified future performance validly adopted under section 39(4); the Reception Bill ends automatic future reception after its separate cut-off.","Direct Code text is not expressly substituted. Reception reform may still change the future source of supplemental law, and the Contract Model governs matters within its express scope.","retain"]
["CC-1081","1081","Allocates deterioration of a specific thing before delivery according to fault and default.","expressly_preserved","retain","Contract Model Schedule 1B.3;4,39","Expressly preserved except to the extent the Contract Model determines a particular covered matter otherwise; preserved text is not repealed merely because the module adds general rules.","Code text remains relevant to earlier contracts. The Contract Model applies to new Saint Lucian-law contracts after its commencement and identified future performance validly adopted under section 39(4); the Reception Bill ends automatic future reception after its separate cut-off.","Direct Code text is not expressly substituted. Reception reform may still change the future source of supplemental law, and the Contract Model governs matters within its express scope.","retain"]
["CC-1082","1082","Requires merchantable quality for generic goods where quality was unspecified.","expressly_preserved","retain","Contract Model Schedule 1B.3;4,39","Expressly preserved except to the extent the Contract Model determines a particular covered matter otherwise; preserved text is not repealed merely because the module adds general rules.","Code text remains relevant to earlier contracts. The Contract Model applies to new Saint Lucian-law contracts after its commencement and identified future performance validly adopted under section 39(4); the Reception Bill ends automatic future reception after its separate cut-off.","Direct Code text is not expressly substituted. Reception reform may still change the future source of supplemental law, and the Contract Model governs matters within its express scope.","retain"]
["CC-1083","1083","Determines the place of performance by agreement and fallback rules, preserving special contracts.","expressly_preserved","retain","Contract Model Schedule 1B.3;4,39","Expressly preserved except to the extent the Contract Model determines a particular covered matter otherwise; preserved text is not repealed merely because the module adds general rules.","Code text remains relevant to earlier contracts. The Contract Model applies to new Saint Lucian-law contracts after its commencement and identified future performance validly adopted under section 39(4); the Reception Bill ends automatic future reception after its separate cut-off.","Direct Code text is not expressly substituted. Reception reform may still change the future source of supplemental law, and the Contract Model governs matters within its express scope.","retain"]
["CC-1084","1084","Places ordinary payment expenses on the debtor.","expressly_preserved","retain","Contract Model Schedule 1B.3;4,39","Expressly preserved except to the extent the Contract Model determines a particular covered matter otherwise; preserved text is not repealed merely because the module adds general rules.","Code text remains relevant to earlier contracts. The Contract Model applies to new Saint Lucian-law contracts after its commencement and identified future performance validly adopted under section 39(4); the Reception Bill ends automatic future reception after its separate cut-off.","Direct Code text is not expressly substituted. Reception reform may still change the future source of supplemental law, and the Contract Model governs matters within its express scope.","retain"]
["CC-1085","1085","Distinguishes conventional from legal subrogation after third-person payment.","expressly_preserved","retain","Contract Model Schedule 1B.3;4,39","Expressly preserved except to the extent the Contract Model determines a particular covered matter otherwise; preserved text is not repealed merely because the module adds general rules.","Code text remains relevant to earlier contracts. The Contract Model applies to new Saint Lucian-law contracts after its commencement and identified future performance validly adopted under section 39(4); the Reception Bill ends automatic future reception after its separate cut-off.","Direct Code text is not expressly substituted. Reception reform may still change the future source of supplemental law, and the Contract Model governs matters within its express scope.","retain"]
["CC-1086","1086","Specifies agreement and formality requirements for conventional subrogation.","expressly_preserved","retain","Contract Model Schedule 1B.3;4,39","Expressly preserved except to the extent the Contract Model determines a particular covered matter otherwise; preserved text is not repealed merely because the module adds general rules.","Code text remains relevant to earlier contracts. The Contract Model applies to new Saint Lucian-law contracts after its commencement and identified future performance validly adopted under section 39(4); the Reception Bill ends automatic future reception after its separate cut-off.","Direct Code text is not expressly substituted. Reception reform may still change the future source of supplemental law, and the Contract Model governs matters within its express scope.","retain"]
["CC-1087","1087","Identifies legal subrogation situations, including co-liability and community funds.","expressly_preserved","retain","Contract Model Schedule 1B.3;4,39","Expressly preserved except to the extent the Contract Model determines a particular covered matter otherwise; preserved text is not repealed merely because the module adds general rules.","Code text remains relevant to earlier contracts. The Contract Model applies to new Saint Lucian-law contracts after its commencement and identified future performance validly adopted under section 39(4); the Reception Bill ends automatic future reception after its separate cut-off.","Direct Code text is not expressly substituted. Reception reform may still change the future source of supplemental law, and the Contract Model governs matters within its express scope.","retain"]
["CC-1088","1088","Protects an incompletely paid creditor's priority over the subrogated payer.","expressly_preserved","retain","Contract Model Schedule 1B.3;4,39","Expressly preserved except to the extent the Contract Model determines a particular covered matter otherwise; preserved text is not repealed merely because the module adds general rules.","Code text remains relevant to earlier contracts. The Contract Model applies to new Saint Lucian-law contracts after its commencement and identified future performance validly adopted under section 39(4); the Reception Bill ends automatic future reception after its separate cut-off.","Direct Code text is not expressly substituted. Reception reform may still change the future source of supplemental law, and the Contract Model governs matters within its express scope.","retain"]
["CC-1089","1089","Permits the debtor to identify the debt discharged by a payment.","expressly_preserved","retain","Contract Model Schedule 1B.3;4,39","Expressly preserved except to the extent the Contract Model determines a particular covered matter otherwise; preserved text is not repealed merely because the module adds general rules.","Code text remains relevant to earlier contracts. The Contract Model applies to new Saint Lucian-law contracts after its commencement and identified future performance validly adopted under section 39(4); the Reception Bill ends automatic future reception after its separate cut-off.","Direct Code text is not expressly substituted. Reception reform may still change the future source of supplemental law, and the Contract Model governs matters within its express scope.","retain"]
["CC-1090","1090","Ordinarily applies insufficient payment first to accrued interest or rent.","expressly_preserved","retain","Contract Model Schedule 1B.3;4,39","Expressly preserved except to the extent the Contract Model determines a particular covered matter otherwise; preserved text is not repealed merely because the module adds general rules.","Code text remains relevant to earlier contracts. The Contract Model applies to new Saint Lucian-law contracts after its commencement and identified future performance validly adopted under section 39(4); the Reception Bill ends automatic future reception after its separate cut-off.","Direct Code text is not expressly substituted. Reception reform may still change the future source of supplemental law, and the Contract Model governs matters within its express scope.","retain"]
["CC-1091","1091","Regulates the effect of accepting a creditor's allocation of payment.","expressly_preserved","retain","Contract Model Schedule 1B.3;4,39","Expressly preserved except to the extent the Contract Model determines a particular covered matter otherwise; preserved text is not repealed merely because the module adds general rules.","Code text remains relevant to earlier contracts. The Contract Model applies to new Saint Lucian-law contracts after its commencement and identified future performance validly adopted under section 39(4); the Reception Bill ends automatic future reception after its separate cut-off.","Direct Code text is not expressly substituted. Reception reform may still change the future source of supplemental law, and the Contract Model governs matters within its express scope.","retain"]
["CC-1092","1092","Supplies a hierarchy for allocating an undesignated payment among debts.","expressly_preserved","retain","Contract Model Schedule 1B.3;4,39","Expressly preserved except to the extent the Contract Model determines a particular covered matter otherwise; preserved text is not repealed merely because the module adds general rules.","Code text remains relevant to earlier contracts. The Contract Model applies to new Saint Lucian-law contracts after its commencement and identified future performance validly adopted under section 39(4); the Reception Bill ends automatic future reception after its separate cut-off.","Direct Code text is not expressly substituted. Reception reform may still change the future source of supplemental law, and the Contract Model governs matters within its express scope.","retain"]
["CC-1093","1093","Provides a tender-and-deposit route when the creditor refuses performance.","expressly_preserved","retain","Contract Model Schedule 1B.3;4,39","Expressly preserved except to the extent the Contract Model determines a particular covered matter otherwise; preserved text is not repealed merely because the module adds general rules.","Code text remains relevant to earlier contracts. The Contract Model applies to new Saint Lucian-law contracts after its commencement and identified future performance validly adopted under section 39(4); the Reception Bill ends automatic future reception after its separate cut-off.","Direct Code text is not expressly substituted. Reception reform may still change the future source of supplemental law, and the Contract Model governs matters within its express scope.","clarify"]
["CC-1094","1094","Specifies tender validity requirements, including the published text's reference to legal-tender coin.","expressly_preserved","retain","Contract Model Schedule 1B.3;4,39","Expressly preserved except to the extent the Contract Model determines a particular covered matter otherwise; preserved text is not repealed merely because the module adds general rules.","Code text remains relevant to earlier contracts. The Contract Model applies to new Saint Lucian-law contracts after its commencement and identified future performance validly adopted under section 39(4); the Reception Bill ends automatic future reception after its separate cut-off.","Direct Code text is not expressly substituted. Reception reform may still change the future source of supplemental law, and the Contract Model governs matters within its express scope.","clarify"]
["CC-1095","1095","Gives specified notices an effect equivalent to tender and permits Gazette notice in a stated absence case.","expressly_preserved","retain","Contract Model Schedule 1B.3;4,39","Expressly preserved except to the extent the Contract Model determines a particular covered matter otherwise; preserved text is not repealed merely because the module adds general rules.","Code text remains relevant to earlier contracts. The Contract Model applies to new Saint Lucian-law contracts after its commencement and identified future performance validly adopted under section 39(4); the Reception Bill ends automatic future reception after its separate cut-off.","Direct Code text is not expressly substituted. Reception reform may still change the future source of supplemental law, and the Contract Model governs matters within its express scope.","clarify"]
["CC-1096","1096","Regulates tender and safekeeping of specific things, including difficult-to-transport goods.","expressly_preserved","retain","Contract Model Schedule 1B.3;4,39","Expressly preserved except to the extent the Contract Model determines a particular covered matter otherwise; preserved text is not repealed merely because the module adds general rules.","Code text remains relevant to earlier contracts. The Contract Model applies to new Saint Lucian-law contracts after its commencement and identified future performance validly adopted under section 39(4); the Reception Bill ends automatic future reception after its separate cut-off.","Direct Code text is not expressly substituted. Reception reform may still change the future source of supplemental law, and the Contract Model governs matters within its express scope.","clarify"]
["CC-1097","1097","Permits court-approved withdrawal of unaccepted tender or deposit, preserving co-debtor and surety exposure.","expressly_preserved","retain","Contract Model Schedule 1B.3;4,39","Expressly preserved except to the extent the Contract Model determines a particular covered matter otherwise; preserved text is not repealed merely because the module adds general rules.","Code text remains relevant to earlier contracts. The Contract Model applies to new Saint Lucian-law contracts after its commencement and identified future performance validly adopted under section 39(4); the Reception Bill ends automatic future reception after its separate cut-off.","Direct Code text is not expressly substituted. Reception reform may still change the future source of supplemental law, and the Contract Model governs matters within its express scope.","clarify"]
["CC-1098","1098","Protects third persons against withdrawal after judicial validation of tender and deposit.","expressly_preserved","retain","Contract Model Schedule 1B.3;4,39","Expressly preserved except to the extent the Contract Model determines a particular covered matter otherwise; preserved text is not repealed merely because the module adds general rules.","Code text remains relevant to earlier contracts. The Contract Model applies to new Saint Lucian-law contracts after its commencement and identified future performance validly adopted under section 39(4); the Reception Bill ends automatic future reception after its separate cut-off.","Direct Code text is not expressly substituted. Reception reform may still change the future source of supplemental law, and the Contract Model governs matters within its express scope.","clarify"]
["CC-1099","1099","Refers tender and deposit procedure to the Code of Civil Procedure.","expressly_preserved","retain","Contract Model Schedule 1B.3;4,39","Expressly preserved except to the extent the Contract Model determines a particular covered matter otherwise; preserved text is not repealed merely because the module adds general rules.","Code text remains relevant to earlier contracts. The Contract Model applies to new Saint Lucian-law contracts after its commencement and identified future performance validly adopted under section 39(4); the Reception Bill ends automatic future reception after its separate cut-off.","Direct Code text is not expressly substituted. Reception reform may still change the future source of supplemental law, and the Contract Model governs matters within its express scope.","clarify"]
["CC-1100","1100","Defines novation through replacement of the debt, debtor or creditor.","unchanged_for_now","retain","Contract Model 4(4)-(6); Reception Bill 10,14,18","No express textual substitution of this article in either model Schedule 1. It remains part of the applicable baseline, subject to matters expressly determined by the module and subsequent domestic law.","Code text remains relevant to earlier contracts. The Contract Model applies to new Saint Lucian-law contracts after its commencement and identified future performance validly adopted under section 39(4); the Reception Bill ends automatic future reception after its separate cut-off.","Direct Code text is not expressly substituted. Reception reform may still change the future source of supplemental law, and the Contract Model governs matters within its express scope.","retain"]
["CC-1101","1101","Requires contractual capacity for novation.","unchanged_for_now","retain","Contract Model 4(4)-(6); Reception Bill 10,14,18","No express textual substitution of this article in either model Schedule 1. It remains part of the applicable baseline, subject to matters expressly determined by the module and subsequent domestic law.","Code text remains relevant to earlier contracts. The Contract Model applies to new Saint Lucian-law contracts after its commencement and identified future performance validly adopted under section 39(4); the Reception Bill ends automatic future reception after its separate cut-off.","Direct Code text is not expressly substituted. Reception reform may still change the future source of supplemental law, and the Contract Model governs matters within its express scope.","retain"]
["CC-1102","1102","Requires an evident intention to novate rather than presuming replacement.","unchanged_for_now","retain","Contract Model 4(4)-(6); Reception Bill 10,14,18","No express textual substitution of this article in either model Schedule 1. It remains part of the applicable baseline, subject to matters expressly determined by the module and subsequent domestic law.","Code text remains relevant to earlier contracts. The Contract Model applies to new Saint Lucian-law contracts after its commencement and identified future performance validly adopted under section 39(4); the Reception Bill ends automatic future reception after its separate cut-off.","Direct Code text is not expressly substituted. Reception reform may still change the future source of supplemental law, and the Contract Model governs matters within its express scope.","retain"]
["CC-1103","1103","Allows substitution of a new debtor without the old debtor's concurrence.","unchanged_for_now","retain","Contract Model 4(4)-(6); Reception Bill 10,14,18","No express textual substitution of this article in either model Schedule 1. It remains part of the applicable baseline, subject to matters expressly determined by the module and subsequent domestic law.","Code text remains relevant to earlier contracts. The Contract Model applies to new Saint Lucian-law contracts after its commencement and identified future performance validly adopted under section 39(4); the Reception Bill ends automatic future reception after its separate cut-off.","Direct Code text is not expressly substituted. Reception reform may still change the future source of supplemental law, and the Contract Model governs matters within its express scope.","retain"]
["CC-1104","1104","Delegating a new debtor does not discharge the old one without evident creditor intention.","unchanged_for_now","retain","Contract Model 4(4)-(6); Reception Bill 10,14,18","No express textual substitution of this article in either model Schedule 1. It remains part of the applicable baseline, subject to matters expressly determined by the module and subsequent domestic law.","Code text remains relevant to earlier contracts. The Contract Model applies to new Saint Lucian-law contracts after its commencement and identified future performance validly adopted under section 39(4); the Reception Bill ends automatic future reception after its separate cut-off.","Direct Code text is not expressly substituted. Reception reform may still change the future source of supplemental law, and the Contract Model governs matters within its express scope.","retain"]
["CC-1105","1105","Distinguishes payment instructions and assignment from novation.","unchanged_for_now","retain","Contract Model 4(4)-(6); Reception Bill 10,14,18","No express textual substitution of this article in either model Schedule 1. It remains part of the applicable baseline, subject to matters expressly determined by the module and subsequent domestic law.","Code text remains relevant to earlier contracts. The Contract Model applies to new Saint Lucian-law contracts after its commencement and identified future performance validly adopted under section 39(4); the Reception Bill ends automatic future reception after its separate cut-off.","Direct Code text is not expressly substituted. Reception reform may still change the future source of supplemental law, and the Contract Model governs matters within its express scope.","retain"]
["CC-1106","1106","Limits recourse against a discharged original debtor following the substitute's insolvency.","unchanged_for_now","retain","Contract Model 4(4)-(6); Reception Bill 10,14,18","No express textual substitution of this article in either model Schedule 1. It remains part of the applicable baseline, subject to matters expressly determined by the module and subsequent domestic law.","Code text remains relevant to earlier contracts. The Contract Model applies to new Saint Lucian-law contracts after its commencement and identified future performance validly adopted under section 39(4); the Reception Bill ends automatic future reception after its separate cut-off.","Direct Code text is not expressly substituted. Reception reform may still change the future source of supplemental law, and the Contract Model governs matters within its express scope.","retain"]
["CC-1107","1107","Requires reservation to carry specified security from the old debt to its replacement.","unchanged_for_now","retain","Contract Model 4(4)-(6); Reception Bill 10,14,18","No express textual substitution of this article in either model Schedule 1. It remains part of the applicable baseline, subject to matters expressly determined by the module and subsequent domestic law.","Code text remains relevant to earlier contracts. The Contract Model applies to new Saint Lucian-law contracts after its commencement and identified future performance validly adopted under section 39(4); the Reception Bill ends automatic future reception after its separate cut-off.","Direct Code text is not expressly substituted. Reception reform may still change the future source of supplemental law, and the Contract Model governs matters within its express scope.","retain"]
["CC-1108","1108","Protects old and new debtors' property against unconsented transfer of security on novation.","unchanged_for_now","retain","Contract Model 4(4)-(6); Reception Bill 10,14,18","No express textual substitution of this article in either model Schedule 1. It remains part of the applicable baseline, subject to matters expressly determined by the module and subsequent domestic law.","Code text remains relevant to earlier contracts. The Contract Model applies to new Saint Lucian-law contracts after its commencement and identified future performance validly adopted under section 39(4); the Reception Bill ends automatic future reception after its separate cut-off.","Direct Code text is not expressly substituted. Reception reform may still change the future source of supplemental law, and the Contract Model governs matters within its express scope.","retain"]
["CC-1109","1109","Limits retained security following novation with one co-debtor.","unchanged_for_now","retain","Contract Model 4(4)-(6); Reception Bill 10,14,18","No express textual substitution of this article in either model Schedule 1. It remains part of the applicable baseline, subject to matters expressly determined by the module and subsequent domestic law.","Code text remains relevant to earlier contracts. The Contract Model applies to new Saint Lucian-law contracts after its commencement and identified future performance validly adopted under section 39(4); the Reception Bill ends automatic future reception after its separate cut-off.","Direct Code text is not expressly substituted. Reception reform may still change the future source of supplemental law, and the Contract Model governs matters within its express scope.","retain"]
["CC-1110","1110","Regulates discharge of co-debtors and sureties on novation, including consent qualifications.","unchanged_for_now","retain","Contract Model 4(4)-(6); Reception Bill 10,14,18","No express textual substitution of this article in either model Schedule 1. It remains part of the applicable baseline, subject to matters expressly determined by the module and subsequent domestic law.","Code text remains relevant to earlier contracts. The Contract Model applies to new Saint Lucian-law contracts after its commencement and identified future performance validly adopted under section 39(4); the Reception Bill ends automatic future reception after its separate cut-off.","Direct Code text is not expressly substituted. Reception reform may still change the future source of supplemental law, and the Contract Model governs matters within its express scope.","retain"]
["CC-1111","1111","Limits a delegated debtor's defences against the new creditor, subject to specified exceptions.","unchanged_for_now","retain","Contract Model 4(4)-(6); Reception Bill 10,14,18","No express textual substitution of this article in either model Schedule 1. It remains part of the applicable baseline, subject to matters expressly determined by the module and subsequent domestic law.","Code text remains relevant to earlier contracts. The Contract Model applies to new Saint Lucian-law contracts after its commencement and identified future performance validly adopted under section 39(4); the Reception Bill ends automatic future reception after its separate cut-off.","Direct Code text is not expressly substituted. Reception reform may still change the future source of supplemental law, and the Contract Model governs matters within its express scope.","retain"]
["CC-1112","1112","Permits express or implied release and addresses surrender of primary evidence.","unchanged_for_now","retain","Contract Model 4(4)-(6); Reception Bill 10,14,18","No express textual substitution of this article in either model Schedule 1. It remains part of the applicable baseline, subject to matters expressly determined by the module and subsequent domestic law.","Code text remains relevant to earlier contracts. The Contract Model applies to new Saint Lucian-law contracts after its commencement and identified future performance validly adopted under section 39(4); the Reception Bill ends automatic future reception after its separate cut-off.","Direct Code text is not expressly substituted. Reception reform may still change the future source of supplemental law, and the Contract Model governs matters within its express scope.","retain"]
["CC-1113","1113","Surrender of a pledge alone does not imply release of the debt.","unchanged_for_now","retain","Contract Model 4(4)-(6); Reception Bill 10,14,18","No express textual substitution of this article in either model Schedule 1. It remains part of the applicable baseline, subject to matters expressly determined by the module and subsequent domestic law.","Code text remains relevant to earlier contracts. The Contract Model applies to new Saint Lucian-law contracts after its commencement and identified future performance validly adopted under section 39(4); the Reception Bill ends automatic future reception after its separate cut-off.","Direct Code text is not expressly substituted. Reception reform may still change the future source of supplemental law, and the Contract Model governs matters within its express scope.","retain"]
["CC-1114","1114","Surrender of primary debt evidence to one co-debtor can benefit the others.","unchanged_for_now","retain","Contract Model 4(4)-(6); Reception Bill 10,14,18","No express textual substitution of this article in either model Schedule 1. It remains part of the applicable baseline, subject to matters expressly determined by the module and subsequent domestic law.","Code text remains relevant to earlier contracts. The Contract Model applies to new Saint Lucian-law contracts after its commencement and identified future performance validly adopted under section 39(4); the Reception Bill ends automatic future reception after its separate cut-off.","Direct Code text is not expressly substituted. Reception reform may still change the future source of supplemental law, and the Contract Model governs matters within its express scope.","retain"]
["CC-1115","1115","A release of one co-debtor reduces the claim by that debtor's share without necessarily discharging the others.","unchanged_for_now","retain","Contract Model 4(4)-(6); Reception Bill 10,14,18","No express textual substitution of this article in either model Schedule 1. It remains part of the applicable baseline, subject to matters expressly determined by the module and subsequent domestic law.","Code text remains relevant to earlier contracts. The Contract Model applies to new Saint Lucian-law contracts after its commencement and identified future performance validly adopted under section 39(4); the Reception Bill ends automatic future reception after its separate cut-off.","Direct Code text is not expressly substituted. Reception reform may still change the future source of supplemental law, and the Contract Model governs matters within its express scope.","retain"]
["CC-1116","1116","Distinguishes release of a principal debtor from release of one or more sureties.","unchanged_for_now","retain","Contract Model 4(4)-(6); Reception Bill 10,14,18","No express textual substitution of this article in either model Schedule 1. It remains part of the applicable baseline, subject to matters expressly determined by the module and subsequent domestic law.","Code text remains relevant to earlier contracts. The Contract Model applies to new Saint Lucian-law contracts after its commencement and identified future performance validly adopted under section 39(4); the Reception Bill ends automatic future reception after its separate cut-off.","Direct Code text is not expressly substituted. Reception reform may still change the future source of supplemental law, and the Contract Model governs matters within its express scope.","retain"]
["CC-1117","1117","Defines set-off as extinguishing reciprocal debts in the specified cases.","unchanged_for_now","retain","Contract Model 4(4)-(6); Reception Bill 10,14,18","No express textual substitution of this article in either model Schedule 1. It remains part of the applicable baseline, subject to matters expressly determined by the module and subsequent domestic law.","Code text remains relevant to earlier contracts. The Contract Model applies to new Saint Lucian-law contracts after its commencement and identified future performance validly adopted under section 39(4); the Reception Bill ends automatic future reception after its separate cut-off.","Direct Code text is not expressly substituted. Reception reform may still change the future source of supplemental law, and the Contract Model governs matters within its express scope.","retain"]
["CC-1118","1118","Sets conditions for automatic set-off of due, liquidated and matching kinds of obligation.","unchanged_for_now","retain","Contract Model 4(4)-(6); Reception Bill 10,14,18","No express textual substitution of this article in either model Schedule 1. It remains part of the applicable baseline, subject to matters expressly determined by the module and subsequent domestic law.","Code text remains relevant to earlier contracts. The Contract Model applies to new Saint Lucian-law contracts after its commencement and identified future performance validly adopted under section 39(4); the Reception Bill ends automatic future reception after its separate cut-off.","Direct Code text is not expressly substituted. Reception reform may still change the future source of supplemental law, and the Contract Model governs matters within its express scope.","retain"]
["CC-1119","1119","A period allowed as indulgence does not prevent set-off.","unchanged_for_now","retain","Contract Model 4(4)-(6); Reception Bill 10,14,18","No express textual substitution of this article in either model Schedule 1. It remains part of the applicable baseline, subject to matters expressly determined by the module and subsequent domestic law.","Code text remains relevant to earlier contracts. The Contract Model applies to new Saint Lucian-law contracts after its commencement and identified future performance validly adopted under section 39(4); the Reception Bill ends automatic future reception after its separate cut-off.","Direct Code text is not expressly substituted. Reception reform may still change the future source of supplemental law, and the Contract Model governs matters within its express scope.","retain"]
["CC-1120","1120","Excludes specified restitution, deposit and protected maintenance obligations from set-off.","unchanged_for_now","retain","Contract Model 4(4)-(6); Reception Bill 10,14,18","No express textual substitution of this article in either model Schedule 1. It remains part of the applicable baseline, subject to matters expressly determined by the module and subsequent domestic law.","Code text remains relevant to earlier contracts. The Contract Model applies to new Saint Lucian-law contracts after its commencement and identified future performance validly adopted under section 39(4); the Reception Bill ends automatic future reception after its separate cut-off.","Direct Code text is not expressly substituted. Reception reform may still change the future source of supplemental law, and the Contract Model governs matters within its express scope.","retain"]
["CC-1121","1121","Regulates set-off between creditor, principal debtor, surety and co-debtors.","unchanged_for_now","retain","Contract Model 4(4)-(6); Reception Bill 10,14,18","No express textual substitution of this article in either model Schedule 1. It remains part of the applicable baseline, subject to matters expressly determined by the module and subsequent domestic law.","Code text remains relevant to earlier contracts. The Contract Model applies to new Saint Lucian-law contracts after its commencement and identified future performance validly adopted under section 39(4); the Reception Bill ends automatic future reception after its separate cut-off.","Direct Code text is not expressly substituted. Reception reform may still change the future source of supplemental law, and the Contract Model governs matters within its express scope.","retain"]
["CC-1122","1122","Regulates set-off following acceptance or notification of an assignment.","unchanged_for_now","retain","Contract Model 4(4)-(6); Reception Bill 10,14,18","No express textual substitution of this article in either model Schedule 1. It remains part of the applicable baseline, subject to matters expressly determined by the module and subsequent domestic law.","Code text remains relevant to earlier contracts. The Contract Model applies to new Saint Lucian-law contracts after its commencement and identified future performance validly adopted under section 39(4); the Reception Bill ends automatic future reception after its separate cut-off.","Direct Code text is not expressly substituted. Reception reform may still change the future source of supplemental law, and the Contract Model governs matters within its express scope.","retain"]
["CC-1123","1123","Allows for remittance expense when debts are payable in different places.","unchanged_for_now","retain","Contract Model 4(4)-(6); Reception Bill 10,14,18","No express textual substitution of this article in either model Schedule 1. It remains part of the applicable baseline, subject to matters expressly determined by the module and subsequent domestic law.","Code text remains relevant to earlier contracts. The Contract Model applies to new Saint Lucian-law contracts after its commencement and identified future performance validly adopted under section 39(4); the Reception Bill ends automatic future reception after its separate cut-off.","Direct Code text is not expressly substituted. Reception reform may still change the future source of supplemental law, and the Contract Model governs matters within its express scope.","retain"]
["CC-1124","1124","Provides a pleading-based route when automatic set-off is prevented for specified reasons.","unchanged_for_now","retain","Contract Model 4(4)-(6); Reception Bill 10,14,18","No express textual substitution of this article in either model Schedule 1. It remains part of the applicable baseline, subject to matters expressly determined by the module and subsequent domestic law.","Code text remains relevant to earlier contracts. The Contract Model applies to new Saint Lucian-law contracts after its commencement and identified future performance validly adopted under section 39(4); the Reception Bill ends automatic future reception after its separate cut-off.","Direct Code text is not expressly substituted. Reception reform may still change the future source of supplemental law, and the Contract Model governs matters within its express scope.","retain"]
["CC-1125","1125","Applies payment-allocation rules to multiple debts eligible for set-off.","unchanged_for_now","retain","Contract Model 4(4)-(6); Reception Bill 10,14,18","No express textual substitution of this article in either model Schedule 1. It remains part of the applicable baseline, subject to matters expressly determined by the module and subsequent domestic law.","Code text remains relevant to earlier contracts. The Contract Model applies to new Saint Lucian-law contracts after its commencement and identified future performance validly adopted under section 39(4); the Reception Bill ends automatic future reception after its separate cut-off.","Direct Code text is not expressly substituted. Reception reform may still change the future source of supplemental law, and the Contract Model governs matters within its express scope.","retain"]
["CC-1126","1126","Protects third-person rights against set-off.","unchanged_for_now","retain","Contract Model 4(4)-(6); Reception Bill 10,14,18","No express textual substitution of this article in either model Schedule 1. It remains part of the applicable baseline, subject to matters expressly determined by the module and subsequent domestic law.","Code text remains relevant to earlier contracts. The Contract Model applies to new Saint Lucian-law contracts after its commencement and identified future performance validly adopted under section 39(4); the Reception Bill ends automatic future reception after its separate cut-off.","Direct Code text is not expressly substituted. Reception reform may still change the future source of supplemental law, and the Contract Model governs matters within its express scope.","retain"]
["CC-1127","1127","Limits recovery advantages after payment of a debt already extinguished by set-off.","unchanged_for_now","retain","Contract Model 4(4)-(6); Reception Bill 10,14,18","No express textual substitution of this article in either model Schedule 1. It remains part of the applicable baseline, subject to matters expressly determined by the module and subsequent domestic law.","Code text remains relevant to earlier contracts. The Contract Model applies to new Saint Lucian-law contracts after its commencement and identified future performance validly adopted under section 39(4); the Reception Bill ends automatic future reception after its separate cut-off.","Direct Code text is not expressly substituted. Reception reform may still change the future source of supplemental law, and the Contract Model governs matters within its express scope.","retain"]
["CC-1127A","1127A","Separately extends permissible set-off to cases recognised by English law.","source_reference_replaced","reform","Reception Bill 32, Schedule 1.5; sections 4,6-9,16-20","Preserves additional set-off cases but replaces the separate English source rule with retained and subsequent domestic law.","Source change operates from the Reception Bill cut-off, including determinations concerning earlier matters; historical versions and accrued positions are preserved subject to sections 16-20. No entitlement to automatic post-cut-off English updates survives.","Only the specified source connection is replaced. Its former subject limits and express domestic priority remain; this is not wholesale replacement of capacity, lesion, quasi-contract or set-off law.","clarify"]
["CC-1128","1128","Merger of debtor and creditor positions can extinguish an obligation, with qualifications if the merger ceases.","unchanged_for_now","retain","Contract Model 4(4)-(6); Reception Bill 10,14,18","No express textual substitution of this article in either model Schedule 1. It remains part of the applicable baseline, subject to matters expressly determined by the module and subsequent domestic law.","Code text remains relevant to earlier contracts. The Contract Model applies to new Saint Lucian-law contracts after its commencement and identified future performance validly adopted under section 39(4); the Reception Bill ends automatic future reception after its separate cut-off.","Direct Code text is not expressly substituted. Reception reform may still change the future source of supplemental law, and the Contract Model governs matters within its express scope.","retain"]
["CC-1129","1129","Regulates the effect of merger on principal debtors, sureties and co-debtors.","unchanged_for_now","retain","Contract Model 4(4)-(6); Reception Bill 10,14,18","No express textual substitution of this article in either model Schedule 1. It remains part of the applicable baseline, subject to matters expressly determined by the module and subsequent domestic law.","Code text remains relevant to earlier contracts. The Contract Model applies to new Saint Lucian-law contracts after its commencement and identified future performance validly adopted under section 39(4); the Reception Bill ends automatic future reception after its separate cut-off.","Direct Code text is not expressly substituted. Reception reform may still change the future source of supplemental law, and the Contract Model governs matters within its express scope.","retain"]
["CC-1130","1130","Allocates extinction following loss or impossible delivery, with fault, default, assumed-risk and stolen-property qualifications.","conditional_substitution","mixed","Contract Model Schedule 1A.5; sections 33-35, especially 34(6);4(2)","Replaces the general contractual loss/impossibility rule with impediment and frustration tests; specific accidental-loss rules and non-contractual applications survive.","Conditional only: Contract Model sections 1(3),2(1),(5),39. Earlier contracts retain otherwise applicable substantive law unless all parties validly adopt the module for identified future performance; the Reception Bill still ends automatic future reception at its cut-off.","Only the general contractual matter identified in Schedule 1 is substituted. Specific statutory regimes prevail; quasi-contracts, torts and other non-contractual applications are not repealed (Contract Model 4(2),(6), Schedule 1B.5).","clarify"]
["CC-1131","1131","Requires transfer of relevant indemnity rights after non-fault impossibility.","expressly_preserved","clarify","Contract Model 35(3), Schedule 1A.5","Assignment of indemnity rights is expressly preserved and coordinated with special rules and frustration adjustments to prevent duplicate recovery.","Code text remains relevant to earlier contracts. The Contract Model applies to new Saint Lucian-law contracts after its commencement and identified future performance validly adopted under section 39(4); the Reception Bill ends automatic future reception after its separate cut-off.","Direct Code text is not expressly substituted. Reception reform may still change the future source of supplemental law, and the Contract Model governs matters within its express scope.","retain"]
["CC-1132","1132","Discharges non-fault impossible performance before default while requiring payment for benefits from partial performance.","conditional_substitution","mixed","Contract Model Schedule 1A.5; sections 33-35, especially 35(1)-(3)","Replaces the general contractual discharge and partial-benefit statement while leaving financial adjustment to retained 1132A/B and indemnity assignment to 1131.","Conditional only: Contract Model sections 1(3),2(1),(5),39. Earlier contracts retain otherwise applicable substantive law unless all parties validly adopt the module for identified future performance; the Reception Bill still ends automatic future reception at its cut-off.","Only the general contractual matter identified in Schedule 1 is substituted. Specific statutory regimes prevail; quasi-contracts, torts and other non-contractual applications are not repealed (Contract Model 4(2),(6), Schedule 1B.5).","clarify"]
["CC-1132A","1132A","Provides adjustment of money, expenses and valuable benefits following qualifying frustration or impossibility.","expressly_preserved","mixed","Contract Model 34-35, Schedule 1A.5,B.2;4(2)","Existing financial-adjustment rules and exclusions survive, but section 34 supplies the general discharge trigger for covered contracts; section 24 is kept separate.","Code text remains relevant to earlier contracts. The Contract Model applies to new Saint Lucian-law contracts after its commencement and identified future performance validly adopted under section 39(4); the Reception Bill ends automatic future reception after its separate cut-off.","Direct Code text is not expressly substituted. Reception reform may still change the future source of supplemental law, and the Contract Model governs matters within its express scope.","clarify"]
["CC-1132B","1132B","Applies frustration adjustment to Crown contracts, preserves risk allocation and severability, and excludes specified contract classes.","expressly_preserved","mixed","Contract Model 34-35, Schedule 1A.5,B.2;4(2)","Existing financial-adjustment rules and exclusions survive, but section 34 supplies the general discharge trigger for covered contracts; section 24 is kept separate.","Code text remains relevant to earlier contracts. The Contract Model applies to new Saint Lucian-law contracts after its commencement and identified future performance validly adopted under section 39(4); the Reception Bill ends automatic future reception after its separate cut-off.","Direct Code text is not expressly substituted. Reception reform may still change the future source of supplemental law, and the Contract Model governs matters within its express scope.","retain"]
["CC-1133","1133","Allocates proof of an obligation and proof of facts avoiding or extinguishing it.","expressly_preserved","retain","Contract Model Schedule 1B.3;4,39","Expressly preserved except to the extent the Contract Model determines a particular covered matter otherwise; preserved text is not repealed merely because the module adds general rules.","Code text remains relevant to earlier contracts. The Contract Model applies to new Saint Lucian-law contracts after its commencement and identified future performance validly adopted under section 39(4); the Reception Bill ends automatic future reception after its separate cut-off.","Direct Code text is not expressly substituted. Reception reform may still change the future source of supplemental law, and the Contract Model governs matters within its express scope.","retain"]
["CC-1134","1134","States a primary-evidence rule and conditions for secondary evidence.","expressly_preserved","retain","Contract Model Schedule 1B.3;4,39","Expressly preserved except to the extent the Contract Model determines a particular covered matter otherwise; preserved text is not repealed merely because the module adds general rules.","Code text remains relevant to earlier contracts. The Contract Model applies to new Saint Lucian-law contracts after its commencement and identified future performance validly adopted under section 39(4); the Reception Bill ends automatic future reception after its separate cut-off.","Direct Code text is not expressly substituted. Reception reform may still change the future source of supplemental law, and the Contract Model governs matters within its express scope.","retain"]
["CC-1135","1135","Identifies evidential methods and cross-refers procedural requirements.","expressly_preserved","retain","Contract Model Schedule 1B.3;4,39","Expressly preserved except to the extent the Contract Model determines a particular covered matter otherwise; preserved text is not repealed merely because the module adds general rules.","Code text remains relevant to earlier contracts. The Contract Model applies to new Saint Lucian-law contracts after its commencement and identified future performance validly adopted under section 39(4); the Reception Bill ends automatic future reception after its separate cut-off.","Direct Code text is not expressly substituted. Reception reform may still change the future source of supplemental law, and the Contract Model governs matters within its express scope.","retain"]
["CC-1136","1136","Extends appropriate proof rules to commercial affairs.","expressly_preserved","retain","Contract Model Schedule 1B.3;4,39","Expressly preserved except to the extent the Contract Model determines a particular covered matter otherwise; preserved text is not repealed merely because the module adds general rules.","Code text remains relevant to earlier contracts. The Contract Model applies to new Saint Lucian-law contracts after its commencement and identified future performance validly adopted under section 39(4); the Reception Bill ends automatic future reception after its separate cut-off.","Direct Code text is not expressly substituted. Reception reform may still change the future source of supplemental law, and the Contract Model governs matters within its express scope.","retain"]
["CC-1137","1137","Separately refers evidential gaps to English evidence law, subject to Code and other statutory provisions.","expressly_preserved","retain","Reception Bill 5(4); Contract Model 38(3),Schedule 1B.3","The independent evidence-law connection and protected proof chapter remain, subject to applicable evidence legislation; this package does not freeze all English evidence law.","Code text remains relevant to earlier contracts. The Contract Model applies to new Saint Lucian-law contracts after its commencement and identified future performance validly adopted under section 39(4); the Reception Bill ends automatic future reception after its separate cut-off.","Evidence connection is outside the specified-source freeze and is subject to express Code and later statutory evidence rules.","retain"]
["CC-2203","2203","Preserves accrued positions and proceedings against the repeals effected by the 1956 amendment; it is not a general savings rule for every future English change.","interface_only","clarify","Reception Bill 16-20; Contract Model 39","Historical 1956 savings text is not amended or used as a universal savings clause; the package enacts its own temporal regime.","Code text remains relevant to earlier contracts. The Contract Model applies to new Saint Lucian-law contracts after its commencement and identified future performance validly adopted under section 39(4); the Reception Bill ends automatic future reception after its separate cut-off.","Direct Code text is not expressly substituted. Reception reform may still change the future source of supplemental law, and the Contract Model governs matters within its express scope.","retain"]